129.212.176.13 - - [21/Jan/2026:21:20:39 +0300] "GET /wp-login.php?redirect_to=https%3A%2F%2Feliteewallet.com%2Fwp-admin%2Findex.php&reauth=1 HTTP/1.1" 200 2208 "https://eliteewallet.com/wp-login.php" "Mozilla/5.0 (Windows NT 6.1; Win64; x64; rv:91.0) Gecko/20100101 Firefox/91.0"
129.212.176.13 - - [21/Jan/2026:21:20:04 +0300] "GET /wp-login.php?redirect_to=https%3A%2F%2Feliteewallet.com%2Fwp-admin%2Findex.php&reauth=1 HTTP/1.1" 200 2208 "https://eliteewallet.com/wp-login.php" "Mozilla/5.0 (Windows NT 10.0; Win64; x64) AppleWebKit/537.36 (KHTML, like Gecko) Chrome/90.0.4430.212 Safari/537.36"
57.128.52.136 - - [21/Jan/2026:21:20:15 +0300] "POST /wp-admin/admin-ajax.php?action=as_async_request_queue_runner&nonce=1ee81f1e13 HTTP/1.1" 200 0 "-" "WordPress/6.9; https://eliteewallet.com"
129.212.176.13 - - [21/Jan/2026:21:20:58 +0300] "POST /wp-login.php HTTP/1.1" 200 2358 "https://eliteewallet.com/wp-login.php" "Mozilla/5.0 (Macintosh; Intel Mac OS X 10_15_7) AppleWebKit/537.36 (KHTML, like Gecko) Chrome/91.0.4472.124 Safari/537.36"
129.212.176.13 - - [21/Jan/2026:21:21:00 +0300] "GET /wp-admin/index.php HTTP/1.1" 302 0 "https://eliteewallet.com/wp-login.php" "Mozilla/5.0 (Windows NT 10.0; Win64; x64) AppleWebKit/605.1.15 (KHTML, like Gecko) Version/14.1.2 Safari/605.1.15"
129.212.176.13 - - [21/Jan/2026:21:21:05 +0300] "GET /wp-admin/index.php HTTP/1.1" 302 0 "https://eliteewallet.com/wp-login.php" "Mozilla/5.0 (Windows NT 10.0; Win64; x64) AppleWebKit/605.1.15 (KHTML, like Gecko) Version/14.1.2 Safari/605.1.15"
129.212.176.13 - - [21/Jan/2026:21:21:10 +0300] "POST /wp-login.php HTTP/1.1" 200 2358 "https://eliteewallet.com/wp-login.php" "Mozilla/5.0 (X11; Linux x86_64) AppleWebKit/537.36 (KHTML, like Gecko) Chrome/90.0.4430.212 Safari/537.36"
129.212.176.13 - - [21/Jan/2026:21:21:16 +0300] "GET /wp-admin/index.php HTTP/1.1" 302 0 "https://eliteewallet.com/wp-login.php" "Mozilla/5.0 (Windows NT 10.0; Win64; x64) AppleWebKit/605.1.15 (KHTML, like Gecko) Version/15.0 Safari/605.1.15"
129.212.176.13 - - [21/Jan/2026:21:21:27 +0300] "POST /wp-login.php HTTP/1.1" 200 2358 "https://eliteewallet.com/wp-login.php" "Mozilla/5.0 (Windows NT 10.0; Win64; x64) AppleWebKit/605.1.15 (KHTML, like Gecko) Version/14.0.3 Safari/605.1.15"
129.212.176.13 - - [21/Jan/2026:21:21:30 +0300] "GET /wp-admin/index.php HTTP/1.1" 302 0 "https://eliteewallet.com/wp-login.php" "Mozilla/5.0 (Windows NT 6.1; Win64; x64; rv:91.0) Gecko/20100101 Firefox/91.0"
129.212.176.13 - - [21/Jan/2026:21:21:34 +0300] "GET /wp-login.php?redirect_to=https%3A%2F%2Feliteewallet.com%2Fwp-admin%2Findex.php&reauth=1 HTTP/1.1" 200 2208 "https://eliteewallet.com/wp-login.php" "Mozilla/5.0 (Windows NT 6.1; Win64; x64; rv:91.0) Gecko/20100101 Firefox/91.0"
129.212.176.13 - - [21/Jan/2026:21:21:37 +0300] "GET /wp-admin/index.php HTTP/1.1" 302 0 "https://eliteewallet.com/wp-login.php" "Mozilla/5.0 (Windows NT 6.1; Win64; x64; rv:91.0) Gecko/20100101 Firefox/91.0"
57.128.52.136 - - [21/Jan/2026:21:21:40 +0300] "POST /wp-cron.php?doing_wp_cron=1769019700.3338820934295654296875 HTTP/1.1" 200 0 "-" "WordPress/6.9; https://eliteewallet.com"
129.212.176.13 - - [21/Jan/2026:21:21:40 +0300] "GET /wp-login.php?redirect_to=https%3A%2F%2Feliteewallet.com%2Fwp-admin%2Findex.php&reauth=1 HTTP/1.1" 200 2208 "https://eliteewallet.com/wp-login.php" "Mozilla/5.0 (Windows NT 6.1; Win64; x64; rv:91.0) Gecko/20100101 Firefox/91.0"
129.212.176.13 - - [21/Jan/2026:21:21:44 +0300] "POST /wp-login.php HTTP/1.1" 200 2358 "https://eliteewallet.com/wp-login.php" "Mozilla/5.0 (Windows NT 10.0; Win64; x64; rv:91.0) Gecko/20100101 Firefox/91.0"
129.212.176.13 - - [21/Jan/2026:21:21:47 +0300] "GET /wp-admin/index.php HTTP/1.1" 302 0 "https://eliteewallet.com/wp-login.php" "Mozilla/5.0 (Windows NT 10.0; Win64; x64; rv:90.0) Gecko/20100101 Firefox/90.0.1"
57.128.52.136 - - [21/Jan/2026:21:21:55 +0300] "POST /wp-cron.php?doing_wp_cron=1769019715.4928269386291503906250 HTTP/1.1" 200 0 "-" "WordPress/6.9; https://eliteewallet.com"
57.128.52.136 - - [21/Jan/2026:21:21:39 +0300] "POST /wp-admin/admin-ajax.php?action=as_async_request_queue_runner&nonce=1ee81f1e13 HTTP/1.1" 200 0 "-" "WordPress/6.9; https://eliteewallet.com"
129.212.176.13 - - [21/Jan/2026:21:20:42 +0300] "POST /wp-login.php HTTP/1.1" 200 2358 "https://eliteewallet.com/wp-login.php" "Mozilla/5.0 (Macintosh; Intel Mac OS X 10_15_7) AppleWebKit/537.36 (KHTML, like Gecko) Chrome/91.0.4472.124 Safari/537.36"
129.212.176.13 - - [21/Jan/2026:21:20:45 +0300] "GET /wp-admin/index.php HTTP/1.1" 302 0 "https://eliteewallet.com/wp-login.php" "Mozilla/5.0 (Windows NT 6.1; Win64; x64; rv:91.0) Gecko/20100101 Firefox/91.0"
129.212.176.13 - - [21/Jan/2026:21:20:48 +0300] "GET /wp-login.php?redirect_to=https%3A%2F%2Feliteewallet.com%2Fwp-admin%2Findex.php&reauth=1 HTTP/1.1" 200 2208 "https://eliteewallet.com/wp-login.php" "Mozilla/5.0 (Windows NT 6.1; Win64; x64; rv:91.0) Gecko/20100101 Firefox/91.0"
129.212.176.13 - - [21/Jan/2026:21:20:52 +0300] "GET /wp-admin/index.php HTTP/1.1" 200 0 "https://eliteewallet.com/wp-login.php" "Mozilla/5.0 (Windows NT 6.1; Win64; x64; rv:91.0) Gecko/20100101 Firefox/91.0"
129.212.176.13 - - [21/Jan/2026:21:21:22 +0300] "GET /wp-admin/index.php HTTP/1.1" 302 0 "https://eliteewallet.com/wp-login.php" "Mozilla/5.0 (Windows NT 10.0; Win64; x64) AppleWebKit/605.1.15 (KHTML, like Gecko) Version/15.0 Safari/605.1.15"
57.128.52.136 - - [21/Jan/2026:21:21:21 +0300] "POST /wp-admin/admin-ajax.php?action=as_async_request_queue_runner&nonce=1ee81f1e13 HTTP/1.1" 200 0 "-" "WordPress/6.9; https://eliteewallet.com"
129.212.176.13 - - [21/Jan/2026:21:21:52 +0300] "GET /wp-admin/index.php HTTP/1.1" 302 0 "https://eliteewallet.com/wp-login.php" "Mozilla/5.0 (Windows NT 10.0; Win64; x64; rv:90.0) Gecko/20100101 Firefox/90.0.1"
129.212.176.13 - - [21/Jan/2026:21:22:06 +0300] "GET /wp-admin/index.php HTTP/1.1" 302 0 "https://eliteewallet.com/wp-login.php" "Mozilla/5.0 (Windows NT 10.0; Win64; x64) AppleWebKit/605.1.15 (KHTML, like Gecko) Version/14.0.3 Safari/605.1.15"
129.212.176.13 - - [21/Jan/2026:21:22:11 +0300] "POST /wp-login.php HTTP/1.1" 200 2358 "https://eliteewallet.com/wp-login.php" "Mozilla/5.0 (Windows NT 6.1; Win64; x64) AppleWebKit/537.36 (KHTML, like Gecko) Chrome/93.0.4577.63 Safari/537.36"
129.212.176.13 - - [21/Jan/2026:21:22:15 +0300] "GET /wp-admin/index.php HTTP/1.1" 302 0 "https://eliteewallet.com/wp-login.php" "Mozilla/5.0 (X11; Linux x86_64) AppleWebKit/537.36 (KHTML, like Gecko) Chrome/92.0.4515.131 Safari/537.36"
129.212.176.13 - - [21/Jan/2026:21:22:19 +0300] "GET /wp-login.php?redirect_to=https%3A%2F%2Feliteewallet.com%2Fwp-admin%2Findex.php&reauth=1 HTTP/1.1" 200 2208 "https://eliteewallet.com/wp-login.php" "Mozilla/5.0 (X11; Linux x86_64) AppleWebKit/537.36 (KHTML, like Gecko) Chrome/92.0.4515.131 Safari/537.36"
129.212.176.13 - - [21/Jan/2026:21:22:23 +0300] "GET /wp-admin/index.php HTTP/1.1" 302 0 "https://eliteewallet.com/wp-login.php" "Mozilla/5.0 (X11; Linux x86_64) AppleWebKit/537.36 (KHTML, like Gecko) Chrome/92.0.4515.131 Safari/537.36"
129.212.176.13 - - [21/Jan/2026:21:23:17 +0300] "POST /wp-login.php HTTP/1.1" 200 2358 "https://eliteewallet.com/wp-login.php" "Mozilla/5.0 (Windows NT 6.1; Win64; x64) AppleWebKit/537.36 (KHTML, like Gecko) Chrome/92.0.4515.131 Safari/537.36"
129.212.176.13 - - [21/Jan/2026:21:23:20 +0300] "GET /wp-admin/index.php HTTP/1.1" 302 0 "https://eliteewallet.com/wp-login.php" "Mozilla/5.0 (Windows NT 6.1; Win64; x64) AppleWebKit/537.36 (KHTML, like Gecko) Chrome/91.0.4472.124 Safari/537.36"
129.212.176.13 - - [21/Jan/2026:21:23:22 +0300] "GET /wp-login.php?redirect_to=https%3A%2F%2Feliteewallet.com%2Fwp-admin%2Findex.php&reauth=1 HTTP/1.1" 200 2208 "https://eliteewallet.com/wp-login.php" "Mozilla/5.0 (Windows NT 6.1; Win64; x64) AppleWebKit/537.36 (KHTML, like Gecko) Chrome/91.0.4472.124 Safari/537.36"
129.212.176.13 - - [21/Jan/2026:21:23:25 +0300] "GET /wp-admin/index.php HTTP/1.1" 302 0 "https://eliteewallet.com/wp-login.php" "Mozilla/5.0 (Windows NT 6.1; Win64; x64) AppleWebKit/537.36 (KHTML, like Gecko) Chrome/91.0.4472.124 Safari/537.36"
129.212.176.13 - - [21/Jan/2026:21:21:58 +0300] "POST /wp-login.php HTTP/1.1" 200 2358 "https://eliteewallet.com/wp-login.php" "Mozilla/5.0 (Macintosh; Intel Mac OS X 10_15_7) AppleWebKit/537.36 (KHTML, like Gecko) Chrome/90.0.4430.212 Safari/537.36"
57.128.52.136 - - [21/Jan/2026:21:21:54 +0300] "POST /wp-admin/admin-ajax.php?action=as_async_request_queue_runner&nonce=1ee81f1e13 HTTP/1.1" 200 0 "-" "WordPress/6.9; https://eliteewallet.com"
129.212.176.13 - - [21/Jan/2026:21:22:01 +0300] "GET /wp-admin/index.php HTTP/1.1" 302 0 "https://eliteewallet.com/wp-login.php" "Mozilla/5.0 (Windows NT 10.0; Win64; x64) AppleWebKit/605.1.15 (KHTML, like Gecko) Version/14.0.3 Safari/605.1.15"
129.212.176.13 - - [21/Jan/2026:21:22:29 +0300] "POST /wp-login.php HTTP/1.1" 200 2358 "https://eliteewallet.com/wp-login.php" "Mozilla/5.0 (X11; Linux x86_64) AppleWebKit/537.36 (KHTML, like Gecko) Chrome/93.0.4577.63 Safari/537.36"
129.212.176.13 - - [21/Jan/2026:21:22:32 +0300] "GET /wp-admin/index.php HTTP/1.1" 302 0 "https://eliteewallet.com/wp-login.php" "Mozilla/5.0 (X11; Linux x86_64) AppleWebKit/537.36 (KHTML, like Gecko) Chrome/94.0.4606.71 Safari/537.36"
129.212.176.13 - - [21/Jan/2026:21:22:36 +0300] "GET /wp-login.php?redirect_to=https%3A%2F%2Feliteewallet.com%2Fwp-admin%2Findex.php&reauth=1 HTTP/1.1" 200 2208 "https://eliteewallet.com/wp-login.php" "Mozilla/5.0 (X11; Linux x86_64) AppleWebKit/537.36 (KHTML, like Gecko) Chrome/94.0.4606.71 Safari/537.36"
129.212.176.13 - - [21/Jan/2026:21:22:39 +0300] "GET /wp-admin/index.php HTTP/1.1" 302 0 "https://eliteewallet.com/wp-login.php" "Mozilla/5.0 (X11; Linux x86_64) AppleWebKit/537.36 (KHTML, like Gecko) Chrome/94.0.4606.71 Safari/537.36"
129.212.176.13 - - [21/Jan/2026:21:22:41 +0300] "GET /wp-login.php?redirect_to=https%3A%2F%2Feliteewallet.com%2Fwp-admin%2Findex.php&reauth=1 HTTP/1.1" 200 2208 "https://eliteewallet.com/wp-login.php" "Mozilla/5.0 (X11; Linux x86_64) AppleWebKit/537.36 (KHTML, like Gecko) Chrome/94.0.4606.71 Safari/537.36"
129.212.176.13 - - [21/Jan/2026:21:22:46 +0300] "POST /wp-login.php HTTP/1.1" 200 2358 "https://eliteewallet.com/wp-login.php" "Mozilla/5.0 (Windows NT 6.1; Win64; x64; rv:89.0) Gecko/20100101 Firefox/89.0.2"
129.212.176.13 - - [21/Jan/2026:21:22:49 +0300] "GET /wp-admin/index.php HTTP/1.1" 302 0 "https://eliteewallet.com/wp-login.php" "Mozilla/5.0 (X11; Linux x86_64; rv:93.0) Gecko/20100101 Firefox/93.0"
57.128.52.136 - - [21/Jan/2026:21:22:57 +0300] "POST /wp-cron.php?doing_wp_cron=1769019776.9844880104064941406250 HTTP/1.1" 200 0 "-" "WordPress/6.9; https://eliteewallet.com"
129.212.176.13 - - [21/Jan/2026:21:22:53 +0300] "GET /wp-login.php?redirect_to=https%3A%2F%2Feliteewallet.com%2Fwp-admin%2Findex.php&reauth=1 HTTP/1.1" 200 2208 "https://eliteewallet.com/wp-login.php" "Mozilla/5.0 (X11; Linux x86_64; rv:93.0) Gecko/20100101 Firefox/93.0"
129.212.176.13 - - [21/Jan/2026:21:22:57 +0300] "GET /wp-admin/index.php HTTP/1.1" 302 0 "https://eliteewallet.com/wp-login.php" "Mozilla/5.0 (X11; Linux x86_64; rv:93.0) Gecko/20100101 Firefox/93.0"
129.212.176.13 - - [21/Jan/2026:21:23:02 +0300] "GET /wp-login.php?redirect_to=https%3A%2F%2Feliteewallet.com%2Fwp-admin%2Findex.php&reauth=1 HTTP/1.1" 200 2208 "https://eliteewallet.com/wp-login.php" "Mozilla/5.0 (X11; Linux x86_64; rv:93.0) Gecko/20100101 Firefox/93.0"
129.212.176.13 - - [21/Jan/2026:21:23:06 +0300] "POST /wp-login.php HTTP/1.1" 200 2358 "https://eliteewallet.com/wp-login.php" "Mozilla/5.0 (Windows NT 10.0; Win64; x64) AppleWebKit/605.1.15 (KHTML, like Gecko) Version/14.1 Safari/605.1.15"
57.128.52.136 - - [21/Jan/2026:21:23:37 +0300] "POST /wp-cron.php?doing_wp_cron=1769019817.2456619739532470703125 HTTP/1.1" 200 0 "-" "WordPress/6.9; https://eliteewallet.com"
129.212.176.13 - - [21/Jan/2026:21:23:42 +0300] "GET /wp-admin/index.php HTTP/1.1" 302 0 "https://eliteewallet.com/wp-login.php" "Mozilla/5.0 (Windows NT 10.0; Win64; x64) AppleWebKit/605.1.15 (KHTML, like Gecko) Version/14.1 Safari/605.1.15"
129.212.176.13 - - [21/Jan/2026:21:23:28 +0300] "GET /wp-login.php?redirect_to=https%3A%2F%2Feliteewallet.com%2Fwp-admin%2Findex.php&reauth=1 HTTP/1.1" 200 2208 "https://eliteewallet.com/wp-login.php" "Mozilla/5.0 (Windows NT 6.1; Win64; x64) AppleWebKit/537.36 (KHTML, like Gecko) Chrome/91.0.4472.124 Safari/537.36"
129.212.176.13 - - [21/Jan/2026:21:23:32 +0300] "POST /wp-login.php HTTP/1.1" 200 2358 "https://eliteewallet.com/wp-login.php" "Mozilla/5.0 (Windows NT 10.0; Win64; x64) AppleWebKit/605.1.15 (KHTML, like Gecko) Version/14.1.2 Safari/605.1.15"
129.212.176.13 - - [21/Jan/2026:21:23:37 +0300] "GET /wp-admin/index.php HTTP/1.1" 302 0 "https://eliteewallet.com/wp-login.php" "Mozilla/5.0 (Windows NT 10.0; Win64; x64) AppleWebKit/605.1.15 (KHTML, like Gecko) Version/14.1 Safari/605.1.15"
57.128.52.136 - - [21/Jan/2026:21:22:29 +0300] "POST /wp-admin/admin-ajax.php?action=as_async_request_queue_runner&nonce=1ee81f1e13 HTTP/1.1" 500 384 "-" "WordPress/6.9; https://eliteewallet.com"
57.128.52.136 - - [21/Jan/2026:21:24:40 +0300] "POST /wp-cron.php?doing_wp_cron=1769019880.5638370513916015625000 HTTP/1.1" 200 0 "-" "WordPress/6.9; https://eliteewallet.com"
129.212.176.13 - - [21/Jan/2026:21:24:36 +0300] "GET /wp-admin/index.php HTTP/1.1" 302 0 "https://eliteewallet.com/wp-login.php" "Mozilla/5.0 (Macintosh; Intel Mac OS X 10_15_7) AppleWebKit/605.1.15 (KHTML, like Gecko) Version/14.0.3 Safari/605.1.15"
129.212.176.13 - - [21/Jan/2026:21:24:41 +0300] "GET /wp-login.php?redirect_to=https%3A%2F%2Feliteewallet.com%2Fwp-admin%2Findex.php&reauth=1 HTTP/1.1" 200 2208 "https://eliteewallet.com/wp-login.php" "Mozilla/5.0 (Macintosh; Intel Mac OS X 10_15_7) AppleWebKit/605.1.15 (KHTML, like Gecko) Version/14.0.3 Safari/605.1.15"
129.212.176.13 - - [21/Jan/2026:21:24:44 +0300] "POST /wp-login.php HTTP/1.1" 200 2358 "https://eliteewallet.com/wp-login.php" "Mozilla/5.0 (Windows NT 6.1; Win64; x64) AppleWebKit/537.36 (KHTML, like Gecko) Chrome/92.0.4515.131 Safari/537.36"
129.212.176.13 - - [21/Jan/2026:21:24:56 +0300] "GET /wp-admin/index.php HTTP/1.1" 302 0 "https://eliteewallet.com/wp-login.php" "Mozilla/5.0 (Windows NT 10.0; Win64; x64; rv:89.0) Gecko/20100101 Firefox/89.0.2"
129.212.176.13 - - [21/Jan/2026:21:24:51 +0300] "GET /wp-admin/index.php HTTP/1.1" 200 0 "https://eliteewallet.com/wp-login.php" "Mozilla/5.0 (Windows NT 10.0; Win64; x64; rv:89.0) Gecko/20100101 Firefox/89.0.2"
129.212.176.13 - - [21/Jan/2026:21:25:00 +0300] "GET /wp-login.php?redirect_to=https%3A%2F%2Feliteewallet.com%2Fwp-admin%2Findex.php&reauth=1 HTTP/1.1" 200 2208 "https://eliteewallet.com/wp-login.php" "Mozilla/5.0 (Windows NT 10.0; Win64; x64; rv:89.0) Gecko/20100101 Firefox/89.0.2"
129.212.176.13 - - [21/Jan/2026:21:25:04 +0300] "POST /wp-login.php HTTP/1.1" 200 2358 "https://eliteewallet.com/wp-login.php" "Mozilla/5.0 (Windows NT 10.0; Win64; x64) AppleWebKit/605.1.15 (KHTML, like Gecko) Version/14.1 Safari/605.1.15"
129.212.176.13 - - [21/Jan/2026:21:25:10 +0300] "GET /wp-admin/index.php HTTP/1.1" 302 0 "https://eliteewallet.com/wp-login.php" "Mozilla/5.0 (Windows NT 10.0; Win64; x64) AppleWebKit/605.1.15 (KHTML, like Gecko) Version/14.0.3 Safari/605.1.15"
129.212.176.13 - - [21/Jan/2026:21:25:15 +0300] "GET /wp-admin/index.php HTTP/1.1" 302 0 "https://eliteewallet.com/wp-login.php" "Mozilla/5.0 (Windows NT 10.0; Win64; x64) AppleWebKit/605.1.15 (KHTML, like Gecko) Version/14.0.3 Safari/605.1.15"
129.212.176.13 - - [21/Jan/2026:21:25:18 +0300] "GET /wp-login.php?redirect_to=https%3A%2F%2Feliteewallet.com%2Fwp-admin%2Findex.php&reauth=1 HTTP/1.1" 200 2208 "https://eliteewallet.com/wp-login.php" "Mozilla/5.0 (Windows NT 10.0; Win64; x64) AppleWebKit/605.1.15 (KHTML, like Gecko) Version/14.0.3 Safari/605.1.15"
129.212.176.13 - - [21/Jan/2026:21:25:21 +0300] "POST /wp-login.php HTTP/1.1" 200 2358 "https://eliteewallet.com/wp-login.php" "Mozilla/5.0 (Windows NT 10.0; Win64; x64; rv:93.0) Gecko/20100101 Firefox/93.0"
129.212.176.13 - - [21/Jan/2026:21:23:45 +0300] "GET /wp-login.php?redirect_to=https%3A%2F%2Feliteewallet.com%2Fwp-admin%2Findex.php&reauth=1 HTTP/1.1" 200 2208 "https://eliteewallet.com/wp-login.php" "Mozilla/5.0 (Windows NT 10.0; Win64; x64) AppleWebKit/605.1.15 (KHTML, like Gecko) Version/14.1 Safari/605.1.15"
129.212.176.13 - - [21/Jan/2026:21:23:48 +0300] "POST /wp-login.php HTTP/1.1" 200 2358 "https://eliteewallet.com/wp-login.php" "Mozilla/5.0 (Windows NT 6.1; Win64; x64) AppleWebKit/537.36 (KHTML, like Gecko) Chrome/90.0.4430.212 Safari/537.36"
129.212.176.13 - - [21/Jan/2026:21:23:53 +0300] "GET /wp-admin/index.php HTTP/1.1" 302 0 "https://eliteewallet.com/wp-login.php" "Mozilla/5.0 (Windows NT 10.0; Win64; x64) AppleWebKit/605.1.15 (KHTML, like Gecko) Version/14.1.2 Safari/605.1.15"
129.212.176.13 - - [21/Jan/2026:21:23:56 +0300] "GET /wp-login.php?redirect_to=https%3A%2F%2Feliteewallet.com%2Fwp-admin%2Findex.php&reauth=1 HTTP/1.1" 200 2208 "https://eliteewallet.com/wp-login.php" "Mozilla/5.0 (Windows NT 10.0; Win64; x64) AppleWebKit/605.1.15 (KHTML, like Gecko) Version/14.1.2 Safari/605.1.15"
129.212.176.13 - - [21/Jan/2026:21:24:00 +0300] "GET /wp-admin/index.php HTTP/1.1" 302 0 "https://eliteewallet.com/wp-login.php" "Mozilla/5.0 (Windows NT 10.0; Win64; x64) AppleWebKit/605.1.15 (KHTML, like Gecko) Version/14.1.2 Safari/605.1.15"
129.212.176.13 - - [21/Jan/2026:21:24:05 +0300] "GET /wp-login.php?redirect_to=https%3A%2F%2Feliteewallet.com%2Fwp-admin%2Findex.php&reauth=1 HTTP/1.1" 200 2208 "https://eliteewallet.com/wp-login.php" "Mozilla/5.0 (Windows NT 10.0; Win64; x64) AppleWebKit/605.1.15 (KHTML, like Gecko) Version/14.1.2 Safari/605.1.15"
129.212.176.13 - - [21/Jan/2026:21:24:08 +0300] "POST /wp-login.php HTTP/1.1" 200 2358 "https://eliteewallet.com/wp-login.php" "Mozilla/5.0 (Windows NT 6.1; Win64; x64) AppleWebKit/537.36 (KHTML, like Gecko) Chrome/90.0.4430.212 Safari/537.36"
129.212.176.13 - - [21/Jan/2026:21:24:13 +0300] "GET /wp-admin/index.php HTTP/1.1" 302 0 "https://eliteewallet.com/wp-login.php" "Mozilla/5.0 (X11; Linux x86_64) AppleWebKit/537.36 (KHTML, like Gecko) Chrome/91.0.4472.124 Safari/537.36"
129.212.176.13 - - [21/Jan/2026:21:24:18 +0300] "GET /wp-login.php?redirect_to=https%3A%2F%2Feliteewallet.com%2Fwp-admin%2Findex.php&reauth=1 HTTP/1.1" 200 2208 "https://eliteewallet.com/wp-login.php" "Mozilla/5.0 (X11; Linux x86_64) AppleWebKit/537.36 (KHTML, like Gecko) Chrome/91.0.4472.124 Safari/537.36"
129.212.176.13 - - [21/Jan/2026:21:24:22 +0300] "GET /wp-admin/index.php HTTP/1.1" 302 0 "https://eliteewallet.com/wp-login.php" "Mozilla/5.0 (X11; Linux x86_64) AppleWebKit/537.36 (KHTML, like Gecko) Chrome/91.0.4472.124 Safari/537.36"
129.212.176.13 - - [21/Jan/2026:21:24:25 +0300] "GET /wp-login.php?redirect_to=https%3A%2F%2Feliteewallet.com%2Fwp-admin%2Findex.php&reauth=1 HTTP/1.1" 200 2208 "https://eliteewallet.com/wp-login.php" "Mozilla/5.0 (X11; Linux x86_64) AppleWebKit/537.36 (KHTML, like Gecko) Chrome/91.0.4472.124 Safari/537.36"
57.128.52.136 - - [21/Jan/2026:21:24:30 +0300] "POST /wp-cron.php?doing_wp_cron=1769019870.5520079135894775390625 HTTP/1.1" 200 0 "-" "WordPress/6.9; https://eliteewallet.com"
129.212.176.13 - - [21/Jan/2026:21:24:27 +0300] "POST /wp-login.php HTTP/1.1" 200 2358 "https://eliteewallet.com/wp-login.php" "Mozilla/5.0 (Windows NT 6.1; Win64; x64) AppleWebKit/537.36 (KHTML, like Gecko) Chrome/93.0.4577.63 Safari/537.36"
129.212.176.13 - - [21/Jan/2026:21:24:31 +0300] "GET /wp-admin/index.php HTTP/1.1" 302 0 "https://eliteewallet.com/wp-login.php" "Mozilla/5.0 (Macintosh; Intel Mac OS X 10_15_7) AppleWebKit/605.1.15 (KHTML, like Gecko) Version/14.0.3 Safari/605.1.15"
57.128.52.136 - - [21/Jan/2026:21:25:41 +0300] "POST /wp-cron.php?doing_wp_cron=1769019940.9185569286346435546875 HTTP/1.1" 200 0 "-" "WordPress/6.9; https://eliteewallet.com"
52.230.164.176 - - [21/Jan/2026:21:25:41 +0300] "GET / HTTP/2" 200 31199 "-" "Mozilla/5.0 AppleWebKit/537.36 (KHTML, like Gecko); compatible; ChatGPT-User/1.0; +https://openai.com/bot"
129.212.176.13 - - [21/Jan/2026:21:25:24 +0300] "GET /wp-admin/index.php HTTP/1.1" 302 0 "https://eliteewallet.com/wp-login.php" "Mozilla/5.0 (Windows NT 6.1; Win64; x64; rv:92.0) Gecko/20100101 Firefox/92.0"
129.212.176.13 - - [21/Jan/2026:21:25:26 +0300] "GET /wp-login.php?redirect_to=https%3A%2F%2Feliteewallet.com%2Fwp-admin%2Findex.php&reauth=1 HTTP/1.1" 200 2208 "https://eliteewallet.com/wp-login.php" "Mozilla/5.0 (Windows NT 6.1; Win64; x64; rv:92.0) Gecko/20100101 Firefox/92.0"
129.212.176.13 - - [21/Jan/2026:21:25:27 +0300] "GET /wp-admin/index.php HTTP/1.1" 302 0 "https://eliteewallet.com/wp-login.php" "Mozilla/5.0 (Windows NT 6.1; Win64; x64; rv:92.0) Gecko/20100101 Firefox/92.0"
129.212.176.13 - - [21/Jan/2026:21:25:28 +0300] "GET /wp-login.php?redirect_to=https%3A%2F%2Feliteewallet.com%2Fwp-admin%2Findex.php&reauth=1 HTTP/1.1" 200 2208 "https://eliteewallet.com/wp-login.php" "Mozilla/5.0 (Windows NT 6.1; Win64; x64; rv:92.0) Gecko/20100101 Firefox/92.0"
52.230.164.180 - - [21/Jan/2026:21:25:33 +0300] "GET /buy-off-loans/ HTTP/2" 200 15684 "-" "Mozilla/5.0 AppleWebKit/537.36 (KHTML, like Gecko); compatible; ChatGPT-User/1.0; +https://openai.com/bot"
129.212.176.13 - - [21/Jan/2026:21:25:31 +0300] "POST /wp-login.php HTTP/1.1" 200 2358 "https://eliteewallet.com/wp-login.php" "Mozilla/5.0 (Windows NT 10.0; Win64; x64) AppleWebKit/605.1.15 (KHTML, like Gecko) Version/14.0.3 Safari/605.1.15"
129.212.176.13 - - [21/Jan/2026:21:25:35 +0300] "GET /wp-admin/index.php HTTP/1.1" 302 0 "https://eliteewallet.com/wp-login.php" "Mozilla/5.0 (Windows NT 10.0; Win64; x64; rv:90.0) Gecko/20100101 Firefox/90.0.1"
129.212.176.13 - - [21/Jan/2026:21:25:58 +0300] "GET /wp-admin/index.php HTTP/1.1" 302 0 "https://eliteewallet.com/wp-login.php" "Mozilla/5.0 (Macintosh; Intel Mac OS X 10_15_7; rv:89.0) Gecko/20100101 Firefox/89.0.2"
129.212.176.13 - - [21/Jan/2026:21:26:02 +0300] "GET /wp-login.php?redirect_to=https%3A%2F%2Feliteewallet.com%2Fwp-admin%2Findex.php&reauth=1 HTTP/1.1" 200 2208 "https://eliteewallet.com/wp-login.php" "Mozilla/5.0 (Macintosh; Intel Mac OS X 10_15_7; rv:89.0) Gecko/20100101 Firefox/89.0.2"
129.212.176.13 - - [21/Jan/2026:21:26:04 +0300] "POST /wp-login.php HTTP/1.1" 200 2358 "https://eliteewallet.com/wp-login.php" "Mozilla/5.0 (Windows NT 10.0; Win64; x64; rv:92.0) Gecko/20100101 Firefox/92.0"
129.212.176.13 - - [21/Jan/2026:21:26:07 +0300] "GET /wp-admin/index.php HTTP/1.1" 302 0 "https://eliteewallet.com/wp-login.php" "Mozilla/5.0 (Macintosh; Intel Mac OS X 10_15_7; rv:91.0) Gecko/20100101 Firefox/91.0"
129.212.176.13 - - [21/Jan/2026:21:26:11 +0300] "GET /wp-login.php?redirect_to=https%3A%2F%2Feliteewallet.com%2Fwp-admin%2Findex.php&reauth=1 HTTP/1.1" 200 2208 "https://eliteewallet.com/wp-login.php" "Mozilla/5.0 (Macintosh; Intel Mac OS X 10_15_7; rv:91.0) Gecko/20100101 Firefox/91.0"
129.212.176.13 - - [21/Jan/2026:21:26:12 +0300] "GET /wp-admin/index.php HTTP/1.1" 302 0 "https://eliteewallet.com/wp-login.php" "Mozilla/5.0 (Macintosh; Intel Mac OS X 10_15_7; rv:91.0) Gecko/20100101 Firefox/91.0"
129.212.176.13 - - [21/Jan/2026:21:26:16 +0300] "GET /wp-login.php?redirect_to=https%3A%2F%2Feliteewallet.com%2Fwp-admin%2Findex.php&reauth=1 HTTP/1.1" 200 2208 "https://eliteewallet.com/wp-login.php" "Mozilla/5.0 (Macintosh; Intel Mac OS X 10_15_7; rv:91.0) Gecko/20100101 Firefox/91.0"
129.212.176.13 - - [21/Jan/2026:21:26:20 +0300] "POST /wp-login.php HTTP/1.1" 200 2358 "https://eliteewallet.com/wp-login.php" "Mozilla/5.0 (Macintosh; Intel Mac OS X 10_15_7; rv:90.0) Gecko/20100101 Firefox/90.0.1"
129.212.176.13 - - [21/Jan/2026:21:26:22 +0300] "GET /wp-admin/index.php HTTP/1.1" 302 0 "https://eliteewallet.com/wp-login.php" "Mozilla/5.0 (Windows NT 6.1; Win64; x64; rv:92.0) Gecko/20100101 Firefox/92.0"
74.7.244.17 - - [21/Jan/2026:21:26:56 +0300] "GET /robots.txt HTTP/2" 200 96 "-" "Mozilla/5.0 (Macintosh; Intel Mac OS X 10_15_7) AppleWebKit/537.36 (KHTML, like Gecko) Chrome/131.0.0.0 Safari/537.36; compatible; OAI-SearchBot/1.3; robots.txt; +https://openai.com/searchbot"
129.212.176.13 - - [21/Jan/2026:21:25:40 +0300] "GET /wp-admin/index.php HTTP/1.1" 302 0 "https://eliteewallet.com/wp-login.php" "Mozilla/5.0 (Windows NT 10.0; Win64; x64; rv:90.0) Gecko/20100101 Firefox/90.0.1"
129.212.176.13 - - [21/Jan/2026:21:25:44 +0300] "GET /wp-login.php?redirect_to=https%3A%2F%2Feliteewallet.com%2Fwp-admin%2Findex.php&reauth=1 HTTP/1.1" 200 2208 "https://eliteewallet.com/wp-login.php" "Mozilla/5.0 (Windows NT 10.0; Win64; x64; rv:90.0) Gecko/20100101 Firefox/90.0.1"
129.212.176.13 - - [21/Jan/2026:21:25:47 +0300] "POST /wp-login.php HTTP/1.1" 200 2358 "https://eliteewallet.com/wp-login.php" "Mozilla/5.0 (Windows NT 10.0; Win64; x64; rv:91.0) Gecko/20100101 Firefox/91.0"
129.212.176.13 - - [21/Jan/2026:21:25:50 +0300] "GET /wp-admin/index.php HTTP/1.1" 302 0 "https://eliteewallet.com/wp-login.php" "Mozilla/5.0 (Macintosh; Intel Mac OS X 10_15_7; rv:89.0) Gecko/20100101 Firefox/89.0.2"
129.212.176.13 - - [21/Jan/2026:21:25:53 +0300] "GET /wp-login.php?redirect_to=https%3A%2F%2Feliteewallet.com%2Fwp-admin%2Findex.php&reauth=1 HTTP/1.1" 200 2208 "https://eliteewallet.com/wp-login.php" "Mozilla/5.0 (Macintosh; Intel Mac OS X 10_15_7; rv:89.0) Gecko/20100101 Firefox/89.0.2"
129.212.176.13 - - [21/Jan/2026:21:26:27 +0300] "GET /wp-admin/index.php HTTP/1.1" 302 0 "https://eliteewallet.com/wp-login.php" "Mozilla/5.0 (Windows NT 6.1; Win64; x64; rv:92.0) Gecko/20100101 Firefox/92.0"
129.212.176.13 - - [21/Jan/2026:21:26:29 +0300] "GET /wp-login.php?redirect_to=https%3A%2F%2Feliteewallet.com%2Fwp-admin%2Findex.php&reauth=1 HTTP/1.1" 200 2208 "https://eliteewallet.com/wp-login.php" "Mozilla/5.0 (Windows NT 6.1; Win64; x64; rv:92.0) Gecko/20100101 Firefox/92.0"
129.212.176.13 - - [21/Jan/2026:21:26:31 +0300] "POST /wp-login.php HTTP/1.1" 200 2358 "https://eliteewallet.com/wp-login.php" "Mozilla/5.0 (Windows NT 10.0; Win64; x64; rv:91.0) Gecko/20100101 Firefox/91.0"
57.128.52.136 - - [21/Jan/2026:21:26:39 +0300] "POST /wp-cron.php?doing_wp_cron=1769019998.9882729053497314453125 HTTP/1.1" 200 0 "-" "WordPress/6.9; https://eliteewallet.com"
129.212.176.13 - - [21/Jan/2026:21:26:34 +0300] "GET /wp-admin/index.php HTTP/1.1" 302 0 "https://eliteewallet.com/wp-login.php" "Mozilla/5.0 (Macintosh; Intel Mac OS X 10_15_7) AppleWebKit/605.1.15 (KHTML, like Gecko) Version/14.1.2 Safari/605.1.15"
129.212.176.13 - - [21/Jan/2026:21:26:39 +0300] "GET /wp-login.php?redirect_to=https%3A%2F%2Feliteewallet.com%2Fwp-admin%2Findex.php&reauth=1 HTTP/1.1" 200 2208 "https://eliteewallet.com/wp-login.php" "Mozilla/5.0 (Macintosh; Intel Mac OS X 10_15_7) AppleWebKit/605.1.15 (KHTML, like Gecko) Version/14.1.2 Safari/605.1.15"
129.212.176.13 - - [21/Jan/2026:21:26:42 +0300] "GET /wp-admin/index.php HTTP/1.1" 302 0 "https://eliteewallet.com/wp-login.php" "Mozilla/5.0 (Macintosh; Intel Mac OS X 10_15_7) AppleWebKit/605.1.15 (KHTML, like Gecko) Version/14.1.2 Safari/605.1.15"
129.212.176.13 - - [21/Jan/2026:21:26:45 +0300] "GET /wp-login.php?redirect_to=https%3A%2F%2Feliteewallet.com%2Fwp-admin%2Findex.php&reauth=1 HTTP/1.1" 200 2208 "https://eliteewallet.com/wp-login.php" "Mozilla/5.0 (Macintosh; Intel Mac OS X 10_15_7) AppleWebKit/605.1.15 (KHTML, like Gecko) Version/14.1.2 Safari/605.1.15"
129.212.176.13 - - [21/Jan/2026:21:26:48 +0300] "POST /wp-login.php HTTP/1.1" 200 2358 "https://eliteewallet.com/wp-login.php" "Mozilla/5.0 (Windows NT 6.1; Win64; x64) AppleWebKit/537.36 (KHTML, like Gecko) Chrome/94.0.4606.71 Safari/537.36"
129.212.176.13 - - [21/Jan/2026:21:26:51 +0300] "GET /wp-admin/index.php HTTP/1.1" 302 0 "https://eliteewallet.com/wp-login.php" "Mozilla/5.0 (Windows NT 6.1; Win64; x64) AppleWebKit/537.36 (KHTML, like Gecko) Chrome/93.0.4577.63 Safari/537.36"
74.7.241.32 - - [21/Jan/2026:21:26:57 +0300] "GET /wp-content/uploads/elementor/css/post-225.css?ver=1768970170 HTTP/2" 200 418 "https://eliteewallet.com/buy-off-loans/" "Mozilla/5.0 AppleWebKit/537.36 (KHTML, like Gecko; compatible; GPTBot/1.3; +https://openai.com/gptbot)"
129.212.176.13 - - [21/Jan/2026:21:26:57 +0300] "GET /wp-admin/index.php HTTP/1.1" 302 0 "https://eliteewallet.com/wp-login.php" "Mozilla/5.0 (Windows NT 6.1; Win64; x64) AppleWebKit/537.36 (KHTML, like Gecko) Chrome/93.0.4577.63 Safari/537.36"
129.212.176.13 - - [21/Jan/2026:21:27:00 +0300] "GET /wp-login.php?redirect_to=https%3A%2F%2Feliteewallet.com%2Fwp-admin%2Findex.php&reauth=1 HTTP/1.1" 200 2208 "https://eliteewallet.com/wp-login.php" "Mozilla/5.0 (Windows NT 6.1; Win64; x64) AppleWebKit/537.36 (KHTML, like Gecko) Chrome/93.0.4577.63 Safari/537.36"
74.7.241.32 - - [21/Jan/2026:21:27:00 +0300] "GET /?p=225 HTTP/2" 301 0 "https://eliteewallet.com/buy-off-loans/" "Mozilla/5.0 AppleWebKit/537.36 (KHTML, like Gecko; compatible; GPTBot/1.3; +https://openai.com/gptbot)"
74.7.241.32 - - [21/Jan/2026:21:27:04 +0300] "GET /buy-off-loans/ HTTP/2" 200 15684 "https://eliteewallet.com/?p=225" "Mozilla/5.0 AppleWebKit/537.36 (KHTML, like Gecko; compatible; GPTBot/1.3; +https://openai.com/gptbot)"
74.7.241.32 - - [21/Jan/2026:21:27:04 +0300] "GET /wp-content/plugins/the-plus-addons-for-elementor-page-builder/includes/user-experience/update-popup/tp-update-plugin-popup.js?ver=6.4.61768970170 HTTP/2" 200 753 "https://eliteewallet.com/buy-off-loans/" "Mozilla/5.0 AppleWebKit/537.36 (KHTML, like Gecko; compatible; GPTBot/1.3; +https://openai.com/gptbot)"
129.212.176.13 - - [21/Jan/2026:21:27:02 +0300] "POST /wp-login.php HTTP/1.1" 200 2358 "https://eliteewallet.com/wp-login.php" "Mozilla/5.0 (Macintosh; Intel Mac OS X 10_15_7) AppleWebKit/537.36 (KHTML, like Gecko) Chrome/94.0.4606.71 Safari/537.36"
129.212.176.13 - - [21/Jan/2026:21:27:07 +0300] "GET /wp-admin/index.php HTTP/1.1" 302 0 "https://eliteewallet.com/wp-login.php" "Mozilla/5.0 (X11; Linux x86_64) AppleWebKit/537.36 (KHTML, like Gecko) Chrome/92.0.4515.131 Safari/537.36"
129.212.176.13 - - [21/Jan/2026:21:27:09 +0300] "GET /wp-login.php?redirect_to=https%3A%2F%2Feliteewallet.com%2Fwp-admin%2Findex.php&reauth=1 HTTP/1.1" 200 2208 "https://eliteewallet.com/wp-login.php" "Mozilla/5.0 (X11; Linux x86_64) AppleWebKit/537.36 (KHTML, like Gecko) Chrome/92.0.4515.131 Safari/537.36"
129.212.176.13 - - [21/Jan/2026:21:27:11 +0300] "GET /wp-admin/index.php HTTP/1.1" 302 0 "https://eliteewallet.com/wp-login.php" "Mozilla/5.0 (X11; Linux x86_64) AppleWebKit/537.36 (KHTML, like Gecko) Chrome/92.0.4515.131 Safari/537.36"
129.212.176.13 - - [21/Jan/2026:21:27:14 +0300] "GET /wp-login.php?redirect_to=https%3A%2F%2Feliteewallet.com%2Fwp-admin%2Findex.php&reauth=1 HTTP/1.1" 200 2208 "https://eliteewallet.com/wp-login.php" "Mozilla/5.0 (X11; Linux x86_64) AppleWebKit/537.36 (KHTML, like Gecko) Chrome/92.0.4515.131 Safari/537.36"
129.212.176.13 - - [21/Jan/2026:21:27:16 +0300] "POST /wp-login.php HTTP/1.1" 200 2358 "https://eliteewallet.com/wp-login.php" "Mozilla/5.0 (X11; Linux x86_64; rv:93.0) Gecko/20100101 Firefox/93.0"
129.212.176.13 - - [21/Jan/2026:21:27:18 +0300] "GET /wp-admin/index.php HTTP/1.1" 302 0 "https://eliteewallet.com/wp-login.php" "Mozilla/5.0 (Windows NT 10.0; Win64; x64) AppleWebKit/605.1.15 (KHTML, like Gecko) Version/14.1 Safari/605.1.15"
129.212.176.13 - - [21/Jan/2026:21:27:21 +0300] "GET /wp-login.php?redirect_to=https%3A%2F%2Feliteewallet.com%2Fwp-admin%2Findex.php&reauth=1 HTTP/1.1" 200 2208 "https://eliteewallet.com/wp-login.php" "Mozilla/5.0 (Windows NT 10.0; Win64; x64) AppleWebKit/605.1.15 (KHTML, like Gecko) Version/14.1 Safari/605.1.15"
129.212.176.13 - - [21/Jan/2026:21:27:27 +0300] "GET /wp-admin/index.php HTTP/1.1" 302 0 "https://eliteewallet.com/wp-login.php" "Mozilla/5.0 (Windows NT 10.0; Win64; x64) AppleWebKit/605.1.15 (KHTML, like Gecko) Version/14.1 Safari/605.1.15"
129.212.176.13 - - [21/Jan/2026:21:27:30 +0300] "GET /wp-login.php?redirect_to=https%3A%2F%2Feliteewallet.com%2Fwp-admin%2Findex.php&reauth=1 HTTP/1.1" 200 2208 "https://eliteewallet.com/wp-login.php" "Mozilla/5.0 (Windows NT 10.0; Win64; x64) AppleWebKit/605.1.15 (KHTML, like Gecko) Version/14.1 Safari/605.1.15"
74.7.229.255 - - [21/Jan/2026:21:26:56 +0300] "GET /buy-off-loans/ HTTP/2" 200 15684 "-" "Mozilla/5.0 (Macintosh; Intel Mac OS X 10_15_7) AppleWebKit/537.36 (KHTML, like Gecko) Chrome/131.0.0.0 Safari/537.36; compatible; OAI-SearchBot/1.3; +https://openai.com/searchbot"
74.7.229.228 - - [21/Jan/2026:21:26:59 +0300] "GET /?p=225 HTTP/2" 301 0 "https://eliteewallet.com/buy-off-loans/" "Mozilla/5.0 (Macintosh; Intel Mac OS X 10_15_7) AppleWebKit/537.36 (KHTML, like Gecko) Chrome/131.0.0.0 Safari/537.36; compatible; OAI-SearchBot/1.3; +https://openai.com/searchbot"
74.7.229.228 - - [21/Jan/2026:21:27:03 +0300] "GET /buy-off-loans/ HTTP/2" 200 15684 "https://eliteewallet.com/?p=225" "Mozilla/5.0 (Macintosh; Intel Mac OS X 10_15_7) AppleWebKit/537.36 (KHTML, like Gecko) Chrome/131.0.0.0 Safari/537.36; compatible; OAI-SearchBot/1.3; +https://openai.com/searchbot"
74.7.229.57 - - [21/Jan/2026:21:27:05 +0300] "GET /wp-content/plugins/the-plus-addons-for-elementor-page-builder/includes/user-experience/update-popup/tp-update-plugin-popup.js?ver=6.4.61768970170 HTTP/2" 200 753 "https://eliteewallet.com/buy-off-loans/" "Mozilla/5.0 (Macintosh; Intel Mac OS X 10_15_7) AppleWebKit/537.36 (KHTML, like Gecko) Chrome/131.0.0.0 Safari/537.36; compatible; OAI-SearchBot/1.3; +https://openai.com/searchbot"
57.128.52.136 - - [21/Jan/2026:21:27:41 +0300] "POST /wp-cron.php?doing_wp_cron=1769020061.3882830142974853515625 HTTP/1.1" 200 0 "-" "WordPress/6.9; https://eliteewallet.com"
129.212.176.13 - - [21/Jan/2026:21:28:24 +0300] "POST /wp-login.php HTTP/1.1" 200 2358 "https://eliteewallet.com/wp-login.php" "Mozilla/5.0 (Windows NT 10.0; Win64; x64) AppleWebKit/605.1.15 (KHTML, like Gecko) Version/14.1 Safari/605.1.15"
129.212.176.13 - - [21/Jan/2026:21:28:28 +0300] "GET /wp-admin/index.php HTTP/1.1" 302 0 "https://eliteewallet.com/wp-login.php" "Mozilla/5.0 (Macintosh; Intel Mac OS X 10_15_7) AppleWebKit/605.1.15 (KHTML, like Gecko) Version/14.0.3 Safari/605.1.15"
129.212.176.13 - - [21/Jan/2026:21:28:31 +0300] "GET /wp-login.php?redirect_to=https%3A%2F%2Feliteewallet.com%2Fwp-admin%2Findex.php&reauth=1 HTTP/1.1" 200 2208 "https://eliteewallet.com/wp-login.php" "Mozilla/5.0 (Macintosh; Intel Mac OS X 10_15_7) AppleWebKit/605.1.15 (KHTML, like Gecko) Version/14.0.3 Safari/605.1.15"
129.212.176.13 - - [21/Jan/2026:21:28:33 +0300] "GET /wp-admin/index.php HTTP/1.1" 302 0 "https://eliteewallet.com/wp-login.php" "Mozilla/5.0 (Macintosh; Intel Mac OS X 10_15_7) AppleWebKit/605.1.15 (KHTML, like Gecko) Version/14.0.3 Safari/605.1.15"
129.212.176.13 - - [21/Jan/2026:21:28:35 +0300] "GET /wp-login.php?redirect_to=https%3A%2F%2Feliteewallet.com%2Fwp-admin%2Findex.php&reauth=1 HTTP/1.1" 200 2208 "https://eliteewallet.com/wp-login.php" "Mozilla/5.0 (Macintosh; Intel Mac OS X 10_15_7) AppleWebKit/605.1.15 (KHTML, like Gecko) Version/14.0.3 Safari/605.1.15"
129.212.176.13 - - [21/Jan/2026:21:28:39 +0300] "POST /wp-login.php HTTP/1.1" 200 2358 "https://eliteewallet.com/wp-login.php" "Mozilla/5.0 (X11; Linux x86_64) AppleWebKit/537.36 (KHTML, like Gecko) Chrome/90.0.4430.212 Safari/537.36"
57.128.52.136 - - [21/Jan/2026:21:28:44 +0300] "POST /wp-cron.php?doing_wp_cron=1769020124.1764650344848632812500 HTTP/1.1" 200 0 "-" "WordPress/6.9; https://eliteewallet.com"
129.212.176.13 - - [21/Jan/2026:21:28:41 +0300] "GET /wp-admin/index.php HTTP/1.1" 302 0 "https://eliteewallet.com/wp-login.php" "Mozilla/5.0 (X11; Linux x86_64) AppleWebKit/537.36 (KHTML, like Gecko) Chrome/92.0.4515.131 Safari/537.36"
129.212.176.13 - - [21/Jan/2026:21:28:44 +0300] "GET /wp-login.php?redirect_to=https%3A%2F%2Feliteewallet.com%2Fwp-admin%2Findex.php&reauth=1 HTTP/1.1" 200 2208 "https://eliteewallet.com/wp-login.php" "Mozilla/5.0 (X11; Linux x86_64) AppleWebKit/537.36 (KHTML, like Gecko) Chrome/92.0.4515.131 Safari/537.36"
129.212.176.13 - - [21/Jan/2026:21:28:53 +0300] "POST /wp-login.php HTTP/1.1" 200 2358 "https://eliteewallet.com/wp-login.php" "Mozilla/5.0 (Windows NT 6.1; Win64; x64; rv:91.0) Gecko/20100101 Firefox/91.0"
129.212.176.13 - - [21/Jan/2026:21:28:47 +0300] "GET /wp-admin/index.php HTTP/1.1" 200 0 "https://eliteewallet.com/wp-login.php" "Mozilla/5.0 (X11; Linux x86_64) AppleWebKit/537.36 (KHTML, like Gecko) Chrome/92.0.4515.131 Safari/537.36"
129.212.176.13 - - [21/Jan/2026:21:28:56 +0300] "GET /wp-admin/index.php HTTP/1.1" 302 0 "https://eliteewallet.com/wp-login.php" "Mozilla/5.0 (Windows NT 10.0; Win64; x64) AppleWebKit/537.36 (KHTML, like Gecko) Chrome/93.0.4577.63 Safari/537.36"
129.212.176.13 - - [21/Jan/2026:21:29:00 +0300] "GET /wp-login.php?redirect_to=https%3A%2F%2Feliteewallet.com%2Fwp-admin%2Findex.php&reauth=1 HTTP/1.1" 200 2208 "https://eliteewallet.com/wp-login.php" "Mozilla/5.0 (Windows NT 10.0; Win64; x64) AppleWebKit/537.36 (KHTML, like Gecko) Chrome/93.0.4577.63 Safari/537.36"
129.212.176.13 - - [21/Jan/2026:21:29:03 +0300] "GET /wp-admin/index.php HTTP/1.1" 302 0 "https://eliteewallet.com/wp-login.php" "Mozilla/5.0 (Windows NT 10.0; Win64; x64) AppleWebKit/537.36 (KHTML, like Gecko) Chrome/93.0.4577.63 Safari/537.36"
129.212.176.13 - - [21/Jan/2026:21:29:08 +0300] "GET /wp-login.php?redirect_to=https%3A%2F%2Feliteewallet.com%2Fwp-admin%2Findex.php&reauth=1 HTTP/1.1" 200 2208 "https://eliteewallet.com/wp-login.php" "Mozilla/5.0 (Windows NT 10.0; Win64; x64) AppleWebKit/537.36 (KHTML, like Gecko) Chrome/93.0.4577.63 Safari/537.36"
129.212.176.13 - - [21/Jan/2026:21:29:11 +0300] "POST /wp-login.php HTTP/1.1" 200 2358 "https://eliteewallet.com/wp-login.php" "Mozilla/5.0 (Macintosh; Intel Mac OS X 10_15_7) AppleWebKit/537.36 (KHTML, like Gecko) Chrome/93.0.4577.63 Safari/537.36"
129.212.176.13 - - [21/Jan/2026:21:29:13 +0300] "GET /wp-admin/index.php HTTP/1.1" 302 0 "https://eliteewallet.com/wp-login.php" "Mozilla/5.0 (X11; Linux x86_64) AppleWebKit/537.36 (KHTML, like Gecko) Chrome/93.0.4577.63 Safari/537.36"
129.212.176.13 - - [21/Jan/2026:21:29:16 +0300] "GET /wp-login.php?redirect_to=https%3A%2F%2Feliteewallet.com%2Fwp-admin%2Findex.php&reauth=1 HTTP/1.1" 200 2208 "https://eliteewallet.com/wp-login.php" "Mozilla/5.0 (X11; Linux x86_64) AppleWebKit/537.36 (KHTML, like Gecko) Chrome/93.0.4577.63 Safari/537.36"
129.212.176.13 - - [21/Jan/2026:21:29:18 +0300] "GET /wp-admin/index.php HTTP/1.1" 302 0 "https://eliteewallet.com/wp-login.php" "Mozilla/5.0 (X11; Linux x86_64) AppleWebKit/537.36 (KHTML, like Gecko) Chrome/93.0.4577.63 Safari/537.36"
129.212.176.13 - - [21/Jan/2026:21:29:20 +0300] "GET /wp-login.php?redirect_to=https%3A%2F%2Feliteewallet.com%2Fwp-admin%2Findex.php&reauth=1 HTTP/1.1" 200 2208 "https://eliteewallet.com/wp-login.php" "Mozilla/5.0 (X11; Linux x86_64) AppleWebKit/537.36 (KHTML, like Gecko) Chrome/93.0.4577.63 Safari/537.36"
129.212.176.13 - - [21/Jan/2026:21:29:22 +0300] "POST /wp-login.php HTTP/1.1" 200 2358 "https://eliteewallet.com/wp-login.php" "Mozilla/5.0 (Windows NT 10.0; Win64; x64) AppleWebKit/537.36 (KHTML, like Gecko) Chrome/91.0.4472.124 Safari/537.36"
129.212.176.13 - - [21/Jan/2026:21:29:26 +0300] "GET /wp-admin/index.php HTTP/1.1" 302 0 "https://eliteewallet.com/wp-login.php" "Mozilla/5.0 (Macintosh; Intel Mac OS X 10_15_7) AppleWebKit/605.1.15 (KHTML, like Gecko) Version/14.1 Safari/605.1.15"
129.212.176.13 - - [21/Jan/2026:21:29:29 +0300] "GET /wp-login.php?redirect_to=https%3A%2F%2Feliteewallet.com%2Fwp-admin%2Findex.php&reauth=1 HTTP/1.1" 200 2208 "https://eliteewallet.com/wp-login.php" "Mozilla/5.0 (Macintosh; Intel Mac OS X 10_15_7) AppleWebKit/605.1.15 (KHTML, like Gecko) Version/14.1 Safari/605.1.15"
129.212.176.13 - - [21/Jan/2026:21:29:32 +0300] "GET /wp-admin/index.php HTTP/1.1" 302 0 "https://eliteewallet.com/wp-login.php" "Mozilla/5.0 (Macintosh; Intel Mac OS X 10_15_7) AppleWebKit/605.1.15 (KHTML, like Gecko) Version/14.1 Safari/605.1.15"
57.128.52.136 - - [21/Jan/2026:21:29:39 +0300] "POST /wp-cron.php?doing_wp_cron=1769020179.2029159069061279296875 HTTP/1.1" 200 0 "-" "WordPress/6.9; https://eliteewallet.com"
129.212.176.13 - - [21/Jan/2026:21:29:36 +0300] "GET /wp-login.php?redirect_to=https%3A%2F%2Feliteewallet.com%2Fwp-admin%2Findex.php&reauth=1 HTTP/1.1" 200 2208 "https://eliteewallet.com/wp-login.php" "Mozilla/5.0 (Macintosh; Intel Mac OS X 10_15_7) AppleWebKit/605.1.15 (KHTML, like Gecko) Version/14.1 Safari/605.1.15"
129.212.176.13 - - [21/Jan/2026:21:29:39 +0300] "POST /wp-login.php HTTP/1.1" 200 2358 "https://eliteewallet.com/wp-login.php" "Mozilla/5.0 (Windows NT 10.0; Win64; x64) AppleWebKit/605.1.15 (KHTML, like Gecko) Version/14.0.3 Safari/605.1.15"
129.212.176.13 - - [21/Jan/2026:21:29:42 +0300] "GET /wp-admin/index.php HTTP/1.1" 302 0 "https://eliteewallet.com/wp-login.php" "Mozilla/5.0 (X11; Linux x86_64) AppleWebKit/537.36 (KHTML, like Gecko) Chrome/91.0.4472.124 Safari/537.36"
129.212.176.13 - - [21/Jan/2026:21:29:46 +0300] "GET /wp-login.php?redirect_to=https%3A%2F%2Feliteewallet.com%2Fwp-admin%2Findex.php&reauth=1 HTTP/1.1" 200 2208 "https://eliteewallet.com/wp-login.php" "Mozilla/5.0 (X11; Linux x86_64) AppleWebKit/537.36 (KHTML, like Gecko) Chrome/91.0.4472.124 Safari/537.36"
129.212.176.13 - - [21/Jan/2026:21:29:49 +0300] "GET /wp-admin/index.php HTTP/1.1" 302 0 "https://eliteewallet.com/wp-login.php" "Mozilla/5.0 (X11; Linux x86_64) AppleWebKit/537.36 (KHTML, like Gecko) Chrome/91.0.4472.124 Safari/537.36"
129.212.176.13 - - [21/Jan/2026:21:29:54 +0300] "GET /wp-login.php?redirect_to=https%3A%2F%2Feliteewallet.com%2Fwp-admin%2Findex.php&reauth=1 HTTP/1.1" 200 2208 "https://eliteewallet.com/wp-login.php" "Mozilla/5.0 (X11; Linux x86_64) AppleWebKit/537.36 (KHTML, like Gecko) Chrome/91.0.4472.124 Safari/537.36"
129.212.176.13 - - [21/Jan/2026:21:29:56 +0300] "POST /wp-login.php HTTP/1.1" 200 2358 "https://eliteewallet.com/wp-login.php" "Mozilla/5.0 (Macintosh; Intel Mac OS X 10_15_7) AppleWebKit/537.36 (KHTML, like Gecko) Chrome/93.0.4577.63 Safari/537.36"
129.212.176.13 - - [21/Jan/2026:21:29:58 +0300] "GET /wp-admin/index.php HTTP/1.1" 302 0 "https://eliteewallet.com/wp-login.php" "Mozilla/5.0 (Windows NT 10.0; Win64; x64) AppleWebKit/605.1.15 (KHTML, like Gecko) Version/14.1.1 Safari/605.1.15"
129.212.176.13 - - [21/Jan/2026:21:30:02 +0300] "GET /wp-login.php?redirect_to=https%3A%2F%2Feliteewallet.com%2Fwp-admin%2Findex.php&reauth=1 HTTP/1.1" 200 2208 "https://eliteewallet.com/wp-login.php" "Mozilla/5.0 (Windows NT 10.0; Win64; x64) AppleWebKit/605.1.15 (KHTML, like Gecko) Version/14.1.1 Safari/605.1.15"
129.212.176.13 - - [21/Jan/2026:21:30:05 +0300] "GET /wp-admin/index.php HTTP/1.1" 302 0 "https://eliteewallet.com/wp-login.php" "Mozilla/5.0 (Windows NT 10.0; Win64; x64) AppleWebKit/605.1.15 (KHTML, like Gecko) Version/14.1.1 Safari/605.1.15"
129.212.176.13 - - [21/Jan/2026:21:30:07 +0300] "GET /wp-login.php?redirect_to=https%3A%2F%2Feliteewallet.com%2Fwp-admin%2Findex.php&reauth=1 HTTP/1.1" 200 2208 "https://eliteewallet.com/wp-login.php" "Mozilla/5.0 (Windows NT 10.0; Win64; x64) AppleWebKit/605.1.15 (KHTML, like Gecko) Version/14.1.1 Safari/605.1.15"
129.212.176.13 - - [21/Jan/2026:21:30:09 +0300] "POST /wp-login.php HTTP/1.1" 200 2358 "https://eliteewallet.com/wp-login.php" "Mozilla/5.0 (X11; Linux x86_64) AppleWebKit/537.36 (KHTML, like Gecko) Chrome/93.0.4577.63 Safari/537.36"
129.212.176.13 - - [21/Jan/2026:21:30:13 +0300] "GET /wp-admin/index.php HTTP/1.1" 302 0 "https://eliteewallet.com/wp-login.php" "Mozilla/5.0 (Macintosh; Intel Mac OS X 10_15_7) AppleWebKit/537.36 (KHTML, like Gecko) Chrome/92.0.4515.131 Safari/537.36"
129.212.176.13 - - [21/Jan/2026:21:30:16 +0300] "GET /wp-login.php?redirect_to=https%3A%2F%2Feliteewallet.com%2Fwp-admin%2Findex.php&reauth=1 HTTP/1.1" 200 2208 "https://eliteewallet.com/wp-login.php" "Mozilla/5.0 (Macintosh; Intel Mac OS X 10_15_7) AppleWebKit/537.36 (KHTML, like Gecko) Chrome/92.0.4515.131 Safari/537.36"
129.212.176.13 - - [21/Jan/2026:21:30:20 +0300] "GET /wp-admin/index.php HTTP/1.1" 302 0 "https://eliteewallet.com/wp-login.php" "Mozilla/5.0 (Macintosh; Intel Mac OS X 10_15_7) AppleWebKit/537.36 (KHTML, like Gecko) Chrome/92.0.4515.131 Safari/537.36"
129.212.176.13 - - [21/Jan/2026:21:27:32 +0300] "POST /wp-login.php HTTP/1.1" 200 2358 "https://eliteewallet.com/wp-login.php" "Mozilla/5.0 (Windows NT 6.1; Win64; x64; rv:92.0) Gecko/20100101 Firefox/92.0"
129.212.176.13 - - [21/Jan/2026:21:27:35 +0300] "GET /wp-admin/index.php HTTP/1.1" 302 0 "https://eliteewallet.com/wp-login.php" "Mozilla/5.0 (X11; Linux x86_64) AppleWebKit/537.36 (KHTML, like Gecko) Chrome/91.0.4472.124 Safari/537.36"
129.212.176.13 - - [21/Jan/2026:21:27:37 +0300] "GET /wp-login.php?redirect_to=https%3A%2F%2Feliteewallet.com%2Fwp-admin%2Findex.php&reauth=1 HTTP/1.1" 200 2208 "https://eliteewallet.com/wp-login.php" "Mozilla/5.0 (X11; Linux x86_64) AppleWebKit/537.36 (KHTML, like Gecko) Chrome/91.0.4472.124 Safari/537.36"
129.212.176.13 - - [21/Jan/2026:21:27:41 +0300] "GET /wp-admin/index.php HTTP/1.1" 302 0 "https://eliteewallet.com/wp-login.php" "Mozilla/5.0 (X11; Linux x86_64) AppleWebKit/537.36 (KHTML, like Gecko) Chrome/91.0.4472.124 Safari/537.36"
129.212.176.13 - - [21/Jan/2026:21:27:44 +0300] "GET /wp-login.php?redirect_to=https%3A%2F%2Feliteewallet.com%2Fwp-admin%2Findex.php&reauth=1 HTTP/1.1" 200 2208 "https://eliteewallet.com/wp-login.php" "Mozilla/5.0 (X11; Linux x86_64) AppleWebKit/537.36 (KHTML, like Gecko) Chrome/91.0.4472.124 Safari/537.36"
129.212.176.13 - - [21/Jan/2026:21:27:48 +0300] "POST /wp-login.php HTTP/1.1" 200 2358 "https://eliteewallet.com/wp-login.php" "Mozilla/5.0 (Macintosh; Intel Mac OS X 10_15_7) AppleWebKit/605.1.15 (KHTML, like Gecko) Version/15.0 Safari/605.1.15"
129.212.176.13 - - [21/Jan/2026:21:27:51 +0300] "GET /wp-admin/index.php HTTP/1.1" 302 0 "https://eliteewallet.com/wp-login.php" "Mozilla/5.0 (Windows NT 6.1; Win64; x64) AppleWebKit/537.36 (KHTML, like Gecko) Chrome/92.0.4515.131 Safari/537.36"
129.212.176.13 - - [21/Jan/2026:21:27:56 +0300] "GET /wp-login.php?redirect_to=https%3A%2F%2Feliteewallet.com%2Fwp-admin%2Findex.php&reauth=1 HTTP/1.1" 200 2208 "https://eliteewallet.com/wp-login.php" "Mozilla/5.0 (Windows NT 6.1; Win64; x64) AppleWebKit/537.36 (KHTML, like Gecko) Chrome/92.0.4515.131 Safari/537.36"
129.212.176.13 - - [21/Jan/2026:21:28:00 +0300] "GET /wp-admin/index.php HTTP/1.1" 302 0 "https://eliteewallet.com/wp-login.php" "Mozilla/5.0 (Windows NT 6.1; Win64; x64) AppleWebKit/537.36 (KHTML, like Gecko) Chrome/92.0.4515.131 Safari/537.36"
129.212.176.13 - - [21/Jan/2026:21:28:05 +0300] "POST /wp-login.php HTTP/1.1" 200 2358 "https://eliteewallet.com/wp-login.php" "Mozilla/5.0 (Macintosh; Intel Mac OS X 10_15_7) AppleWebKit/605.1.15 (KHTML, like Gecko) Version/15.0 Safari/605.1.15"
129.212.176.13 - - [21/Jan/2026:21:28:09 +0300] "GET /wp-admin/index.php HTTP/1.1" 302 0 "https://eliteewallet.com/wp-login.php" "Mozilla/5.0 (Windows NT 10.0; Win64; x64) AppleWebKit/537.36 (KHTML, like Gecko) Chrome/92.0.4515.131 Safari/537.36"
129.212.176.13 - - [21/Jan/2026:21:28:12 +0300] "GET /wp-login.php?redirect_to=https%3A%2F%2Feliteewallet.com%2Fwp-admin%2Findex.php&reauth=1 HTTP/1.1" 200 2208 "https://eliteewallet.com/wp-login.php" "Mozilla/5.0 (Windows NT 10.0; Win64; x64) AppleWebKit/537.36 (KHTML, like Gecko) Chrome/92.0.4515.131 Safari/537.36"
129.212.176.13 - - [21/Jan/2026:21:28:15 +0300] "GET /wp-admin/index.php HTTP/1.1" 302 0 "https://eliteewallet.com/wp-login.php" "Mozilla/5.0 (Windows NT 10.0; Win64; x64) AppleWebKit/537.36 (KHTML, like Gecko) Chrome/92.0.4515.131 Safari/537.36"
129.212.176.13 - - [21/Jan/2026:21:28:19 +0300] "GET /wp-login.php?redirect_to=https%3A%2F%2Feliteewallet.com%2Fwp-admin%2Findex.php&reauth=1 HTTP/1.1" 200 2208 "https://eliteewallet.com/wp-login.php" "Mozilla/5.0 (Windows NT 10.0; Win64; x64) AppleWebKit/537.36 (KHTML, like Gecko) Chrome/92.0.4515.131 Safari/537.36"
57.128.52.136 - - [21/Jan/2026:21:30:29 +0300] "POST /wp-cron.php?doing_wp_cron=1769020229.2443048954010009765625 HTTP/1.1" 200 0 "-" "WordPress/6.9; https://eliteewallet.com"
57.128.52.136 - - [21/Jan/2026:21:30:58 +0300] "POST /wp-cron.php?doing_wp_cron=1769020258.3249740600585937500000 HTTP/1.1" 200 0 "-" "WordPress/6.9; https://eliteewallet.com"
129.212.176.13 - - [21/Jan/2026:21:30:25 +0300] "GET /wp-login.php?redirect_to=https%3A%2F%2Feliteewallet.com%2Fwp-admin%2Findex.php&reauth=1 HTTP/1.1" 200 2208 "https://eliteewallet.com/wp-login.php" "Mozilla/5.0 (Macintosh; Intel Mac OS X 10_15_7) AppleWebKit/537.36 (KHTML, like Gecko) Chrome/92.0.4515.131 Safari/537.36"
129.212.176.13 - - [21/Jan/2026:21:30:29 +0300] "POST /wp-login.php HTTP/1.1" 200 2358 "https://eliteewallet.com/wp-login.php" "Mozilla/5.0 (Windows NT 10.0; Win64; x64) AppleWebKit/605.1.15 (KHTML, like Gecko) Version/14.1 Safari/605.1.15"
57.128.52.136 - - [21/Jan/2026:21:30:38 +0300] "POST /wp-cron.php?doing_wp_cron=1769020238.4957730770111083984375 HTTP/1.1" 200 0 "-" "WordPress/6.9; https://eliteewallet.com"
129.212.176.13 - - [21/Jan/2026:21:30:36 +0300] "GET /wp-admin/index.php HTTP/1.1" 302 0 "https://eliteewallet.com/wp-login.php" "Mozilla/5.0 (X11; Linux x86_64) AppleWebKit/537.36 (KHTML, like Gecko) Chrome/94.0.4606.71 Safari/537.36"
129.212.176.13 - - [21/Jan/2026:21:30:38 +0300] "GET /wp-login.php?redirect_to=https%3A%2F%2Feliteewallet.com%2Fwp-admin%2Findex.php&reauth=1 HTTP/1.1" 200 2208 "https://eliteewallet.com/wp-login.php" "Mozilla/5.0 (X11; Linux x86_64) AppleWebKit/537.36 (KHTML, like Gecko) Chrome/94.0.4606.71 Safari/537.36"
129.212.176.13 - - [21/Jan/2026:21:30:43 +0300] "GET /wp-admin/index.php HTTP/1.1" 302 0 "https://eliteewallet.com/wp-login.php" "Mozilla/5.0 (X11; Linux x86_64) AppleWebKit/537.36 (KHTML, like Gecko) Chrome/94.0.4606.71 Safari/537.36"
