129.212.176.13 - - [21/Jan/2026:21:30:47 +0300] "GET /wp-login.php?redirect_to=https%3A%2F%2Feliteewallet.com%2Fwp-admin%2Findex.php&reauth=1 HTTP/1.1" 200 2208 "https://eliteewallet.com/wp-login.php" "Mozilla/5.0 (X11; Linux x86_64) AppleWebKit/537.36 (KHTML, like Gecko) Chrome/94.0.4606.71 Safari/537.36"
129.212.176.13 - - [21/Jan/2026:21:30:50 +0300] "POST /wp-login.php HTTP/1.1" 200 2358 "https://eliteewallet.com/wp-login.php" "Mozilla/5.0 (Windows NT 10.0; Win64; x64; rv:93.0) Gecko/20100101 Firefox/93.0"
129.212.176.13 - - [21/Jan/2026:21:30:53 +0300] "GET /wp-admin/index.php HTTP/1.1" 302 0 "https://eliteewallet.com/wp-login.php" "Mozilla/5.0 (Windows NT 10.0; Win64; x64; rv:90.0) Gecko/20100101 Firefox/90.0.1"
57.128.52.136 - - [21/Jan/2026:21:31:03 +0300] "POST /wp-admin/admin-ajax.php?action=as_async_request_queue_runner&nonce=1ee81f1e13 HTTP/1.1" 200 0 "-" "WordPress/6.9; https://eliteewallet.com"
57.128.52.136 - - [21/Jan/2026:21:31:38 +0300] "POST /wp-cron.php?doing_wp_cron=1769020298.4316239356994628906250 HTTP/1.1" 200 0 "-" "WordPress/6.9; https://eliteewallet.com"
129.212.176.13 - - [21/Jan/2026:21:31:44 +0300] "POST /wp-login.php HTTP/1.1" 200 2358 "https://eliteewallet.com/wp-login.php" "Mozilla/5.0 (Macintosh; Intel Mac OS X 10_15_7) AppleWebKit/537.36 (KHTML, like Gecko) Chrome/90.0.4430.212 Safari/537.36"
129.212.176.13 - - [21/Jan/2026:21:31:47 +0300] "GET /wp-admin/index.php HTTP/1.1" 302 0 "https://eliteewallet.com/wp-login.php" "Mozilla/5.0 (Windows NT 10.0; Win64; x64; rv:92.0) Gecko/20100101 Firefox/92.0"
129.212.176.13 - - [21/Jan/2026:21:31:49 +0300] "GET /wp-login.php?redirect_to=https%3A%2F%2Feliteewallet.com%2Fwp-admin%2Findex.php&reauth=1 HTTP/1.1" 200 2208 "https://eliteewallet.com/wp-login.php" "Mozilla/5.0 (Windows NT 10.0; Win64; x64; rv:92.0) Gecko/20100101 Firefox/92.0"
129.212.176.13 - - [21/Jan/2026:21:31:52 +0300] "GET /wp-admin/index.php HTTP/1.1" 302 0 "https://eliteewallet.com/wp-login.php" "Mozilla/5.0 (Windows NT 10.0; Win64; x64; rv:92.0) Gecko/20100101 Firefox/92.0"
129.212.176.13 - - [21/Jan/2026:21:31:56 +0300] "GET /wp-login.php?redirect_to=https%3A%2F%2Feliteewallet.com%2Fwp-admin%2Findex.php&reauth=1 HTTP/1.1" 200 2208 "https://eliteewallet.com/wp-login.php" "Mozilla/5.0 (Windows NT 10.0; Win64; x64; rv:92.0) Gecko/20100101 Firefox/92.0"
129.212.176.13 - - [21/Jan/2026:21:31:58 +0300] "POST /wp-login.php HTTP/1.1" 200 2358 "https://eliteewallet.com/wp-login.php" "Mozilla/5.0 (Macintosh; Intel Mac OS X 10_15_7) AppleWebKit/537.36 (KHTML, like Gecko) Chrome/94.0.4606.71 Safari/537.36"
129.212.176.13 - - [21/Jan/2026:21:32:01 +0300] "GET /wp-admin/index.php HTTP/1.1" 302 0 "https://eliteewallet.com/wp-login.php" "Mozilla/5.0 (Macintosh; Intel Mac OS X 10_15_7) AppleWebKit/537.36 (KHTML, like Gecko) Chrome/91.0.4472.124 Safari/537.36"
129.212.176.13 - - [21/Jan/2026:21:32:06 +0300] "GET /wp-admin/index.php HTTP/1.1" 302 0 "https://eliteewallet.com/wp-login.php" "Mozilla/5.0 (Macintosh; Intel Mac OS X 10_15_7) AppleWebKit/537.36 (KHTML, like Gecko) Chrome/91.0.4472.124 Safari/537.36"
129.212.176.13 - - [21/Jan/2026:21:32:10 +0300] "GET /wp-login.php?redirect_to=https%3A%2F%2Feliteewallet.com%2Fwp-admin%2Findex.php&reauth=1 HTTP/1.1" 200 2208 "https://eliteewallet.com/wp-login.php" "Mozilla/5.0 (Macintosh; Intel Mac OS X 10_15_7) AppleWebKit/537.36 (KHTML, like Gecko) Chrome/91.0.4472.124 Safari/537.36"
129.212.176.13 - - [21/Jan/2026:21:32:12 +0300] "POST /wp-login.php HTTP/1.1" 200 2358 "https://eliteewallet.com/wp-login.php" "Mozilla/5.0 (Macintosh; Intel Mac OS X 10_15_7) AppleWebKit/537.36 (KHTML, like Gecko) Chrome/90.0.4430.212 Safari/537.36"
57.128.52.136 - - [21/Jan/2026:21:32:05 +0300] "POST /wp-admin/admin-ajax.php?action=as_async_request_queue_runner&nonce=1ee81f1e13 HTTP/1.1" 200 0 "-" "WordPress/6.9; https://eliteewallet.com"
129.212.176.13 - - [21/Jan/2026:21:32:15 +0300] "GET /wp-admin/index.php HTTP/1.1" 302 0 "https://eliteewallet.com/wp-login.php" "Mozilla/5.0 (X11; Linux x86_64; rv:91.0) Gecko/20100101 Firefox/91.0"
129.212.176.13 - - [21/Jan/2026:21:32:25 +0300] "POST /wp-login.php HTTP/1.1" 200 2358 "https://eliteewallet.com/wp-login.php" "Mozilla/5.0 (Windows NT 6.1; Win64; x64) AppleWebKit/537.36 (KHTML, like Gecko) Chrome/91.0.4472.124 Safari/537.36"
57.128.52.136 - - [21/Jan/2026:21:32:15 +0300] "POST /wp-admin/admin-ajax.php?action=as_async_request_queue_runner&nonce=1ee81f1e13 HTTP/1.1" 200 0 "-" "WordPress/6.9; https://eliteewallet.com"
129.212.176.13 - - [21/Jan/2026:21:32:27 +0300] "GET /wp-admin/index.php HTTP/1.1" 302 0 "https://eliteewallet.com/wp-login.php" "Mozilla/5.0 (Windows NT 10.0; Win64; x64) AppleWebKit/605.1.15 (KHTML, like Gecko) Version/14.1 Safari/605.1.15"
129.212.176.13 - - [21/Jan/2026:21:32:30 +0300] "GET /wp-login.php?redirect_to=https%3A%2F%2Feliteewallet.com%2Fwp-admin%2Findex.php&reauth=1 HTTP/1.1" 200 2208 "https://eliteewallet.com/wp-login.php" "Mozilla/5.0 (Windows NT 10.0; Win64; x64) AppleWebKit/605.1.15 (KHTML, like Gecko) Version/14.1 Safari/605.1.15"
129.212.176.13 - - [21/Jan/2026:21:32:36 +0300] "GET /wp-admin/index.php HTTP/1.1" 302 0 "https://eliteewallet.com/wp-login.php" "Mozilla/5.0 (Windows NT 10.0; Win64; x64) AppleWebKit/605.1.15 (KHTML, like Gecko) Version/14.1 Safari/605.1.15"
129.212.176.13 - - [21/Jan/2026:21:32:41 +0300] "POST /wp-login.php HTTP/1.1" 200 2358 "https://eliteewallet.com/wp-login.php" "Mozilla/5.0 (X11; Linux x86_64; rv:90.0) Gecko/20100101 Firefox/90.0.1"
129.212.176.13 - - [21/Jan/2026:21:32:46 +0300] "GET /wp-admin/index.php HTTP/1.1" 302 0 "https://eliteewallet.com/wp-login.php" "Mozilla/5.0 (Macintosh; Intel Mac OS X 10_15_7) AppleWebKit/605.1.15 (KHTML, like Gecko) Version/15.0 Safari/605.1.15"
129.212.176.13 - - [21/Jan/2026:21:32:50 +0300] "GET /wp-login.php?redirect_to=https%3A%2F%2Feliteewallet.com%2Fwp-admin%2Findex.php&reauth=1 HTTP/1.1" 200 2208 "https://eliteewallet.com/wp-login.php" "Mozilla/5.0 (Macintosh; Intel Mac OS X 10_15_7) AppleWebKit/605.1.15 (KHTML, like Gecko) Version/15.0 Safari/605.1.15"
129.212.176.13 - - [21/Jan/2026:21:32:54 +0300] "GET /wp-admin/index.php HTTP/1.1" 302 0 "https://eliteewallet.com/wp-login.php" "Mozilla/5.0 (Macintosh; Intel Mac OS X 10_15_7) AppleWebKit/605.1.15 (KHTML, like Gecko) Version/15.0 Safari/605.1.15"
129.212.176.13 - - [21/Jan/2026:21:30:58 +0300] "GET /wp-admin/index.php HTTP/1.1" 302 0 "https://eliteewallet.com/wp-login.php" "Mozilla/5.0 (Windows NT 10.0; Win64; x64; rv:90.0) Gecko/20100101 Firefox/90.0.1"
129.212.176.13 - - [21/Jan/2026:21:31:03 +0300] "POST /wp-login.php HTTP/1.1" 200 2358 "https://eliteewallet.com/wp-login.php" "Mozilla/5.0 (Windows NT 6.1; Win64; x64) AppleWebKit/537.36 (KHTML, like Gecko) Chrome/92.0.4515.131 Safari/537.36"
129.212.176.13 - - [21/Jan/2026:21:31:06 +0300] "GET /wp-admin/index.php HTTP/1.1" 302 0 "https://eliteewallet.com/wp-login.php" "Mozilla/5.0 (X11; Linux x86_64) AppleWebKit/537.36 (KHTML, like Gecko) Chrome/91.0.4472.124 Safari/537.36"
129.212.176.13 - - [21/Jan/2026:21:31:09 +0300] "GET /wp-login.php?redirect_to=https%3A%2F%2Feliteewallet.com%2Fwp-admin%2Findex.php&reauth=1 HTTP/1.1" 200 2208 "https://eliteewallet.com/wp-login.php" "Mozilla/5.0 (X11; Linux x86_64) AppleWebKit/537.36 (KHTML, like Gecko) Chrome/91.0.4472.124 Safari/537.36"
129.212.176.13 - - [21/Jan/2026:21:31:15 +0300] "GET /wp-admin/index.php HTTP/1.1" 302 0 "https://eliteewallet.com/wp-login.php" "Mozilla/5.0 (X11; Linux x86_64) AppleWebKit/537.36 (KHTML, like Gecko) Chrome/91.0.4472.124 Safari/537.36"
129.212.176.13 - - [21/Jan/2026:21:31:19 +0300] "GET /wp-login.php?redirect_to=https%3A%2F%2Feliteewallet.com%2Fwp-admin%2Findex.php&reauth=1 HTTP/1.1" 200 2208 "https://eliteewallet.com/wp-login.php" "Mozilla/5.0 (X11; Linux x86_64) AppleWebKit/537.36 (KHTML, like Gecko) Chrome/91.0.4472.124 Safari/537.36"
129.212.176.13 - - [21/Jan/2026:21:31:23 +0300] "POST /wp-login.php HTTP/1.1" 200 2358 "https://eliteewallet.com/wp-login.php" "Mozilla/5.0 (Windows NT 6.1; Win64; x64) AppleWebKit/537.36 (KHTML, like Gecko) Chrome/93.0.4577.63 Safari/537.36"
129.212.176.13 - - [21/Jan/2026:21:31:28 +0300] "GET /wp-admin/index.php HTTP/1.1" 302 0 "https://eliteewallet.com/wp-login.php" "Mozilla/5.0 (Windows NT 6.1; Win64; x64) AppleWebKit/537.36 (KHTML, like Gecko) Chrome/93.0.4577.63 Safari/537.36"
129.212.176.13 - - [21/Jan/2026:21:31:31 +0300] "GET /wp-login.php?redirect_to=https%3A%2F%2Feliteewallet.com%2Fwp-admin%2Findex.php&reauth=1 HTTP/1.1" 200 2208 "https://eliteewallet.com/wp-login.php" "Mozilla/5.0 (Windows NT 6.1; Win64; x64) AppleWebKit/537.36 (KHTML, like Gecko) Chrome/93.0.4577.63 Safari/537.36"
129.212.176.13 - - [21/Jan/2026:21:31:35 +0300] "GET /wp-admin/index.php HTTP/1.1" 302 0 "https://eliteewallet.com/wp-login.php" "Mozilla/5.0 (Windows NT 6.1; Win64; x64) AppleWebKit/537.36 (KHTML, like Gecko) Chrome/93.0.4577.63 Safari/537.36"
129.212.176.13 - - [21/Jan/2026:21:31:38 +0300] "GET /wp-login.php?redirect_to=https%3A%2F%2Feliteewallet.com%2Fwp-admin%2Findex.php&reauth=1 HTTP/1.1" 200 2208 "https://eliteewallet.com/wp-login.php" "Mozilla/5.0 (Windows NT 6.1; Win64; x64) AppleWebKit/537.36 (KHTML, like Gecko) Chrome/93.0.4577.63 Safari/537.36"
129.212.176.13 - - [21/Jan/2026:21:32:20 +0300] "GET /wp-admin/index.php HTTP/1.1" 302 0 "https://eliteewallet.com/wp-login.php" "Mozilla/5.0 (X11; Linux x86_64; rv:91.0) Gecko/20100101 Firefox/91.0"
57.128.52.136 - - [21/Jan/2026:21:32:37 +0300] "POST /wp-cron.php?doing_wp_cron=1769020357.4732959270477294921875 HTTP/1.1" 200 0 "-" "WordPress/6.9; https://eliteewallet.com"
209.87.169.124 - - [21/Jan/2026:21:32:40 +0300] "POST /wp-login.php HTTP/1.1" 200 6591 "-" "Mozilla/5.0"
129.212.176.13 - - [21/Jan/2026:21:32:59 +0300] "POST /wp-login.php HTTP/1.1" 200 2358 "https://eliteewallet.com/wp-login.php" "Mozilla/5.0 (Macintosh; Intel Mac OS X 10_15_7) AppleWebKit/605.1.15 (KHTML, like Gecko) Version/14.1.1 Safari/605.1.15"
66.249.79.160 - - [21/Jan/2026:21:33:06 +0300] "GET /robots.txt HTTP/1.1" 200 96 "-" "Mozilla/5.0 (compatible; Googlebot/2.1; +http://www.google.com/bot.html)"
66.249.68.7 - - [21/Jan/2026:21:33:06 +0300] "GET / HTTP/1.1" 301 0 "-" "Mozilla/5.0 (Linux; Android 6.0.1; Nexus 5X Build/MMB29P) AppleWebKit/537.36 (KHTML, like Gecko) Chrome/143.0.7499.192 Mobile Safari/537.36 (compatible; Googlebot/2.1; +http://www.google.com/bot.html)"
66.249.79.173 - - [21/Jan/2026:21:33:10 +0300] "GET / HTTP/1.1" 200 31199 "-" "Mozilla/5.0 (Linux; Android 6.0.1; Nexus 5X Build/MMB29P) AppleWebKit/537.36 (KHTML, like Gecko) Chrome/143.0.7499.192 Mobile Safari/537.36 (compatible; Googlebot/2.1; +http://www.google.com/bot.html)"
129.212.176.13 - - [21/Jan/2026:21:33:02 +0300] "GET /wp-admin/index.php HTTP/1.1" 302 0 "https://eliteewallet.com/wp-login.php" "Mozilla/5.0 (Windows NT 10.0; Win64; x64) AppleWebKit/605.1.15 (KHTML, like Gecko) Version/14.1 Safari/605.1.15"
66.249.79.160 - - [21/Jan/2026:21:33:14 +0300] "GET /wp-content/uploads/blocksy/css/global.css?ver=33467 HTTP/1.1" 200 2588 "https://eliteewallet.com/" "Mozilla/5.0 (Linux; Android 6.0.1; Nexus 5X Build/MMB29P) AppleWebKit/537.36 (KHTML, like Gecko) Chrome/143.0.7499.192 Mobile Safari/537.36 (compatible; Googlebot/2.1; +http://www.google.com/bot.html)"
66.249.79.160 - - [21/Jan/2026:21:33:14 +0300] "GET /wp-content/plugins/header-footer-elementor/inc/widgets-css/frontend.css?ver=2.8.1 HTTP/1.1" 200 8756 "https://eliteewallet.com/" "Mozilla/5.0 (Linux; Android 6.0.1; Nexus 5X Build/MMB29P) AppleWebKit/537.36 (KHTML, like Gecko) Chrome/143.0.7499.192 Mobile Safari/537.36 (compatible; Googlebot/2.1; +http://www.google.com/bot.html)"
66.249.79.173 - - [21/Jan/2026:21:33:14 +0300] "GET /wp-content/plugins/elementor/assets/lib/animations/styles/rotateInUpLeft.min.css?ver=3.34.2 HTTP/1.1" 200 117 "https://eliteewallet.com/" "Mozilla/5.0 (Linux; Android 6.0.1; Nexus 5X Build/MMB29P) AppleWebKit/537.36 (KHTML, like Gecko) Chrome/143.0.7499.192 Mobile Safari/537.36 (compatible; Googlebot/2.1; +http://www.google.com/bot.html)"
66.249.79.173 - - [21/Jan/2026:21:33:15 +0300] "GET /wp-content/plugins/elementor/assets/lib/animations/styles/rotateInDownRight.min.css?ver=3.34.2 HTTP/1.1" 200 113 "https://eliteewallet.com/" "Mozilla/5.0 (Linux; Android 6.0.1; Nexus 5X Build/MMB29P) AppleWebKit/537.36 (KHTML, like Gecko) Chrome/143.0.7499.192 Mobile Safari/537.36 (compatible; Googlebot/2.1; +http://www.google.com/bot.html)"
66.249.79.173 - - [21/Jan/2026:21:33:15 +0300] "GET /wp-content/plugins/elementor/assets/lib/animations/styles/fadeInDown.min.css?ver=3.34.2 HTTP/1.1" 200 137 "https://eliteewallet.com/" "Mozilla/5.0 (Linux; Android 6.0.1; Nexus 5X Build/MMB29P) AppleWebKit/537.36 (KHTML, like Gecko) Chrome/143.0.7499.192 Mobile Safari/537.36 (compatible; Googlebot/2.1; +http://www.google.com/bot.html)"
66.249.79.173 - - [21/Jan/2026:21:33:15 +0300] "GET /wp-content/plugins/elementor/assets/css/widget-heading.min.css?ver=3.34.2 HTTP/1.1" 200 126 "https://eliteewallet.com/" "Mozilla/5.0 (Linux; Android 6.0.1; Nexus 5X Build/MMB29P) AppleWebKit/537.36 (KHTML, like Gecko) Chrome/143.0.7499.192 Mobile Safari/537.36 (compatible; Googlebot/2.1; +http://www.google.com/bot.html)"
66.249.79.173 - - [21/Jan/2026:21:33:16 +0300] "GET /wp-content/plugins/elementor/assets/css/widget-image.min.css?ver=3.34.2 HTTP/1.1" 200 96 "https://eliteewallet.com/" "Mozilla/5.0 (Linux; Android 6.0.1; Nexus 5X Build/MMB29P) AppleWebKit/537.36 (KHTML, like Gecko) Chrome/143.0.7499.192 Mobile Safari/537.36 (compatible; Googlebot/2.1; +http://www.google.com/bot.html)"
66.249.79.173 - - [21/Jan/2026:21:33:16 +0300] "GET /wp-content/plugins/elementor/assets/css/frontend.min.css?ver=3.34.2 HTTP/1.1" 200 6575 "https://eliteewallet.com/" "Mozilla/5.0 (Linux; Android 6.0.1; Nexus 5X Build/MMB29P) AppleWebKit/537.36 (KHTML, like Gecko) Chrome/143.0.7499.192 Mobile Safari/537.36 (compatible; Googlebot/2.1; +http://www.google.com/bot.html)"
66.249.79.173 - - [21/Jan/2026:21:33:17 +0300] "GET /wp-content/plugins/elementor/assets/lib/animations/styles/rubberBand.min.css?ver=3.34.2 HTTP/1.1" 200 121 "https://eliteewallet.com/" "Mozilla/5.0 (Linux; Android 6.0.1; Nexus 5X Build/MMB29P) AppleWebKit/537.36 (KHTML, like Gecko) Chrome/143.0.7499.192 Mobile Safari/537.36 (compatible; Googlebot/2.1; +http://www.google.com/bot.html)"
66.249.79.173 - - [21/Jan/2026:21:33:17 +0300] "GET /wp-content/plugins/elementor/assets/lib/animations/styles/fadeIn.min.css?ver=3.34.2 HTTP/1.1" 200 77 "https://eliteewallet.com/" "Mozilla/5.0 (Linux; Android 6.0.1; Nexus 5X Build/MMB29P) AppleWebKit/537.36 (KHTML, like Gecko) Chrome/143.0.7499.192 Mobile Safari/537.36 (compatible; Googlebot/2.1; +http://www.google.com/bot.html)"
66.249.79.173 - - [21/Jan/2026:21:33:18 +0300] "GET /wp-content/plugins/elementor/assets/lib/animations/styles/slideInDown.min.css?ver=3.34.2 HTTP/1.1" 200 153 "https://eliteewallet.com/" "Mozilla/5.0 (Linux; Android 6.0.1; Nexus 5X Build/MMB29P) AppleWebKit/537.36 (KHTML, like Gecko) Chrome/143.0.7499.192 Mobile Safari/537.36 (compatible; Googlebot/2.1; +http://www.google.com/bot.html)"
66.249.79.173 - - [21/Jan/2026:21:33:18 +0300] "GET /wp-content/plugins/elementor/assets/lib/animations/styles/fadeInUp.min.css?ver=3.34.2 HTTP/1.1" 200 130 "https://eliteewallet.com/" "Mozilla/5.0 (Linux; Android 6.0.1; Nexus 5X Build/MMB29P) AppleWebKit/537.36 (KHTML, like Gecko) Chrome/143.0.7499.192 Mobile Safari/537.36 (compatible; Googlebot/2.1; +http://www.google.com/bot.html)"
66.249.79.173 - - [21/Jan/2026:21:33:19 +0300] "GET /wp-content/plugins/elementor/assets/lib/animations/styles/slideInLeft.min.css?ver=3.34.2 HTTP/1.1" 200 153 "https://eliteewallet.com/" "Mozilla/5.0 (Linux; Android 6.0.1; Nexus 5X Build/MMB29P) AppleWebKit/537.36 (KHTML, like Gecko) Chrome/143.0.7499.192 Mobile Safari/537.36 (compatible; Googlebot/2.1; +http://www.google.com/bot.html)"
66.249.79.173 - - [21/Jan/2026:21:33:19 +0300] "GET /wp-content/themes/blocksy/static/bundle/page-title.min.css?ver=2.1.25 HTTP/1.1" 200 415 "https://eliteewallet.com/" "Mozilla/5.0 (Linux; Android 6.0.1; Nexus 5X Build/MMB29P) AppleWebKit/537.36 (KHTML, like Gecko) Chrome/143.0.7499.192 Mobile Safari/537.36 (compatible; Googlebot/2.1; +http://www.google.com/bot.html)"
66.249.79.173 - - [21/Jan/2026:21:33:20 +0300] "GET /wp-content/plugins/elementor/assets/js/webpack.runtime.min.js?ver=3.34.2 HTTP/1.1" 200 2255 "https://eliteewallet.com/" "Mozilla/5.0 (Linux; Android 6.0.1; Nexus 5X Build/MMB29P) AppleWebKit/537.36 (KHTML, like Gecko) Chrome/143.0.7499.192 Mobile Safari/537.36 (compatible; Googlebot/2.1; +http://www.google.com/bot.html)"
66.249.79.173 - - [21/Jan/2026:21:33:20 +0300] "GET /wp-content/plugins/elementor/assets/js/frontend-modules.min.js?ver=3.34.2 HTTP/1.1" 200 24623 "https://eliteewallet.com/" "Mozilla/5.0 (Linux; Android 6.0.1; Nexus 5X Build/MMB29P) AppleWebKit/537.36 (KHTML, like Gecko) Chrome/143.0.7499.192 Mobile Safari/537.36 (compatible; Googlebot/2.1; +http://www.google.com/bot.html)"
66.249.79.173 - - [21/Jan/2026:21:33:21 +0300] "GET /wp-content/plugins/smart-slider-3/Public/SmartSlider3/Application/Frontend/Assets/dist/smartslider.min.css?ver=c397fa89 HTTP/1.1" 200 3833 "https://eliteewallet.com/" "Mozilla/5.0 (Linux; Android 6.0.1; Nexus 5X Build/MMB29P) AppleWebKit/537.36 (KHTML, like Gecko) Chrome/143.0.7499.192 Mobile Safari/537.36 (compatible; Googlebot/2.1; +http://www.google.com/bot.html)"
66.249.79.173 - - [21/Jan/2026:21:33:21 +0300] "GET /wp-includes/js/jquery/jquery.min.js?ver=3.7.1 HTTP/1.1" 200 29744 "https://eliteewallet.com/" "Mozilla/5.0 (Linux; Android 6.0.1; Nexus 5X Build/MMB29P) AppleWebKit/537.36 (KHTML, like Gecko) Chrome/143.0.7499.192 Mobile Safari/537.36 (compatible; Googlebot/2.1; +http://www.google.com/bot.html)"
66.249.79.173 - - [21/Jan/2026:21:33:21 +0300] "GET /wp-content/plugins/elementor/assets/lib/animations/styles/rotateInUpRight.min.css?ver=3.34.2 HTTP/1.1" 200 116 "https://eliteewallet.com/" "Mozilla/5.0 (Linux; Android 6.0.1; Nexus 5X Build/MMB29P) AppleWebKit/537.36 (KHTML, like Gecko) Chrome/143.0.7499.192 Mobile Safari/537.36 (compatible; Googlebot/2.1; +http://www.google.com/bot.html)"
66.249.79.173 - - [21/Jan/2026:21:33:22 +0300] "GET /wp-content/plugins/elementor/assets/lib/animations/styles/slideInUp.min.css?ver=3.34.2 HTTP/1.1" 200 146 "https://eliteewallet.com/" "Mozilla/5.0 (Linux; Android 6.0.1; Nexus 5X Build/MMB29P) AppleWebKit/537.36 (KHTML, like Gecko) Chrome/143.0.7499.192 Mobile Safari/537.36 (compatible; Googlebot/2.1; +http://www.google.com/bot.html)"
66.249.79.173 - - [21/Jan/2026:21:33:23 +0300] "GET /wp-content/plugins/elementor/assets/lib/font-awesome/css/solid.css?ver=5.15.3 HTTP/1.1" 200 296 "https://eliteewallet.com/" "Mozilla/5.0 (Linux; Android 6.0.1; Nexus 5X Build/MMB29P) AppleWebKit/537.36 (KHTML, like Gecko) Chrome/143.0.7499.192 Mobile Safari/537.36 (compatible; Googlebot/2.1; +http://www.google.com/bot.html)"
66.249.79.173 - - [21/Jan/2026:21:33:23 +0300] "GET /wp-content/themes/blocksy/static/bundle/elementor-frontend.min.css?ver=2.1.25 HTTP/1.1" 200 308 "https://eliteewallet.com/" "Mozilla/5.0 (Linux; Android 6.0.1; Nexus 5X Build/MMB29P) AppleWebKit/537.36 (KHTML, like Gecko) Chrome/143.0.7499.192 Mobile Safari/537.36 (compatible; Googlebot/2.1; +http://www.google.com/bot.html)"
66.249.79.173 - - [21/Jan/2026:21:33:23 +0300] "GET /wp-content/plugins/elementor/assets/css/widget-google_maps.min.css?ver=3.34.2 HTTP/1.1" 200 94 "https://eliteewallet.com/" "Mozilla/5.0 (Linux; Android 6.0.1; Nexus 5X Build/MMB29P) AppleWebKit/537.36 (KHTML, like Gecko) Chrome/143.0.7499.192 Mobile Safari/537.36 (compatible; Googlebot/2.1; +http://www.google.com/bot.html)"
66.249.79.173 - - [21/Jan/2026:21:33:24 +0300] "GET /wp-content/plugins/elementor/assets/css/widget-counter.min.css?ver=3.34.2 HTTP/1.1" 200 208 "https://eliteewallet.com/" "Mozilla/5.0 (Linux; Android 6.0.1; Nexus 5X Build/MMB29P) AppleWebKit/537.36 (KHTML, like Gecko) Chrome/143.0.7499.192 Mobile Safari/537.36 (compatible; Googlebot/2.1; +http://www.google.com/bot.html)"
66.249.79.173 - - [21/Jan/2026:21:33:24 +0300] "GET /wp-content/themes/blocksy/static/bundle/forminator.min.css?ver=2.1.25 HTTP/1.1" 200 1038 "https://eliteewallet.com/" "Mozilla/5.0 (Linux; Android 6.0.1; Nexus 5X Build/MMB29P) AppleWebKit/537.36 (KHTML, like Gecko) Chrome/143.0.7499.192 Mobile Safari/537.36 (compatible; Googlebot/2.1; +http://www.google.com/bot.html)"
66.249.79.173 - - [21/Jan/2026:21:33:25 +0300] "GET /wp-content/themes/blocksy/static/bundle/main.min.css?ver=2.1.25 HTTP/1.1" 200 17613 "https://eliteewallet.com/" "Mozilla/5.0 (Linux; Android 6.0.1; Nexus 5X Build/MMB29P) AppleWebKit/537.36 (KHTML, like Gecko) Chrome/143.0.7499.192 Mobile Safari/537.36 (compatible; Googlebot/2.1; +http://www.google.com/bot.html)"
66.249.79.173 - - [21/Jan/2026:21:33:25 +0300] "GET /wp-content/plugins/elementor/assets/lib/animations/styles/fadeInLeft.min.css?ver=3.34.2 HTTP/1.1" 200 137 "https://eliteewallet.com/" "Mozilla/5.0 (Linux; Android 6.0.1; Nexus 5X Build/MMB29P) AppleWebKit/537.36 (KHTML, like Gecko) Chrome/143.0.7499.192 Mobile Safari/537.36 (compatible; Googlebot/2.1; +http://www.google.com/bot.html)"
66.249.79.173 - - [21/Jan/2026:21:33:25 +0300] "GET /wp-content/plugins/elementor/assets/js/frontend.min.js?ver=3.34.2 HTTP/1.1" 200 10035 "https://eliteewallet.com/" "Mozilla/5.0 (Linux; Android 6.0.1; Nexus 5X Build/MMB29P) AppleWebKit/537.36 (KHTML, like Gecko) Chrome/143.0.7499.192 Mobile Safari/537.36 (compatible; Googlebot/2.1; +http://www.google.com/bot.html)"
66.249.79.173 - - [21/Jan/2026:21:33:26 +0300] "GET /wp-content/plugins/the-plus-addons-for-elementor-page-builder/includes/user-experience/update-popup/tp-update-plugin-popup.js?ver=6.4.61768966285 HTTP/1.1" 200 753 "https://eliteewallet.com/" "Mozilla/5.0 (Linux; Android 6.0.1; Nexus 5X Build/MMB29P) AppleWebKit/537.36 (KHTML, like Gecko) Chrome/143.0.7499.192 Mobile Safari/537.36 (compatible; Googlebot/2.1; +http://www.google.com/bot.html)"
66.249.79.173 - - [21/Jan/2026:21:33:26 +0300] "GET /wp-content/plugins/smart-slider-3/Public/SmartSlider3/Application/Frontend/Assets/dist/smartslider-frontend.min.js?ver=c397fa89 HTTP/1.1" 200 25970 "https://eliteewallet.com/" "Mozilla/5.0 (Linux; Android 6.0.1; Nexus 5X Build/MMB29P) AppleWebKit/537.36 (KHTML, like Gecko) Chrome/143.0.7499.192 Mobile Safari/537.36 (compatible; Googlebot/2.1; +http://www.google.com/bot.html)"
66.249.79.173 - - [21/Jan/2026:21:33:27 +0300] "GET /wp-content/plugins/smart-slider-3/Public/SmartSlider3/Slider/SliderType/Simple/Assets/dist/ss-simple.min.js?ver=c397fa89 HTTP/1.1" 200 3019 "https://eliteewallet.com/" "Mozilla/5.0 (Linux; Android 6.0.1; Nexus 5X Build/MMB29P) AppleWebKit/537.36 (KHTML, like Gecko) Chrome/143.0.7499.192 Mobile Safari/537.36 (compatible; Googlebot/2.1; +http://www.google.com/bot.html)"
57.128.52.136 - - [21/Jan/2026:21:33:10 +0300] "POST /wp-admin/admin-ajax.php?action=as_async_request_queue_runner&nonce=1ee81f1e13 HTTP/1.1" 200 0 "-" "WordPress/6.9; https://eliteewallet.com"
66.249.79.173 - - [21/Jan/2026:21:33:27 +0300] "GET /wp-content/plugins/smart-slider-3/Public/SmartSlider3/Slider/SliderType/Simple/Assets/dist/smartslider-backgroundanimation.min.js?ver=c397fa89 HTTP/1.1" 200 150600 "https://eliteewallet.com/" "Mozilla/5.0 (Linux; Android 6.0.1; Nexus 5X Build/MMB29P) AppleWebKit/537.36 (KHTML, like Gecko) Chrome/143.0.7499.192 Mobile Safari/537.36 (compatible; Googlebot/2.1; +http://www.google.com/bot.html)"
66.249.79.173 - - [21/Jan/2026:21:33:28 +0300] "GET /wp-content/plugins/smart-slider-3/Public/SmartSlider3/Widget/Arrow/ArrowImage/Assets/dist/w-arrow-image.min.js?ver=c397fa89 HTTP/1.1" 200 561 "https://eliteewallet.com/" "Mozilla/5.0 (Linux; Android 6.0.1; Nexus 5X Build/MMB29P) AppleWebKit/537.36 (KHTML, like Gecko) Chrome/143.0.7499.192 Mobile Safari/537.36 (compatible; Googlebot/2.1; +http://www.google.com/bot.html)"
66.249.79.173 - - [21/Jan/2026:21:33:28 +0300] "GET /wp-content/plugins/smart-slider-3/Public/SmartSlider3/Application/Frontend/Assets/dist/n2.min.js?ver=c397fa89 HTTP/1.1" 200 12016 "https://eliteewallet.com/" "Mozilla/5.0 (Linux; Android 6.0.1; Nexus 5X Build/MMB29P) AppleWebKit/537.36 (KHTML, like Gecko) Chrome/143.0.7499.192 Mobile Safari/537.36 (compatible; Googlebot/2.1; +http://www.google.com/bot.html)"
66.249.79.173 - - [21/Jan/2026:21:33:28 +0300] "GET /wp-content/plugins/smart-slider-3/Public/SmartSlider3/Widget/Bullet/Assets/dist/w-bullet.min.js?ver=c397fa89 HTTP/1.1" 200 1806 "https://eliteewallet.com/" "Mozilla/5.0 (Linux; Android 6.0.1; Nexus 5X Build/MMB29P) AppleWebKit/537.36 (KHTML, like Gecko) Chrome/143.0.7499.192 Mobile Safari/537.36 (compatible; Googlebot/2.1; +http://www.google.com/bot.html)"
66.249.79.173 - - [21/Jan/2026:21:33:29 +0300] "GET /wp-content/themes/blocksy/static/bundle/main.js?ver=2.1.25 HTTP/1.1" 200 9640 "https://eliteewallet.com/" "Mozilla/5.0 (Linux; Android 6.0.1; Nexus 5X Build/MMB29P) AppleWebKit/537.36 (KHTML, like Gecko) Chrome/143.0.7499.192 Mobile Safari/537.36 (compatible; Googlebot/2.1; +http://www.google.com/bot.html)"
66.249.79.173 - - [21/Jan/2026:21:33:29 +0300] "GET /wp-content/themes/blocksy/static/bundle/907.1390f43c75fed76e2bb4.js HTTP/1.1" 200 1927 "https://eliteewallet.com/" "Mozilla/5.0 (Linux; Android 6.0.1; Nexus 5X Build/MMB29P) AppleWebKit/537.36 (KHTML, like Gecko) Chrome/143.0.7499.192 Mobile Safari/537.36 (compatible; Googlebot/2.1; +http://www.google.com/bot.html)"
66.249.79.173 - - [21/Jan/2026:21:33:30 +0300] "GET /wp-content/plugins/elementor/assets/js/counter.12335f45aaa79d244f24.bundle.min.js HTTP/1.1" 200 415 "https://eliteewallet.com/" "Mozilla/5.0 (Linux; Android 6.0.1; Nexus 5X Build/MMB29P) AppleWebKit/537.36 (KHTML, like Gecko) Chrome/143.0.7499.192 Mobile Safari/537.36 (compatible; Googlebot/2.1; +http://www.google.com/bot.html)"
66.249.79.173 - - [21/Jan/2026:21:33:30 +0300] "GET /wp-content/themes/blocksy/static/bundle/328.55362fd8fa2b20a85265.js HTTP/1.1" 200 1078 "https://eliteewallet.com/" "Mozilla/5.0 (Linux; Android 6.0.1; Nexus 5X Build/MMB29P) AppleWebKit/537.36 (KHTML, like Gecko) Chrome/143.0.7499.192 Mobile Safari/537.36 (compatible; Googlebot/2.1; +http://www.google.com/bot.html)"
66.249.79.173 - - [21/Jan/2026:21:33:30 +0300] "GET /wp-content/themes/blocksy/static/bundle/non-critical-styles.min.css?ver=2.1.25 HTTP/1.1" 200 1247 "https://eliteewallet.com/" "Mozilla/5.0 (Linux; Android 6.0.1; Nexus 5X Build/MMB29P) AppleWebKit/537.36 (KHTML, like Gecko) Chrome/143.0.7499.192 Mobile Safari/537.36 (compatible; Googlebot/2.1; +http://www.google.com/bot.html)"
129.212.176.13 - - [21/Jan/2026:21:33:33 +0300] "POST /wp-login.php HTTP/1.1" 200 2358 "https://eliteewallet.com/wp-login.php" "Mozilla/5.0 (Windows NT 6.1; Win64; x64) AppleWebKit/537.36 (KHTML, like Gecko) Chrome/91.0.4472.124 Safari/537.36"
57.128.52.136 - - [21/Jan/2026:21:33:26 +0300] "POST /wp-admin/admin-ajax.php?action=as_async_request_queue_runner&nonce=1ee81f1e13 HTTP/1.1" 200 0 "-" "WordPress/6.9; https://eliteewallet.com"
129.212.176.13 - - [21/Jan/2026:21:33:35 +0300] "GET /wp-admin/index.php HTTP/1.1" 302 0 "https://eliteewallet.com/wp-login.php" "Mozilla/5.0 (Macintosh; Intel Mac OS X 10_15_7) AppleWebKit/605.1.15 (KHTML, like Gecko) Version/14.1.2 Safari/605.1.15"
129.212.176.13 - - [21/Jan/2026:21:33:39 +0300] "GET /wp-login.php?redirect_to=https%3A%2F%2Feliteewallet.com%2Fwp-admin%2Findex.php&reauth=1 HTTP/1.1" 200 2208 "https://eliteewallet.com/wp-login.php" "Mozilla/5.0 (Macintosh; Intel Mac OS X 10_15_7) AppleWebKit/605.1.15 (KHTML, like Gecko) Version/14.1.2 Safari/605.1.15"
129.212.176.13 - - [21/Jan/2026:21:33:42 +0300] "GET /wp-admin/index.php HTTP/1.1" 302 0 "https://eliteewallet.com/wp-login.php" "Mozilla/5.0 (Macintosh; Intel Mac OS X 10_15_7) AppleWebKit/605.1.15 (KHTML, like Gecko) Version/14.1.2 Safari/605.1.15"
129.212.176.13 - - [21/Jan/2026:21:33:45 +0300] "GET /wp-login.php?redirect_to=https%3A%2F%2Feliteewallet.com%2Fwp-admin%2Findex.php&reauth=1 HTTP/1.1" 200 2208 "https://eliteewallet.com/wp-login.php" "Mozilla/5.0 (Macintosh; Intel Mac OS X 10_15_7) AppleWebKit/605.1.15 (KHTML, like Gecko) Version/14.1.2 Safari/605.1.15"
129.212.176.13 - - [21/Jan/2026:21:33:48 +0300] "POST /wp-login.php HTTP/1.1" 200 2358 "https://eliteewallet.com/wp-login.php" "Mozilla/5.0 (Windows NT 6.1; Win64; x64) AppleWebKit/537.36 (KHTML, like Gecko) Chrome/94.0.4606.71 Safari/537.36"
129.212.176.13 - - [21/Jan/2026:21:33:53 +0300] "GET /wp-admin/index.php HTTP/1.1" 302 0 "https://eliteewallet.com/wp-login.php" "Mozilla/5.0 (Macintosh; Intel Mac OS X 10_15_7) AppleWebKit/537.36 (KHTML, like Gecko) Chrome/90.0.4430.212 Safari/537.36"
129.212.176.13 - - [21/Jan/2026:21:33:55 +0300] "GET /wp-login.php?redirect_to=https%3A%2F%2Feliteewallet.com%2Fwp-admin%2Findex.php&reauth=1 HTTP/1.1" 200 2208 "https://eliteewallet.com/wp-login.php" "Mozilla/5.0 (Macintosh; Intel Mac OS X 10_15_7) AppleWebKit/537.36 (KHTML, like Gecko) Chrome/90.0.4430.212 Safari/537.36"
129.212.176.13 - - [21/Jan/2026:21:33:58 +0300] "GET /wp-admin/index.php HTTP/1.1" 302 0 "https://eliteewallet.com/wp-login.php" "Mozilla/5.0 (Macintosh; Intel Mac OS X 10_15_7) AppleWebKit/537.36 (KHTML, like Gecko) Chrome/90.0.4430.212 Safari/537.36"
129.212.176.13 - - [21/Jan/2026:21:34:02 +0300] "GET /wp-login.php?redirect_to=https%3A%2F%2Feliteewallet.com%2Fwp-admin%2Findex.php&reauth=1 HTTP/1.1" 200 2208 "https://eliteewallet.com/wp-login.php" "Mozilla/5.0 (Macintosh; Intel Mac OS X 10_15_7) AppleWebKit/537.36 (KHTML, like Gecko) Chrome/90.0.4430.212 Safari/537.36"
129.212.176.13 - - [21/Jan/2026:21:34:04 +0300] "POST /wp-login.php HTTP/1.1" 200 2358 "https://eliteewallet.com/wp-login.php" "Mozilla/5.0 (Macintosh; Intel Mac OS X 10_15_7) AppleWebKit/537.36 (KHTML, like Gecko) Chrome/92.0.4515.131 Safari/537.36"
57.128.52.136 - - [21/Jan/2026:21:34:38 +0300] "POST /wp-cron.php?doing_wp_cron=1769020478.9135689735412597656250 HTTP/1.1" 200 0 "-" "WordPress/6.9; https://eliteewallet.com"
129.212.176.13 - - [21/Jan/2026:21:34:57 +0300] "POST /wp-login.php HTTP/1.1" 200 2358 "https://eliteewallet.com/wp-login.php" "Mozilla/5.0 (Windows NT 10.0; Win64; x64) AppleWebKit/605.1.15 (KHTML, like Gecko) Version/14.1 Safari/605.1.15"
129.212.176.13 - - [21/Jan/2026:21:35:04 +0300] "GET /wp-admin/index.php HTTP/1.1" 302 0 "https://eliteewallet.com/wp-login.php" "Mozilla/5.0 (Macintosh; Intel Mac OS X 10_15_7) AppleWebKit/605.1.15 (KHTML, like Gecko) Version/14.1 Safari/605.1.15"
129.212.176.13 - - [21/Jan/2026:21:35:09 +0300] "GET /wp-admin/index.php HTTP/1.1" 302 0 "https://eliteewallet.com/wp-login.php" "Mozilla/5.0 (Macintosh; Intel Mac OS X 10_15_7) AppleWebKit/605.1.15 (KHTML, like Gecko) Version/14.1 Safari/605.1.15"
129.212.176.13 - - [21/Jan/2026:21:35:11 +0300] "GET /wp-login.php?redirect_to=https%3A%2F%2Feliteewallet.com%2Fwp-admin%2Findex.php&reauth=1 HTTP/1.1" 200 2208 "https://eliteewallet.com/wp-login.php" "Mozilla/5.0 (Macintosh; Intel Mac OS X 10_15_7) AppleWebKit/605.1.15 (KHTML, like Gecko) Version/14.1 Safari/605.1.15"
129.212.176.13 - - [21/Jan/2026:21:35:15 +0300] "POST /wp-login.php HTTP/1.1" 200 2358 "https://eliteewallet.com/wp-login.php" "Mozilla/5.0 (X11; Linux x86_64) AppleWebKit/537.36 (KHTML, like Gecko) Chrome/92.0.4515.131 Safari/537.36"
129.212.176.13 - - [21/Jan/2026:21:35:18 +0300] "GET /wp-admin/index.php HTTP/1.1" 302 0 "https://eliteewallet.com/wp-login.php" "Mozilla/5.0 (Windows NT 10.0; Win64; x64) AppleWebKit/605.1.15 (KHTML, like Gecko) Version/15.0 Safari/605.1.15"
129.212.176.13 - - [21/Jan/2026:21:35:22 +0300] "GET /wp-login.php?redirect_to=https%3A%2F%2Feliteewallet.com%2Fwp-admin%2Findex.php&reauth=1 HTTP/1.1" 200 2208 "https://eliteewallet.com/wp-login.php" "Mozilla/5.0 (Windows NT 10.0; Win64; x64) AppleWebKit/605.1.15 (KHTML, like Gecko) Version/15.0 Safari/605.1.15"
129.212.176.13 - - [21/Jan/2026:21:35:25 +0300] "GET /wp-admin/index.php HTTP/1.1" 302 0 "https://eliteewallet.com/wp-login.php" "Mozilla/5.0 (Windows NT 10.0; Win64; x64) AppleWebKit/605.1.15 (KHTML, like Gecko) Version/15.0 Safari/605.1.15"
129.212.176.13 - - [21/Jan/2026:21:35:30 +0300] "GET /wp-login.php?redirect_to=https%3A%2F%2Feliteewallet.com%2Fwp-admin%2Findex.php&reauth=1 HTTP/1.1" 200 2208 "https://eliteewallet.com/wp-login.php" "Mozilla/5.0 (Windows NT 10.0; Win64; x64) AppleWebKit/605.1.15 (KHTML, like Gecko) Version/15.0 Safari/605.1.15"
129.212.176.13 - - [21/Jan/2026:21:35:32 +0300] "POST /wp-login.php HTTP/1.1" 200 2358 "https://eliteewallet.com/wp-login.php" "Mozilla/5.0 (Windows NT 10.0; Win64; x64; rv:91.0) Gecko/20100101 Firefox/91.0"
129.212.176.13 - - [21/Jan/2026:21:35:36 +0300] "GET /wp-admin/index.php HTTP/1.1" 302 0 "https://eliteewallet.com/wp-login.php" "Mozilla/5.0 (Macintosh; Intel Mac OS X 10_15_7) AppleWebKit/537.36 (KHTML, like Gecko) Chrome/91.0.4472.124 Safari/537.36"
129.212.176.13 - - [21/Jan/2026:21:35:39 +0300] "GET /wp-login.php?redirect_to=https%3A%2F%2Feliteewallet.com%2Fwp-admin%2Findex.php&reauth=1 HTTP/1.1" 200 2208 "https://eliteewallet.com/wp-login.php" "Mozilla/5.0 (Macintosh; Intel Mac OS X 10_15_7) AppleWebKit/537.36 (KHTML, like Gecko) Chrome/91.0.4472.124 Safari/537.36"
129.212.176.13 - - [21/Jan/2026:21:35:43 +0300] "GET /wp-admin/index.php HTTP/1.1" 302 0 "https://eliteewallet.com/wp-login.php" "Mozilla/5.0 (Macintosh; Intel Mac OS X 10_15_7) AppleWebKit/537.36 (KHTML, like Gecko) Chrome/91.0.4472.124 Safari/537.36"
129.212.176.13 - - [21/Jan/2026:21:35:45 +0300] "GET /wp-login.php?redirect_to=https%3A%2F%2Feliteewallet.com%2Fwp-admin%2Findex.php&reauth=1 HTTP/1.1" 200 2208 "https://eliteewallet.com/wp-login.php" "Mozilla/5.0 (Macintosh; Intel Mac OS X 10_15_7) AppleWebKit/537.36 (KHTML, like Gecko) Chrome/91.0.4472.124 Safari/537.36"
129.212.176.13 - - [21/Jan/2026:21:34:13 +0300] "GET /wp-admin/index.php HTTP/1.1" 302 0 "https://eliteewallet.com/wp-login.php" "Mozilla/5.0 (Macintosh; Intel Mac OS X 10_15_7) AppleWebKit/537.36 (KHTML, like Gecko) Chrome/91.0.4472.124 Safari/537.36"
129.212.176.13 - - [21/Jan/2026:21:34:17 +0300] "GET /wp-login.php?redirect_to=https%3A%2F%2Feliteewallet.com%2Fwp-admin%2Findex.php&reauth=1 HTTP/1.1" 200 2208 "https://eliteewallet.com/wp-login.php" "Mozilla/5.0 (Macintosh; Intel Mac OS X 10_15_7) AppleWebKit/537.36 (KHTML, like Gecko) Chrome/91.0.4472.124 Safari/537.36"
129.212.176.13 - - [21/Jan/2026:21:34:22 +0300] "POST /wp-login.php HTTP/1.1" 200 2358 "https://eliteewallet.com/wp-login.php" "Mozilla/5.0 (Windows NT 10.0; Win64; x64; rv:92.0) Gecko/20100101 Firefox/92.0"
129.212.176.13 - - [21/Jan/2026:21:34:24 +0300] "GET /wp-admin/index.php HTTP/1.1" 302 0 "https://eliteewallet.com/wp-login.php" "Mozilla/5.0 (X11; Linux x86_64) AppleWebKit/537.36 (KHTML, like Gecko) Chrome/93.0.4577.63 Safari/537.36"
129.212.176.13 - - [21/Jan/2026:21:34:27 +0300] "GET /wp-login.php?redirect_to=https%3A%2F%2Feliteewallet.com%2Fwp-admin%2Findex.php&reauth=1 HTTP/1.1" 200 2208 "https://eliteewallet.com/wp-login.php" "Mozilla/5.0 (X11; Linux x86_64) AppleWebKit/537.36 (KHTML, like Gecko) Chrome/93.0.4577.63 Safari/537.36"
129.212.176.13 - - [21/Jan/2026:21:34:29 +0300] "GET /wp-admin/index.php HTTP/1.1" 302 0 "https://eliteewallet.com/wp-login.php" "Mozilla/5.0 (X11; Linux x86_64) AppleWebKit/537.36 (KHTML, like Gecko) Chrome/93.0.4577.63 Safari/537.36"
129.212.176.13 - - [21/Jan/2026:21:34:32 +0300] "GET /wp-login.php?redirect_to=https%3A%2F%2Feliteewallet.com%2Fwp-admin%2Findex.php&reauth=1 HTTP/1.1" 200 2208 "https://eliteewallet.com/wp-login.php" "Mozilla/5.0 (X11; Linux x86_64) AppleWebKit/537.36 (KHTML, like Gecko) Chrome/93.0.4577.63 Safari/537.36"
129.212.176.13 - - [21/Jan/2026:21:34:34 +0300] "POST /wp-login.php HTTP/1.1" 200 2358 "https://eliteewallet.com/wp-login.php" "Mozilla/5.0 (Macintosh; Intel Mac OS X 10_15_7) AppleWebKit/605.1.15 (KHTML, like Gecko) Version/14.1.2 Safari/605.1.15"
129.212.176.13 - - [21/Jan/2026:21:34:39 +0300] "GET /wp-admin/index.php HTTP/1.1" 302 0 "https://eliteewallet.com/wp-login.php" "Mozilla/5.0 (Windows NT 10.0; Win64; x64) AppleWebKit/537.36 (KHTML, like Gecko) Chrome/94.0.4606.71 Safari/537.36"
129.212.176.13 - - [21/Jan/2026:21:34:43 +0300] "GET /wp-login.php?redirect_to=https%3A%2F%2Feliteewallet.com%2Fwp-admin%2Findex.php&reauth=1 HTTP/1.1" 200 2208 "https://eliteewallet.com/wp-login.php" "Mozilla/5.0 (Windows NT 10.0; Win64; x64) AppleWebKit/537.36 (KHTML, like Gecko) Chrome/94.0.4606.71 Safari/537.36"
129.212.176.13 - - [21/Jan/2026:21:34:47 +0300] "GET /wp-admin/index.php HTTP/1.1" 302 0 "https://eliteewallet.com/wp-login.php" "Mozilla/5.0 (Windows NT 10.0; Win64; x64) AppleWebKit/537.36 (KHTML, like Gecko) Chrome/94.0.4606.71 Safari/537.36"
129.212.176.13 - - [21/Jan/2026:21:34:52 +0300] "GET /wp-login.php?redirect_to=https%3A%2F%2Feliteewallet.com%2Fwp-admin%2Findex.php&reauth=1 HTTP/1.1" 200 2208 "https://eliteewallet.com/wp-login.php" "Mozilla/5.0 (Windows NT 10.0; Win64; x64) AppleWebKit/537.36 (KHTML, like Gecko) Chrome/94.0.4606.71 Safari/537.36"
57.128.52.136 - - [21/Jan/2026:21:35:38 +0300] "POST /wp-cron.php?doing_wp_cron=1769020538.8701300621032714843750 HTTP/1.1" 200 0 "-" "WordPress/6.9; https://eliteewallet.com"
129.212.176.13 - - [21/Jan/2026:21:35:57 +0300] "GET /wp-admin/index.php HTTP/1.1" 302 0 "https://eliteewallet.com/wp-login.php" "Mozilla/5.0 (Macintosh; Intel Mac OS X 10_15_7) AppleWebKit/537.36 (KHTML, like Gecko) Chrome/90.0.4430.212 Safari/537.36"
129.212.176.13 - - [21/Jan/2026:21:36:00 +0300] "GET /wp-login.php?redirect_to=https%3A%2F%2Feliteewallet.com%2Fwp-admin%2Findex.php&reauth=1 HTTP/1.1" 200 2208 "https://eliteewallet.com/wp-login.php" "Mozilla/5.0 (Macintosh; Intel Mac OS X 10_15_7) AppleWebKit/537.36 (KHTML, like Gecko) Chrome/90.0.4430.212 Safari/537.36"
66.249.68.8 - - [21/Jan/2026:21:33:02 +0300] "GET /robots.txt HTTP/1.1" 301 0 "-" "Mozilla/5.0 (compatible; Googlebot/2.1; +http://www.google.com/bot.html)"
129.212.176.13 - - [21/Jan/2026:21:33:07 +0300] "GET /wp-admin/index.php HTTP/1.1" 302 0 "https://eliteewallet.com/wp-login.php" "Mozilla/5.0 (Windows NT 10.0; Win64; x64) AppleWebKit/605.1.15 (KHTML, like Gecko) Version/14.1 Safari/605.1.15"
129.212.176.13 - - [21/Jan/2026:21:33:10 +0300] "GET /wp-login.php?redirect_to=https%3A%2F%2Feliteewallet.com%2Fwp-admin%2Findex.php&reauth=1 HTTP/1.1" 200 2208 "https://eliteewallet.com/wp-login.php" "Mozilla/5.0 (Windows NT 10.0; Win64; x64) AppleWebKit/605.1.15 (KHTML, like Gecko) Version/14.1 Safari/605.1.15"
129.212.176.13 - - [21/Jan/2026:21:33:14 +0300] "POST /wp-login.php HTTP/1.1" 200 2358 "https://eliteewallet.com/wp-login.php" "Mozilla/5.0 (Macintosh; Intel Mac OS X 10_15_7) AppleWebKit/605.1.15 (KHTML, like Gecko) Version/14.0.3 Safari/605.1.15"
129.212.176.13 - - [21/Jan/2026:21:33:17 +0300] "GET /wp-admin/index.php HTTP/1.1" 302 0 "https://eliteewallet.com/wp-login.php" "Mozilla/5.0 (Windows NT 10.0; Win64; x64) AppleWebKit/537.36 (KHTML, like Gecko) Chrome/92.0.4515.131 Safari/537.36"
129.212.176.13 - - [21/Jan/2026:21:33:21 +0300] "GET /wp-login.php?redirect_to=https%3A%2F%2Feliteewallet.com%2Fwp-admin%2Findex.php&reauth=1 HTTP/1.1" 200 2208 "https://eliteewallet.com/wp-login.php" "Mozilla/5.0 (Windows NT 10.0; Win64; x64) AppleWebKit/537.36 (KHTML, like Gecko) Chrome/92.0.4515.131 Safari/537.36"
129.212.176.13 - - [21/Jan/2026:21:33:25 +0300] "GET /wp-admin/index.php HTTP/1.1" 302 0 "https://eliteewallet.com/wp-login.php" "Mozilla/5.0 (Windows NT 10.0; Win64; x64) AppleWebKit/537.36 (KHTML, like Gecko) Chrome/92.0.4515.131 Safari/537.36"
129.212.176.13 - - [21/Jan/2026:21:33:28 +0300] "GET /wp-login.php?redirect_to=https%3A%2F%2Feliteewallet.com%2Fwp-admin%2Findex.php&reauth=1 HTTP/1.1" 200 2208 "https://eliteewallet.com/wp-login.php" "Mozilla/5.0 (Windows NT 10.0; Win64; x64) AppleWebKit/537.36 (KHTML, like Gecko) Chrome/92.0.4515.131 Safari/537.36"
57.128.52.136 - - [21/Jan/2026:21:33:39 +0300] "POST /wp-cron.php?doing_wp_cron=1769020418.9870600700378417968750 HTTP/1.1" 200 0 "-" "WordPress/6.9; https://eliteewallet.com"
129.212.176.13 - - [21/Jan/2026:21:36:05 +0300] "POST /wp-login.php HTTP/1.1" 200 2358 "https://eliteewallet.com/wp-login.php" "Mozilla/5.0 (Windows NT 6.1; Win64; x64; rv:91.0) Gecko/20100101 Firefox/91.0"
129.212.176.13 - - [21/Jan/2026:21:36:08 +0300] "GET /wp-admin/index.php HTTP/1.1" 302 0 "https://eliteewallet.com/wp-login.php" "Mozilla/5.0 (Windows NT 6.1; Win64; x64; rv:93.0) Gecko/20100101 Firefox/93.0"
129.212.176.13 - - [21/Jan/2026:21:36:12 +0300] "GET /wp-login.php?redirect_to=https%3A%2F%2Feliteewallet.com%2Fwp-admin%2Findex.php&reauth=1 HTTP/1.1" 200 2208 "https://eliteewallet.com/wp-login.php" "Mozilla/5.0 (Windows NT 6.1; Win64; x64; rv:93.0) Gecko/20100101 Firefox/93.0"
129.212.176.13 - - [21/Jan/2026:21:36:16 +0300] "GET /wp-admin/index.php HTTP/1.1" 302 0 "https://eliteewallet.com/wp-login.php" "Mozilla/5.0 (Windows NT 6.1; Win64; x64; rv:93.0) Gecko/20100101 Firefox/93.0"
129.212.176.13 - - [21/Jan/2026:21:36:20 +0300] "GET /wp-login.php?redirect_to=https%3A%2F%2Feliteewallet.com%2Fwp-admin%2Findex.php&reauth=1 HTTP/1.1" 200 2208 "https://eliteewallet.com/wp-login.php" "Mozilla/5.0 (Windows NT 6.1; Win64; x64; rv:93.0) Gecko/20100101 Firefox/93.0"
129.212.176.13 - - [21/Jan/2026:21:36:23 +0300] "POST /wp-login.php HTTP/1.1" 200 2358 "https://eliteewallet.com/wp-login.php" "Mozilla/5.0 (Windows NT 10.0; Win64; x64) AppleWebKit/605.1.15 (KHTML, like Gecko) Version/14.1 Safari/605.1.15"
129.212.176.13 - - [21/Jan/2026:21:36:28 +0300] "GET /wp-admin/index.php HTTP/1.1" 302 0 "https://eliteewallet.com/wp-login.php" "Mozilla/5.0 (Windows NT 10.0; Win64; x64) AppleWebKit/605.1.15 (KHTML, like Gecko) Version/14.1.2 Safari/605.1.15"
129.212.176.13 - - [21/Jan/2026:21:36:31 +0300] "GET /wp-login.php?redirect_to=https%3A%2F%2Feliteewallet.com%2Fwp-admin%2Findex.php&reauth=1 HTTP/1.1" 200 2208 "https://eliteewallet.com/wp-login.php" "Mozilla/5.0 (Windows NT 10.0; Win64; x64) AppleWebKit/605.1.15 (KHTML, like Gecko) Version/14.1.2 Safari/605.1.15"
129.212.176.13 - - [21/Jan/2026:21:36:33 +0300] "GET /wp-admin/index.php HTTP/1.1" 302 0 "https://eliteewallet.com/wp-login.php" "Mozilla/5.0 (Windows NT 10.0; Win64; x64) AppleWebKit/605.1.15 (KHTML, like Gecko) Version/14.1.2 Safari/605.1.15"
129.212.176.13 - - [21/Jan/2026:21:36:36 +0300] "GET /wp-login.php?redirect_to=https%3A%2F%2Feliteewallet.com%2Fwp-admin%2Findex.php&reauth=1 HTTP/1.1" 200 2208 "https://eliteewallet.com/wp-login.php" "Mozilla/5.0 (Windows NT 10.0; Win64; x64) AppleWebKit/605.1.15 (KHTML, like Gecko) Version/14.1.2 Safari/605.1.15"
129.212.176.13 - - [21/Jan/2026:21:36:38 +0300] "POST /wp-login.php HTTP/1.1" 200 2358 "https://eliteewallet.com/wp-login.php" "Mozilla/5.0 (Windows NT 6.1; Win64; x64; rv:90.0) Gecko/20100101 Firefox/90.0.1"
129.212.176.13 - - [21/Jan/2026:21:36:42 +0300] "GET /wp-admin/index.php HTTP/1.1" 302 0 "https://eliteewallet.com/wp-login.php" "Mozilla/5.0 (Windows NT 6.1; Win64; x64) AppleWebKit/537.36 (KHTML, like Gecko) Chrome/92.0.4515.131 Safari/537.36"
129.212.176.13 - - [21/Jan/2026:21:36:47 +0300] "GET /wp-login.php?redirect_to=https%3A%2F%2Feliteewallet.com%2Fwp-admin%2Findex.php&reauth=1 HTTP/1.1" 200 2208 "https://eliteewallet.com/wp-login.php" "Mozilla/5.0 (Windows NT 6.1; Win64; x64) AppleWebKit/537.36 (KHTML, like Gecko) Chrome/92.0.4515.131 Safari/537.36"
129.212.176.13 - - [21/Jan/2026:21:36:49 +0300] "GET /wp-admin/index.php HTTP/1.1" 302 0 "https://eliteewallet.com/wp-login.php" "Mozilla/5.0 (Windows NT 6.1; Win64; x64) AppleWebKit/537.36 (KHTML, like Gecko) Chrome/92.0.4515.131 Safari/537.36"
129.212.176.13 - - [21/Jan/2026:21:36:51 +0300] "GET /wp-login.php?redirect_to=https%3A%2F%2Feliteewallet.com%2Fwp-admin%2Findex.php&reauth=1 HTTP/1.1" 200 2208 "https://eliteewallet.com/wp-login.php" "Mozilla/5.0 (Windows NT 6.1; Win64; x64) AppleWebKit/537.36 (KHTML, like Gecko) Chrome/92.0.4515.131 Safari/537.36"
57.128.52.136 - - [21/Jan/2026:21:37:39 +0300] "POST /wp-cron.php?doing_wp_cron=1769020658.5953040122985839843750 HTTP/1.1" 200 0 "-" "WordPress/6.9; https://eliteewallet.com"
129.212.176.13 - - [21/Jan/2026:21:37:55 +0300] "POST /wp-login.php HTTP/1.1" 200 2358 "https://eliteewallet.com/wp-login.php" "Mozilla/5.0 (X11; Linux x86_64) AppleWebKit/537.36 (KHTML, like Gecko) Chrome/90.0.4430.212 Safari/537.36"
129.212.176.13 - - [21/Jan/2026:21:37:58 +0300] "GET /wp-admin/index.php HTTP/1.1" 302 0 "https://eliteewallet.com/wp-login.php" "Mozilla/5.0 (X11; Linux x86_64) AppleWebKit/537.36 (KHTML, like Gecko) Chrome/93.0.4577.63 Safari/537.36"
129.212.176.13 - - [21/Jan/2026:21:38:00 +0300] "GET /wp-login.php?redirect_to=https%3A%2F%2Feliteewallet.com%2Fwp-admin%2Findex.php&reauth=1 HTTP/1.1" 200 2208 "https://eliteewallet.com/wp-login.php" "Mozilla/5.0 (X11; Linux x86_64) AppleWebKit/537.36 (KHTML, like Gecko) Chrome/93.0.4577.63 Safari/537.36"
129.212.176.13 - - [21/Jan/2026:21:38:02 +0300] "GET /wp-admin/index.php HTTP/1.1" 302 0 "https://eliteewallet.com/wp-login.php" "Mozilla/5.0 (X11; Linux x86_64) AppleWebKit/537.36 (KHTML, like Gecko) Chrome/93.0.4577.63 Safari/537.36"
129.212.176.13 - - [21/Jan/2026:21:38:06 +0300] "GET /wp-login.php?redirect_to=https%3A%2F%2Feliteewallet.com%2Fwp-admin%2Findex.php&reauth=1 HTTP/1.1" 200 2208 "https://eliteewallet.com/wp-login.php" "Mozilla/5.0 (X11; Linux x86_64) AppleWebKit/537.36 (KHTML, like Gecko) Chrome/93.0.4577.63 Safari/537.36"
129.212.176.13 - - [21/Jan/2026:21:38:08 +0300] "POST /wp-login.php HTTP/1.1" 200 2358 "https://eliteewallet.com/wp-login.php" "Mozilla/5.0 (Macintosh; Intel Mac OS X 10_15_7) AppleWebKit/537.36 (KHTML, like Gecko) Chrome/92.0.4515.131 Safari/537.36"
129.212.176.13 - - [21/Jan/2026:21:38:10 +0300] "GET /wp-admin/index.php HTTP/1.1" 302 0 "https://eliteewallet.com/wp-login.php" "Mozilla/5.0 (Windows NT 10.0; Win64; x64) AppleWebKit/605.1.15 (KHTML, like Gecko) Version/14.1.1 Safari/605.1.15"
129.212.176.13 - - [21/Jan/2026:21:38:15 +0300] "GET /wp-login.php?redirect_to=https%3A%2F%2Feliteewallet.com%2Fwp-admin%2Findex.php&reauth=1 HTTP/1.1" 200 2208 "https://eliteewallet.com/wp-login.php" "Mozilla/5.0 (Windows NT 10.0; Win64; x64) AppleWebKit/605.1.15 (KHTML, like Gecko) Version/14.1.1 Safari/605.1.15"
129.212.176.13 - - [21/Jan/2026:21:38:19 +0300] "GET /wp-admin/index.php HTTP/1.1" 302 0 "https://eliteewallet.com/wp-login.php" "Mozilla/5.0 (Windows NT 10.0; Win64; x64) AppleWebKit/605.1.15 (KHTML, like Gecko) Version/14.1.1 Safari/605.1.15"
129.212.176.13 - - [21/Jan/2026:21:38:40 +0300] "POST /wp-login.php HTTP/1.1" 200 2358 "https://eliteewallet.com/wp-login.php" "Mozilla/5.0 (Macintosh; Intel Mac OS X 10_15_7) AppleWebKit/605.1.15 (KHTML, like Gecko) Version/14.1 Safari/605.1.15"
129.212.176.13 - - [21/Jan/2026:21:38:43 +0300] "GET /wp-admin/index.php HTTP/1.1" 302 0 "https://eliteewallet.com/wp-login.php" "Mozilla/5.0 (Macintosh; Intel Mac OS X 10_15_7) AppleWebKit/605.1.15 (KHTML, like Gecko) Version/14.1.1 Safari/605.1.15"
57.128.52.136 - - [21/Jan/2026:21:38:48 +0300] "POST /wp-cron.php?doing_wp_cron=1769020727.7733418941497802734375 HTTP/1.1" 200 0 "-" "WordPress/6.9; https://eliteewallet.com"
129.212.176.13 - - [21/Jan/2026:21:38:46 +0300] "GET /wp-login.php?redirect_to=https%3A%2F%2Feliteewallet.com%2Fwp-admin%2Findex.php&reauth=1 HTTP/1.1" 200 2208 "https://eliteewallet.com/wp-login.php" "Mozilla/5.0 (Macintosh; Intel Mac OS X 10_15_7) AppleWebKit/605.1.15 (KHTML, like Gecko) Version/14.1.1 Safari/605.1.15"
129.212.176.13 - - [21/Jan/2026:21:38:50 +0300] "GET /wp-admin/index.php HTTP/1.1" 302 0 "https://eliteewallet.com/wp-login.php" "Mozilla/5.0 (Macintosh; Intel Mac OS X 10_15_7) AppleWebKit/605.1.15 (KHTML, like Gecko) Version/14.1.1 Safari/605.1.15"
129.212.176.13 - - [21/Jan/2026:21:34:08 +0300] "GET /wp-admin/index.php HTTP/1.1" 302 0 "https://eliteewallet.com/wp-login.php" "Mozilla/5.0 (Macintosh; Intel Mac OS X 10_15_7) AppleWebKit/537.36 (KHTML, like Gecko) Chrome/91.0.4472.124 Safari/537.36"
129.212.176.13 - - [21/Jan/2026:21:36:53 +0300] "POST /wp-login.php HTTP/1.1" 200 2358 "https://eliteewallet.com/wp-login.php" "Mozilla/5.0 (Windows NT 6.1; Win64; x64) AppleWebKit/537.36 (KHTML, like Gecko) Chrome/90.0.4430.212 Safari/537.36"
129.212.176.13 - - [21/Jan/2026:21:36:56 +0300] "GET /wp-admin/index.php HTTP/1.1" 302 0 "https://eliteewallet.com/wp-login.php" "Mozilla/5.0 (Windows NT 10.0; Win64; x64) AppleWebKit/605.1.15 (KHTML, like Gecko) Version/14.1.1 Safari/605.1.15"
129.212.176.13 - - [21/Jan/2026:21:36:59 +0300] "GET /wp-login.php?redirect_to=https%3A%2F%2Feliteewallet.com%2Fwp-admin%2Findex.php&reauth=1 HTTP/1.1" 200 2208 "https://eliteewallet.com/wp-login.php" "Mozilla/5.0 (Windows NT 10.0; Win64; x64) AppleWebKit/605.1.15 (KHTML, like Gecko) Version/14.1.1 Safari/605.1.15"
129.212.176.13 - - [21/Jan/2026:21:37:00 +0300] "GET /wp-admin/index.php HTTP/1.1" 302 0 "https://eliteewallet.com/wp-login.php" "Mozilla/5.0 (Windows NT 10.0; Win64; x64) AppleWebKit/605.1.15 (KHTML, like Gecko) Version/14.1.1 Safari/605.1.15"
129.212.176.13 - - [21/Jan/2026:21:37:04 +0300] "GET /wp-login.php?redirect_to=https%3A%2F%2Feliteewallet.com%2Fwp-admin%2Findex.php&reauth=1 HTTP/1.1" 200 2208 "https://eliteewallet.com/wp-login.php" "Mozilla/5.0 (Windows NT 10.0; Win64; x64) AppleWebKit/605.1.15 (KHTML, like Gecko) Version/14.1.1 Safari/605.1.15"
129.212.176.13 - - [21/Jan/2026:21:37:08 +0300] "POST /wp-login.php HTTP/1.1" 200 2358 "https://eliteewallet.com/wp-login.php" "Mozilla/5.0 (X11; Linux x86_64) AppleWebKit/537.36 (KHTML, like Gecko) Chrome/94.0.4606.71 Safari/537.36"
129.212.176.13 - - [21/Jan/2026:21:37:12 +0300] "GET /wp-admin/index.php HTTP/1.1" 302 0 "https://eliteewallet.com/wp-login.php" "Mozilla/5.0 (X11; Linux x86_64) AppleWebKit/537.36 (KHTML, like Gecko) Chrome/91.0.4472.124 Safari/537.36"
