165.245.142.222 - - [21/Jan/2026:09:45:07 +0300] "GET /wp-login.php?redirect_to=https%3A%2F%2Feliteewallet.com%2Fwp-admin%2Findex.php&reauth=1 HTTP/1.1" 200 2208 "https://eliteewallet.com/wp-login.php" "Mozilla/5.0 (Windows NT 10.0; Win64; x64) AppleWebKit/537.36 (KHTML, like Gecko) Chrome/94.0.4606.71 Safari/537.36"
165.245.142.222 - - [21/Jan/2026:09:45:11 +0300] "GET /wp-admin/index.php HTTP/1.1" 302 0 "https://eliteewallet.com/wp-login.php" "Mozilla/5.0 (Windows NT 10.0; Win64; x64) AppleWebKit/537.36 (KHTML, like Gecko) Chrome/94.0.4606.71 Safari/537.36"
165.245.142.222 - - [21/Jan/2026:09:45:15 +0300] "GET /wp-login.php?redirect_to=https%3A%2F%2Feliteewallet.com%2Fwp-admin%2Findex.php&reauth=1 HTTP/1.1" 200 2208 "https://eliteewallet.com/wp-login.php" "Mozilla/5.0 (Windows NT 10.0; Win64; x64) AppleWebKit/537.36 (KHTML, like Gecko) Chrome/94.0.4606.71 Safari/537.36"
165.245.142.222 - - [21/Jan/2026:09:45:19 +0300] "POST /wp-login.php HTTP/1.1" 200 2361 "https://eliteewallet.com/wp-login.php" "Mozilla/5.0 (Macintosh; Intel Mac OS X 10_15_7; rv:89.0) Gecko/20100101 Firefox/89.0.2"
165.245.142.222 - - [21/Jan/2026:09:45:22 +0300] "GET /wp-admin/index.php HTTP/1.1" 302 0 "https://eliteewallet.com/wp-login.php" "Mozilla/5.0 (Windows NT 10.0; Win64; x64) AppleWebKit/537.36 (KHTML, like Gecko) Chrome/91.0.4472.124 Safari/537.36"
165.245.142.222 - - [21/Jan/2026:09:45:25 +0300] "GET /wp-login.php?redirect_to=https%3A%2F%2Feliteewallet.com%2Fwp-admin%2Findex.php&reauth=1 HTTP/1.1" 200 2208 "https://eliteewallet.com/wp-login.php" "Mozilla/5.0 (Windows NT 10.0; Win64; x64) AppleWebKit/537.36 (KHTML, like Gecko) Chrome/91.0.4472.124 Safari/537.36"
57.128.52.136 - - [21/Jan/2026:09:45:29 +0300] "POST /wp-cron.php?doing_wp_cron=1768977929.8680350780487060546875 HTTP/1.1" 200 0 "-" "WordPress/6.9; https://eliteewallet.com"
165.245.142.222 - - [21/Jan/2026:09:45:27 +0300] "GET /wp-admin/index.php HTTP/1.1" 302 0 "https://eliteewallet.com/wp-login.php" "Mozilla/5.0 (Windows NT 10.0; Win64; x64) AppleWebKit/537.36 (KHTML, like Gecko) Chrome/91.0.4472.124 Safari/537.36"
165.245.142.222 - - [21/Jan/2026:09:45:30 +0300] "GET /wp-login.php?redirect_to=https%3A%2F%2Feliteewallet.com%2Fwp-admin%2Findex.php&reauth=1 HTTP/1.1" 200 2208 "https://eliteewallet.com/wp-login.php" "Mozilla/5.0 (Windows NT 10.0; Win64; x64) AppleWebKit/537.36 (KHTML, like Gecko) Chrome/91.0.4472.124 Safari/537.36"
57.128.52.136 - - [21/Jan/2026:09:45:38 +0300] "POST /wp-cron.php?doing_wp_cron=1768977938.0986869335174560546875 HTTP/1.1" 200 0 "-" "WordPress/6.9; https://eliteewallet.com"
165.245.142.222 - - [21/Jan/2026:09:45:33 +0300] "POST /wp-login.php HTTP/1.1" 200 2358 "https://eliteewallet.com/wp-login.php" "Mozilla/5.0 (X11; Linux x86_64; rv:91.0) Gecko/20100101 Firefox/91.0"
165.245.142.222 - - [21/Jan/2026:09:45:38 +0300] "GET /wp-admin/index.php HTTP/1.1" 302 0 "https://eliteewallet.com/wp-login.php" "Mozilla/5.0 (Macintosh; Intel Mac OS X 10_15_7) AppleWebKit/537.36 (KHTML, like Gecko) Chrome/91.0.4472.124 Safari/537.36"
165.245.142.222 - - [21/Jan/2026:09:45:43 +0300] "GET /wp-admin/index.php HTTP/1.1" 302 0 "https://eliteewallet.com/wp-login.php" "Mozilla/5.0 (Macintosh; Intel Mac OS X 10_15_7) AppleWebKit/537.36 (KHTML, like Gecko) Chrome/91.0.4472.124 Safari/537.36"
165.245.142.222 - - [21/Jan/2026:09:45:45 +0300] "GET /wp-login.php?redirect_to=https%3A%2F%2Feliteewallet.com%2Fwp-admin%2Findex.php&reauth=1 HTTP/1.1" 200 2208 "https://eliteewallet.com/wp-login.php" "Mozilla/5.0 (Macintosh; Intel Mac OS X 10_15_7) AppleWebKit/537.36 (KHTML, like Gecko) Chrome/91.0.4472.124 Safari/537.36"
165.245.142.222 - - [21/Jan/2026:09:45:47 +0300] "POST /wp-login.php HTTP/1.1" 200 2363 "https://eliteewallet.com/wp-login.php" "Mozilla/5.0 (X11; Linux x86_64; rv:92.0) Gecko/20100101 Firefox/92.0"
57.128.52.136 - - [21/Jan/2026:09:45:54 +0300] "POST /wp-cron.php?doing_wp_cron=1768977954.2597160339355468750000 HTTP/1.1" 200 0 "-" "WordPress/6.9; https://eliteewallet.com"
165.245.142.222 - - [21/Jan/2026:09:44:11 +0300] "POST /wp-login.php HTTP/1.1" 200 2358 "https://eliteewallet.com/wp-login.php" "Mozilla/5.0 (Windows NT 6.1; Win64; x64) AppleWebKit/537.36 (KHTML, like Gecko) Chrome/90.0.4430.212 Safari/537.36"
165.245.142.222 - - [21/Jan/2026:09:44:18 +0300] "GET /wp-admin/index.php HTTP/1.1" 302 0 "https://eliteewallet.com/wp-login.php" "Mozilla/5.0 (Windows NT 6.1; Win64; x64) AppleWebKit/537.36 (KHTML, like Gecko) Chrome/91.0.4472.124 Safari/537.36"
165.245.142.222 - - [21/Jan/2026:09:44:22 +0300] "GET /wp-login.php?redirect_to=https%3A%2F%2Feliteewallet.com%2Fwp-admin%2Findex.php&reauth=1 HTTP/1.1" 200 2208 "https://eliteewallet.com/wp-login.php" "Mozilla/5.0 (Windows NT 6.1; Win64; x64) AppleWebKit/537.36 (KHTML, like Gecko) Chrome/91.0.4472.124 Safari/537.36"
165.245.142.222 - - [21/Jan/2026:09:44:25 +0300] "GET /wp-admin/index.php HTTP/1.1" 302 0 "https://eliteewallet.com/wp-login.php" "Mozilla/5.0 (Windows NT 6.1; Win64; x64) AppleWebKit/537.36 (KHTML, like Gecko) Chrome/91.0.4472.124 Safari/537.36"
165.245.142.222 - - [21/Jan/2026:09:44:29 +0300] "GET /wp-login.php?redirect_to=https%3A%2F%2Feliteewallet.com%2Fwp-admin%2Findex.php&reauth=1 HTTP/1.1" 200 2208 "https://eliteewallet.com/wp-login.php" "Mozilla/5.0 (Windows NT 6.1; Win64; x64) AppleWebKit/537.36 (KHTML, like Gecko) Chrome/91.0.4472.124 Safari/537.36"
165.245.142.222 - - [21/Jan/2026:09:46:18 +0300] "POST /wp-login.php HTTP/1.1" 200 2360 "https://eliteewallet.com/wp-login.php" "Mozilla/5.0 (X11; Linux x86_64) AppleWebKit/537.36 (KHTML, like Gecko) Chrome/93.0.4577.63 Safari/537.36"
165.245.142.222 - - [21/Jan/2026:09:46:22 +0300] "GET /wp-admin/index.php HTTP/1.1" 302 0 "https://eliteewallet.com/wp-login.php" "Mozilla/5.0 (Windows NT 10.0; Win64; x64) AppleWebKit/537.36 (KHTML, like Gecko) Chrome/94.0.4606.71 Safari/537.36"
165.245.142.222 - - [21/Jan/2026:09:46:27 +0300] "GET /wp-login.php?redirect_to=https%3A%2F%2Feliteewallet.com%2Fwp-admin%2Findex.php&reauth=1 HTTP/1.1" 200 2208 "https://eliteewallet.com/wp-login.php" "Mozilla/5.0 (Windows NT 10.0; Win64; x64) AppleWebKit/537.36 (KHTML, like Gecko) Chrome/94.0.4606.71 Safari/537.36"
165.245.142.222 - - [21/Jan/2026:09:46:29 +0300] "GET /wp-admin/index.php HTTP/1.1" 302 0 "https://eliteewallet.com/wp-login.php" "Mozilla/5.0 (Windows NT 10.0; Win64; x64) AppleWebKit/537.36 (KHTML, like Gecko) Chrome/94.0.4606.71 Safari/537.36"
165.245.142.222 - - [21/Jan/2026:09:46:31 +0300] "GET /wp-login.php?redirect_to=https%3A%2F%2Feliteewallet.com%2Fwp-admin%2Findex.php&reauth=1 HTTP/1.1" 200 2208 "https://eliteewallet.com/wp-login.php" "Mozilla/5.0 (Windows NT 10.0; Win64; x64) AppleWebKit/537.36 (KHTML, like Gecko) Chrome/94.0.4606.71 Safari/537.36"
165.245.142.222 - - [21/Jan/2026:09:46:33 +0300] "POST /wp-login.php HTTP/1.1" 200 2362 "https://eliteewallet.com/wp-login.php" "Mozilla/5.0 (Windows NT 10.0; Win64; x64) AppleWebKit/605.1.15 (KHTML, like Gecko) Version/14.1.1 Safari/605.1.15"
57.128.52.136 - - [21/Jan/2026:09:46:37 +0300] "POST /wp-cron.php?doing_wp_cron=1768977997.3296670913696289062500 HTTP/1.1" 200 0 "-" "WordPress/6.9; https://eliteewallet.com"
165.245.142.222 - - [21/Jan/2026:09:46:35 +0300] "GET /wp-admin/index.php HTTP/1.1" 302 0 "https://eliteewallet.com/wp-login.php" "Mozilla/5.0 (Macintosh; Intel Mac OS X 10_15_7) AppleWebKit/537.36 (KHTML, like Gecko) Chrome/90.0.4430.212 Safari/537.36"
165.245.142.222 - - [21/Jan/2026:09:46:37 +0300] "GET /wp-login.php?redirect_to=https%3A%2F%2Feliteewallet.com%2Fwp-admin%2Findex.php&reauth=1 HTTP/1.1" 200 2208 "https://eliteewallet.com/wp-login.php" "Mozilla/5.0 (Macintosh; Intel Mac OS X 10_15_7) AppleWebKit/537.36 (KHTML, like Gecko) Chrome/90.0.4430.212 Safari/537.36"
165.245.142.222 - - [21/Jan/2026:09:46:41 +0300] "GET /wp-admin/index.php HTTP/1.1" 302 0 "https://eliteewallet.com/wp-login.php" "Mozilla/5.0 (Macintosh; Intel Mac OS X 10_15_7) AppleWebKit/537.36 (KHTML, like Gecko) Chrome/90.0.4430.212 Safari/537.36"
165.245.142.222 - - [21/Jan/2026:09:46:45 +0300] "GET /wp-login.php?redirect_to=https%3A%2F%2Feliteewallet.com%2Fwp-admin%2Findex.php&reauth=1 HTTP/1.1" 200 2208 "https://eliteewallet.com/wp-login.php" "Mozilla/5.0 (Macintosh; Intel Mac OS X 10_15_7) AppleWebKit/537.36 (KHTML, like Gecko) Chrome/90.0.4430.212 Safari/537.36"
165.245.142.222 - - [21/Jan/2026:09:46:47 +0300] "POST /wp-login.php HTTP/1.1" 200 2364 "https://eliteewallet.com/wp-login.php" "Mozilla/5.0 (Windows NT 10.0; Win64; x64) AppleWebKit/605.1.15 (KHTML, like Gecko) Version/15.0 Safari/605.1.15"
165.245.142.222 - - [21/Jan/2026:09:46:50 +0300] "GET /wp-admin/index.php HTTP/1.1" 302 0 "https://eliteewallet.com/wp-login.php" "Mozilla/5.0 (Macintosh; Intel Mac OS X 10_15_7) AppleWebKit/605.1.15 (KHTML, like Gecko) Version/14.0.3 Safari/605.1.15"
165.245.142.222 - - [21/Jan/2026:09:46:52 +0300] "GET /wp-login.php?redirect_to=https%3A%2F%2Feliteewallet.com%2Fwp-admin%2Findex.php&reauth=1 HTTP/1.1" 200 2208 "https://eliteewallet.com/wp-login.php" "Mozilla/5.0 (Macintosh; Intel Mac OS X 10_15_7) AppleWebKit/605.1.15 (KHTML, like Gecko) Version/14.0.3 Safari/605.1.15"
165.245.142.222 - - [21/Jan/2026:09:46:55 +0300] "GET /wp-admin/index.php HTTP/1.1" 302 0 "https://eliteewallet.com/wp-login.php" "Mozilla/5.0 (Macintosh; Intel Mac OS X 10_15_7) AppleWebKit/605.1.15 (KHTML, like Gecko) Version/14.0.3 Safari/605.1.15"
165.245.142.222 - - [21/Jan/2026:09:46:58 +0300] "GET /wp-login.php?redirect_to=https%3A%2F%2Feliteewallet.com%2Fwp-admin%2Findex.php&reauth=1 HTTP/1.1" 200 2208 "https://eliteewallet.com/wp-login.php" "Mozilla/5.0 (Macintosh; Intel Mac OS X 10_15_7) AppleWebKit/605.1.15 (KHTML, like Gecko) Version/14.0.3 Safari/605.1.15"
165.245.142.222 - - [21/Jan/2026:09:47:00 +0300] "POST /wp-login.php HTTP/1.1" 200 2358 "https://eliteewallet.com/wp-login.php" "Mozilla/5.0 (Macintosh; Intel Mac OS X 10_15_7) AppleWebKit/605.1.15 (KHTML, like Gecko) Version/14.1 Safari/605.1.15"
165.245.142.222 - - [21/Jan/2026:09:47:03 +0300] "GET /wp-admin/index.php HTTP/1.1" 302 0 "https://eliteewallet.com/wp-login.php" "Mozilla/5.0 (Macintosh; Intel Mac OS X 10_15_7) AppleWebKit/605.1.15 (KHTML, like Gecko) Version/14.0.3 Safari/605.1.15"
165.245.142.222 - - [21/Jan/2026:09:47:06 +0300] "GET /wp-login.php?redirect_to=https%3A%2F%2Feliteewallet.com%2Fwp-admin%2Findex.php&reauth=1 HTTP/1.1" 200 2208 "https://eliteewallet.com/wp-login.php" "Mozilla/5.0 (Macintosh; Intel Mac OS X 10_15_7) AppleWebKit/605.1.15 (KHTML, like Gecko) Version/14.0.3 Safari/605.1.15"
165.245.142.222 - - [21/Jan/2026:09:47:07 +0300] "GET /wp-admin/index.php HTTP/1.1" 302 0 "https://eliteewallet.com/wp-login.php" "Mozilla/5.0 (Macintosh; Intel Mac OS X 10_15_7) AppleWebKit/605.1.15 (KHTML, like Gecko) Version/14.0.3 Safari/605.1.15"
165.245.142.222 - - [21/Jan/2026:09:47:11 +0300] "GET /wp-login.php?redirect_to=https%3A%2F%2Feliteewallet.com%2Fwp-admin%2Findex.php&reauth=1 HTTP/1.1" 200 2208 "https://eliteewallet.com/wp-login.php" "Mozilla/5.0 (Macintosh; Intel Mac OS X 10_15_7) AppleWebKit/605.1.15 (KHTML, like Gecko) Version/14.0.3 Safari/605.1.15"
165.245.142.222 - - [21/Jan/2026:09:47:13 +0300] "POST /wp-login.php HTTP/1.1" 200 2358 "https://eliteewallet.com/wp-login.php" "Mozilla/5.0 (Macintosh; Intel Mac OS X 10_15_7) AppleWebKit/537.36 (KHTML, like Gecko) Chrome/92.0.4515.131 Safari/537.36"
165.245.142.222 - - [21/Jan/2026:09:47:15 +0300] "GET /wp-admin/index.php HTTP/1.1" 302 0 "https://eliteewallet.com/wp-login.php" "Mozilla/5.0 (Macintosh; Intel Mac OS X 10_15_7) AppleWebKit/537.36 (KHTML, like Gecko) Chrome/93.0.4577.63 Safari/537.36"
165.245.142.222 - - [21/Jan/2026:09:47:17 +0300] "GET /wp-login.php?redirect_to=https%3A%2F%2Feliteewallet.com%2Fwp-admin%2Findex.php&reauth=1 HTTP/1.1" 200 2208 "https://eliteewallet.com/wp-login.php" "Mozilla/5.0 (Macintosh; Intel Mac OS X 10_15_7) AppleWebKit/537.36 (KHTML, like Gecko) Chrome/93.0.4577.63 Safari/537.36"
165.245.142.222 - - [21/Jan/2026:09:47:18 +0300] "GET /wp-admin/index.php HTTP/1.1" 302 0 "https://eliteewallet.com/wp-login.php" "Mozilla/5.0 (Macintosh; Intel Mac OS X 10_15_7) AppleWebKit/537.36 (KHTML, like Gecko) Chrome/93.0.4577.63 Safari/537.36"
165.245.142.222 - - [21/Jan/2026:09:47:20 +0300] "GET /wp-login.php?redirect_to=https%3A%2F%2Feliteewallet.com%2Fwp-admin%2Findex.php&reauth=1 HTTP/1.1" 200 2208 "https://eliteewallet.com/wp-login.php" "Mozilla/5.0 (Macintosh; Intel Mac OS X 10_15_7) AppleWebKit/537.36 (KHTML, like Gecko) Chrome/93.0.4577.63 Safari/537.36"
165.245.142.222 - - [21/Jan/2026:09:47:23 +0300] "POST /wp-login.php HTTP/1.1" 200 2358 "https://eliteewallet.com/wp-login.php" "Mozilla/5.0 (X11; Linux x86_64) AppleWebKit/537.36 (KHTML, like Gecko) Chrome/93.0.4577.63 Safari/537.36"
165.245.142.222 - - [21/Jan/2026:09:47:27 +0300] "GET /wp-admin/index.php HTTP/1.1" 302 0 "https://eliteewallet.com/wp-login.php" "Mozilla/5.0 (Macintosh; Intel Mac OS X 10_15_7) AppleWebKit/605.1.15 (KHTML, like Gecko) Version/14.0.3 Safari/605.1.15"
165.245.142.222 - - [21/Jan/2026:09:47:30 +0300] "GET /wp-login.php?redirect_to=https%3A%2F%2Feliteewallet.com%2Fwp-admin%2Findex.php&reauth=1 HTTP/1.1" 200 2208 "https://eliteewallet.com/wp-login.php" "Mozilla/5.0 (Macintosh; Intel Mac OS X 10_15_7) AppleWebKit/605.1.15 (KHTML, like Gecko) Version/14.0.3 Safari/605.1.15"
165.245.142.222 - - [21/Jan/2026:09:47:33 +0300] "GET /wp-admin/index.php HTTP/1.1" 302 0 "https://eliteewallet.com/wp-login.php" "Mozilla/5.0 (Macintosh; Intel Mac OS X 10_15_7) AppleWebKit/605.1.15 (KHTML, like Gecko) Version/14.0.3 Safari/605.1.15"
165.245.142.222 - - [21/Jan/2026:09:47:34 +0300] "GET /wp-login.php?redirect_to=https%3A%2F%2Feliteewallet.com%2Fwp-admin%2Findex.php&reauth=1 HTTP/1.1" 200 2208 "https://eliteewallet.com/wp-login.php" "Mozilla/5.0 (Macintosh; Intel Mac OS X 10_15_7) AppleWebKit/605.1.15 (KHTML, like Gecko) Version/14.0.3 Safari/605.1.15"
57.128.52.136 - - [21/Jan/2026:09:47:38 +0300] "POST /wp-cron.php?doing_wp_cron=1768978058.4089350700378417968750 HTTP/1.1" 200 0 "-" "WordPress/6.9; https://eliteewallet.com"
165.245.142.222 - - [21/Jan/2026:09:47:36 +0300] "POST /wp-login.php HTTP/1.1" 200 2364 "https://eliteewallet.com/wp-login.php" "Mozilla/5.0 (Windows NT 6.1; Win64; x64; rv:93.0) Gecko/20100101 Firefox/93.0"
165.245.142.222 - - [21/Jan/2026:09:47:38 +0300] "GET /wp-admin/index.php HTTP/1.1" 302 0 "https://eliteewallet.com/wp-login.php" "Mozilla/5.0 (Windows NT 10.0; Win64; x64) AppleWebKit/605.1.15 (KHTML, like Gecko) Version/14.1 Safari/605.1.15"
165.245.142.222 - - [21/Jan/2026:09:47:41 +0300] "GET /wp-login.php?redirect_to=https%3A%2F%2Feliteewallet.com%2Fwp-admin%2Findex.php&reauth=1 HTTP/1.1" 200 2208 "https://eliteewallet.com/wp-login.php" "Mozilla/5.0 (Windows NT 10.0; Win64; x64) AppleWebKit/605.1.15 (KHTML, like Gecko) Version/14.1 Safari/605.1.15"
165.245.142.222 - - [21/Jan/2026:09:47:43 +0300] "GET /wp-admin/index.php HTTP/1.1" 302 0 "https://eliteewallet.com/wp-login.php" "Mozilla/5.0 (Windows NT 10.0; Win64; x64) AppleWebKit/605.1.15 (KHTML, like Gecko) Version/14.1 Safari/605.1.15"
165.245.142.222 - - [21/Jan/2026:09:47:45 +0300] "GET /wp-login.php?redirect_to=https%3A%2F%2Feliteewallet.com%2Fwp-admin%2Findex.php&reauth=1 HTTP/1.1" 200 2208 "https://eliteewallet.com/wp-login.php" "Mozilla/5.0 (Windows NT 10.0; Win64; x64) AppleWebKit/605.1.15 (KHTML, like Gecko) Version/14.1 Safari/605.1.15"
165.245.142.222 - - [21/Jan/2026:09:47:47 +0300] "POST /wp-login.php HTTP/1.1" 200 2296 "https://eliteewallet.com/wp-login.php" "Mozilla/5.0 (Macintosh; Intel Mac OS X 10_15_7) AppleWebKit/537.36 (KHTML, like Gecko) Chrome/93.0.4577.63 Safari/537.36"
165.245.142.222 - - [21/Jan/2026:09:47:50 +0300] "GET /wp-admin/index.php HTTP/1.1" 302 0 "https://eliteewallet.com/wp-login.php" "Mozilla/5.0 (Macintosh; Intel Mac OS X 10_15_7; rv:92.0) Gecko/20100101 Firefox/92.0"
165.245.142.222 - - [21/Jan/2026:09:45:50 +0300] "GET /wp-admin/index.php HTTP/1.1" 302 0 "https://eliteewallet.com/wp-login.php" "Mozilla/5.0 (Macintosh; Intel Mac OS X 10_15_7; rv:90.0) Gecko/20100101 Firefox/90.0.1"
165.245.142.222 - - [21/Jan/2026:09:45:54 +0300] "GET /wp-login.php?redirect_to=https%3A%2F%2Feliteewallet.com%2Fwp-admin%2Findex.php&reauth=1 HTTP/1.1" 200 2208 "https://eliteewallet.com/wp-login.php" "Mozilla/5.0 (Macintosh; Intel Mac OS X 10_15_7; rv:90.0) Gecko/20100101 Firefox/90.0.1"
165.245.142.222 - - [21/Jan/2026:09:45:57 +0300] "GET /wp-admin/index.php HTTP/1.1" 302 0 "https://eliteewallet.com/wp-login.php" "Mozilla/5.0 (Macintosh; Intel Mac OS X 10_15_7; rv:90.0) Gecko/20100101 Firefox/90.0.1"
165.245.142.222 - - [21/Jan/2026:09:46:00 +0300] "GET /wp-login.php?redirect_to=https%3A%2F%2Feliteewallet.com%2Fwp-admin%2Findex.php&reauth=1 HTTP/1.1" 200 2208 "https://eliteewallet.com/wp-login.php" "Mozilla/5.0 (Macintosh; Intel Mac OS X 10_15_7; rv:90.0) Gecko/20100101 Firefox/90.0.1"
165.245.142.222 - - [21/Jan/2026:09:46:02 +0300] "POST /wp-login.php HTTP/1.1" 200 2296 "https://eliteewallet.com/wp-login.php" "Mozilla/5.0 (X11; Linux x86_64; rv:91.0) Gecko/20100101 Firefox/91.0"
165.245.142.222 - - [21/Jan/2026:09:46:05 +0300] "GET /wp-admin/index.php HTTP/1.1" 302 0 "https://eliteewallet.com/wp-login.php" "Mozilla/5.0 (Windows NT 6.1; Win64; x64; rv:93.0) Gecko/20100101 Firefox/93.0"
165.245.142.222 - - [21/Jan/2026:09:46:09 +0300] "GET /wp-login.php?redirect_to=https%3A%2F%2Feliteewallet.com%2Fwp-admin%2Findex.php&reauth=1 HTTP/1.1" 200 2208 "https://eliteewallet.com/wp-login.php" "Mozilla/5.0 (Windows NT 6.1; Win64; x64; rv:93.0) Gecko/20100101 Firefox/93.0"
165.245.142.222 - - [21/Jan/2026:09:46:13 +0300] "GET /wp-admin/index.php HTTP/1.1" 302 0 "https://eliteewallet.com/wp-login.php" "Mozilla/5.0 (Windows NT 6.1; Win64; x64; rv:93.0) Gecko/20100101 Firefox/93.0"
165.245.142.222 - - [21/Jan/2026:09:48:15 +0300] "POST /wp-login.php HTTP/1.1" 200 2296 "https://eliteewallet.com/wp-login.php" "Mozilla/5.0 (Windows NT 10.0; Win64; x64) AppleWebKit/537.36 (KHTML, like Gecko) Chrome/94.0.4606.71 Safari/537.36"
165.245.142.222 - - [21/Jan/2026:09:48:18 +0300] "GET /wp-admin/index.php HTTP/1.1" 302 0 "https://eliteewallet.com/wp-login.php" "Mozilla/5.0 (Windows NT 6.1; Win64; x64) AppleWebKit/537.36 (KHTML, like Gecko) Chrome/94.0.4606.71 Safari/537.36"
165.245.142.222 - - [21/Jan/2026:09:48:22 +0300] "GET /wp-login.php?redirect_to=https%3A%2F%2Feliteewallet.com%2Fwp-admin%2Findex.php&reauth=1 HTTP/1.1" 200 2208 "https://eliteewallet.com/wp-login.php" "Mozilla/5.0 (Windows NT 6.1; Win64; x64) AppleWebKit/537.36 (KHTML, like Gecko) Chrome/94.0.4606.71 Safari/537.36"
165.245.142.222 - - [21/Jan/2026:09:48:24 +0300] "GET /wp-admin/index.php HTTP/1.1" 302 0 "https://eliteewallet.com/wp-login.php" "Mozilla/5.0 (Windows NT 6.1; Win64; x64) AppleWebKit/537.36 (KHTML, like Gecko) Chrome/94.0.4606.71 Safari/537.36"
165.245.142.222 - - [21/Jan/2026:09:48:26 +0300] "GET /wp-login.php?redirect_to=https%3A%2F%2Feliteewallet.com%2Fwp-admin%2Findex.php&reauth=1 HTTP/1.1" 200 2208 "https://eliteewallet.com/wp-login.php" "Mozilla/5.0 (Windows NT 6.1; Win64; x64) AppleWebKit/537.36 (KHTML, like Gecko) Chrome/94.0.4606.71 Safari/537.36"
165.245.142.222 - - [21/Jan/2026:09:48:29 +0300] "POST /wp-login.php HTTP/1.1" 200 2361 "https://eliteewallet.com/wp-login.php" "Mozilla/5.0 (X11; Linux x86_64) AppleWebKit/537.36 (KHTML, like Gecko) Chrome/90.0.4430.212 Safari/537.36"
165.245.142.222 - - [21/Jan/2026:09:48:30 +0300] "GET /wp-admin/index.php HTTP/1.1" 302 0 "https://eliteewallet.com/wp-login.php" "Mozilla/5.0 (Macintosh; Intel Mac OS X 10_15_7) AppleWebKit/605.1.15 (KHTML, like Gecko) Version/14.0.3 Safari/605.1.15"
165.245.142.222 - - [21/Jan/2026:09:48:32 +0300] "GET /wp-login.php?redirect_to=https%3A%2F%2Feliteewallet.com%2Fwp-admin%2Findex.php&reauth=1 HTTP/1.1" 200 2208 "https://eliteewallet.com/wp-login.php" "Mozilla/5.0 (Macintosh; Intel Mac OS X 10_15_7) AppleWebKit/605.1.15 (KHTML, like Gecko) Version/14.0.3 Safari/605.1.15"
165.245.142.222 - - [21/Jan/2026:09:48:34 +0300] "GET /wp-admin/index.php HTTP/1.1" 302 0 "https://eliteewallet.com/wp-login.php" "Mozilla/5.0 (Macintosh; Intel Mac OS X 10_15_7) AppleWebKit/605.1.15 (KHTML, like Gecko) Version/14.0.3 Safari/605.1.15"
57.128.52.136 - - [21/Jan/2026:09:48:38 +0300] "POST /wp-cron.php?doing_wp_cron=1768978118.5481250286102294921875 HTTP/1.1" 200 0 "-" "WordPress/6.9; https://eliteewallet.com"
165.245.142.222 - - [21/Jan/2026:09:48:36 +0300] "GET /wp-login.php?redirect_to=https%3A%2F%2Feliteewallet.com%2Fwp-admin%2Findex.php&reauth=1 HTTP/1.1" 200 2208 "https://eliteewallet.com/wp-login.php" "Mozilla/5.0 (Macintosh; Intel Mac OS X 10_15_7) AppleWebKit/605.1.15 (KHTML, like Gecko) Version/14.0.3 Safari/605.1.15"
165.245.142.222 - - [21/Jan/2026:09:48:38 +0300] "POST /wp-login.php HTTP/1.1" 200 2296 "https://eliteewallet.com/wp-login.php" "Mozilla/5.0 (Windows NT 10.0; Win64; x64) AppleWebKit/605.1.15 (KHTML, like Gecko) Version/14.1 Safari/605.1.15"
165.245.142.222 - - [21/Jan/2026:09:48:41 +0300] "GET /wp-admin/index.php HTTP/1.1" 302 0 "https://eliteewallet.com/wp-login.php" "Mozilla/5.0 (Windows NT 6.1; Win64; x64) AppleWebKit/537.36 (KHTML, like Gecko) Chrome/90.0.4430.212 Safari/537.36"
165.245.142.222 - - [21/Jan/2026:09:48:44 +0300] "GET /wp-login.php?redirect_to=https%3A%2F%2Feliteewallet.com%2Fwp-admin%2Findex.php&reauth=1 HTTP/1.1" 200 2208 "https://eliteewallet.com/wp-login.php" "Mozilla/5.0 (Windows NT 6.1; Win64; x64) AppleWebKit/537.36 (KHTML, like Gecko) Chrome/90.0.4430.212 Safari/537.36"
165.245.142.222 - - [21/Jan/2026:09:48:46 +0300] "GET /wp-admin/index.php HTTP/1.1" 302 0 "https://eliteewallet.com/wp-login.php" "Mozilla/5.0 (Windows NT 6.1; Win64; x64) AppleWebKit/537.36 (KHTML, like Gecko) Chrome/90.0.4430.212 Safari/537.36"
165.245.142.222 - - [21/Jan/2026:09:48:51 +0300] "POST /wp-login.php HTTP/1.1" 200 2363 "https://eliteewallet.com/wp-login.php" "Mozilla/5.0 (Windows NT 10.0; Win64; x64) AppleWebKit/537.36 (KHTML, like Gecko) Chrome/93.0.4577.63 Safari/537.36"
165.245.142.222 - - [21/Jan/2026:09:48:54 +0300] "GET /wp-admin/index.php HTTP/1.1" 302 0 "https://eliteewallet.com/wp-login.php" "Mozilla/5.0 (Windows NT 6.1; Win64; x64; rv:92.0) Gecko/20100101 Firefox/92.0"
165.245.142.222 - - [21/Jan/2026:09:48:56 +0300] "GET /wp-login.php?redirect_to=https%3A%2F%2Feliteewallet.com%2Fwp-admin%2Findex.php&reauth=1 HTTP/1.1" 200 2208 "https://eliteewallet.com/wp-login.php" "Mozilla/5.0 (Windows NT 6.1; Win64; x64; rv:92.0) Gecko/20100101 Firefox/92.0"
165.245.142.222 - - [21/Jan/2026:09:48:58 +0300] "GET /wp-admin/index.php HTTP/1.1" 302 0 "https://eliteewallet.com/wp-login.php" "Mozilla/5.0 (Windows NT 6.1; Win64; x64; rv:92.0) Gecko/20100101 Firefox/92.0"
57.128.52.136 - - [21/Jan/2026:09:48:50 +0300] "POST /wp-admin/admin-ajax.php?action=as_async_request_queue_runner&nonce=417d41a8d6 HTTP/1.1" 200 0 "-" "WordPress/6.9; https://eliteewallet.com"
165.245.142.222 - - [21/Jan/2026:09:49:00 +0300] "GET /wp-login.php?redirect_to=https%3A%2F%2Feliteewallet.com%2Fwp-admin%2Findex.php&reauth=1 HTTP/1.1" 200 2208 "https://eliteewallet.com/wp-login.php" "Mozilla/5.0 (Windows NT 6.1; Win64; x64; rv:92.0) Gecko/20100101 Firefox/92.0"
165.245.142.222 - - [21/Jan/2026:09:49:02 +0300] "POST /wp-login.php HTTP/1.1" 200 2361 "https://eliteewallet.com/wp-login.php" "Mozilla/5.0 (X11; Linux x86_64) AppleWebKit/537.36 (KHTML, like Gecko) Chrome/93.0.4577.63 Safari/537.36"
165.245.142.222 - - [21/Jan/2026:09:49:05 +0300] "GET /wp-admin/index.php HTTP/1.1" 302 0 "https://eliteewallet.com/wp-login.php" "Mozilla/5.0 (Macintosh; Intel Mac OS X 10_15_7) AppleWebKit/605.1.15 (KHTML, like Gecko) Version/14.1 Safari/605.1.15"
165.245.142.222 - - [21/Jan/2026:09:49:09 +0300] "GET /wp-login.php?redirect_to=https%3A%2F%2Feliteewallet.com%2Fwp-admin%2Findex.php&reauth=1 HTTP/1.1" 200 2208 "https://eliteewallet.com/wp-login.php" "Mozilla/5.0 (Macintosh; Intel Mac OS X 10_15_7) AppleWebKit/605.1.15 (KHTML, like Gecko) Version/14.1 Safari/605.1.15"
165.245.142.222 - - [21/Jan/2026:09:49:11 +0300] "GET /wp-admin/index.php HTTP/1.1" 302 0 "https://eliteewallet.com/wp-login.php" "Mozilla/5.0 (Macintosh; Intel Mac OS X 10_15_7) AppleWebKit/605.1.15 (KHTML, like Gecko) Version/14.1 Safari/605.1.15"
165.245.142.222 - - [21/Jan/2026:09:49:13 +0300] "GET /wp-login.php?redirect_to=https%3A%2F%2Feliteewallet.com%2Fwp-admin%2Findex.php&reauth=1 HTTP/1.1" 200 2208 "https://eliteewallet.com/wp-login.php" "Mozilla/5.0 (Macintosh; Intel Mac OS X 10_15_7) AppleWebKit/605.1.15 (KHTML, like Gecko) Version/14.1 Safari/605.1.15"
165.245.142.222 - - [21/Jan/2026:09:49:14 +0300] "POST /wp-login.php HTTP/1.1" 200 2296 "https://eliteewallet.com/wp-login.php" "Mozilla/5.0 (Windows NT 10.0; Win64; x64) AppleWebKit/537.36 (KHTML, like Gecko) Chrome/91.0.4472.124 Safari/537.36"
165.245.142.222 - - [21/Jan/2026:09:49:16 +0300] "GET /wp-admin/index.php HTTP/1.1" 302 0 "https://eliteewallet.com/wp-login.php" "Mozilla/5.0 (Windows NT 6.1; Win64; x64; rv:93.0) Gecko/20100101 Firefox/93.0"
165.245.142.222 - - [21/Jan/2026:09:49:20 +0300] "GET /wp-login.php?redirect_to=https%3A%2F%2Feliteewallet.com%2Fwp-admin%2Findex.php&reauth=1 HTTP/1.1" 200 2208 "https://eliteewallet.com/wp-login.php" "Mozilla/5.0 (Windows NT 6.1; Win64; x64; rv:93.0) Gecko/20100101 Firefox/93.0"
165.245.142.222 - - [21/Jan/2026:09:49:22 +0300] "GET /wp-admin/index.php HTTP/1.1" 302 0 "https://eliteewallet.com/wp-login.php" "Mozilla/5.0 (Windows NT 6.1; Win64; x64; rv:93.0) Gecko/20100101 Firefox/93.0"
165.245.142.222 - - [21/Jan/2026:09:49:27 +0300] "GET /wp-login.php?redirect_to=https%3A%2F%2Feliteewallet.com%2Fwp-admin%2Findex.php&reauth=1 HTTP/1.1" 200 2208 "https://eliteewallet.com/wp-login.php" "Mozilla/5.0 (Windows NT 6.1; Win64; x64; rv:93.0) Gecko/20100101 Firefox/93.0"
165.245.142.222 - - [21/Jan/2026:09:49:31 +0300] "POST /wp-login.php HTTP/1.1" 200 2358 "https://eliteewallet.com/wp-login.php" "Mozilla/5.0 (Macintosh; Intel Mac OS X 10_15_7) AppleWebKit/605.1.15 (KHTML, like Gecko) Version/14.0.3 Safari/605.1.15"
165.245.142.222 - - [21/Jan/2026:09:49:33 +0300] "GET /wp-admin/index.php HTTP/1.1" 302 0 "https://eliteewallet.com/wp-login.php" "Mozilla/5.0 (X11; Linux x86_64) AppleWebKit/537.36 (KHTML, like Gecko) Chrome/92.0.4515.131 Safari/537.36"
165.245.142.222 - - [21/Jan/2026:09:49:35 +0300] "GET /wp-login.php?redirect_to=https%3A%2F%2Feliteewallet.com%2Fwp-admin%2Findex.php&reauth=1 HTTP/1.1" 200 2208 "https://eliteewallet.com/wp-login.php" "Mozilla/5.0 (X11; Linux x86_64) AppleWebKit/537.36 (KHTML, like Gecko) Chrome/92.0.4515.131 Safari/537.36"
165.245.142.222 - - [21/Jan/2026:09:49:38 +0300] "GET /wp-admin/index.php HTTP/1.1" 302 0 "https://eliteewallet.com/wp-login.php" "Mozilla/5.0 (X11; Linux x86_64) AppleWebKit/537.36 (KHTML, like Gecko) Chrome/92.0.4515.131 Safari/537.36"
165.245.142.222 - - [21/Jan/2026:09:49:40 +0300] "GET /wp-login.php?redirect_to=https%3A%2F%2Feliteewallet.com%2Fwp-admin%2Findex.php&reauth=1 HTTP/1.1" 200 2208 "https://eliteewallet.com/wp-login.php" "Mozilla/5.0 (X11; Linux x86_64) AppleWebKit/537.36 (KHTML, like Gecko) Chrome/92.0.4515.131 Safari/537.36"
165.245.142.222 - - [21/Jan/2026:09:49:43 +0300] "POST /wp-login.php HTTP/1.1" 200 2364 "https://eliteewallet.com/wp-login.php" "Mozilla/5.0 (X11; Linux x86_64) AppleWebKit/537.36 (KHTML, like Gecko) Chrome/93.0.4577.63 Safari/537.36"
165.245.142.222 - - [21/Jan/2026:09:49:46 +0300] "GET /wp-admin/index.php HTTP/1.1" 302 0 "https://eliteewallet.com/wp-login.php" "Mozilla/5.0 (Macintosh; Intel Mac OS X 10_15_7) AppleWebKit/537.36 (KHTML, like Gecko) Chrome/94.0.4606.71 Safari/537.36"
165.245.142.222 - - [21/Jan/2026:09:47:53 +0300] "GET /wp-login.php?redirect_to=https%3A%2F%2Feliteewallet.com%2Fwp-admin%2Findex.php&reauth=1 HTTP/1.1" 200 2208 "https://eliteewallet.com/wp-login.php" "Mozilla/5.0 (Macintosh; Intel Mac OS X 10_15_7; rv:92.0) Gecko/20100101 Firefox/92.0"
165.245.142.222 - - [21/Jan/2026:09:47:55 +0300] "GET /wp-admin/index.php HTTP/1.1" 302 0 "https://eliteewallet.com/wp-login.php" "Mozilla/5.0 (Macintosh; Intel Mac OS X 10_15_7; rv:92.0) Gecko/20100101 Firefox/92.0"
165.245.142.222 - - [21/Jan/2026:09:47:58 +0300] "GET /wp-login.php?redirect_to=https%3A%2F%2Feliteewallet.com%2Fwp-admin%2Findex.php&reauth=1 HTTP/1.1" 200 2208 "https://eliteewallet.com/wp-login.php" "Mozilla/5.0 (Macintosh; Intel Mac OS X 10_15_7; rv:92.0) Gecko/20100101 Firefox/92.0"
165.245.142.222 - - [21/Jan/2026:09:48:00 +0300] "POST /wp-login.php HTTP/1.1" 200 2360 "https://eliteewallet.com/wp-login.php" "Mozilla/5.0 (Macintosh; Intel Mac OS X 10_15_7) AppleWebKit/537.36 (KHTML, like Gecko) Chrome/92.0.4515.131 Safari/537.36"
165.245.142.222 - - [21/Jan/2026:09:48:03 +0300] "GET /wp-admin/index.php HTTP/1.1" 302 0 "https://eliteewallet.com/wp-login.php" "Mozilla/5.0 (Windows NT 10.0; Win64; x64) AppleWebKit/537.36 (KHTML, like Gecko) Chrome/92.0.4515.131 Safari/537.36"
165.245.142.222 - - [21/Jan/2026:09:48:07 +0300] "GET /wp-login.php?redirect_to=https%3A%2F%2Feliteewallet.com%2Fwp-admin%2Findex.php&reauth=1 HTTP/1.1" 200 2208 "https://eliteewallet.com/wp-login.php" "Mozilla/5.0 (Windows NT 10.0; Win64; x64) AppleWebKit/537.36 (KHTML, like Gecko) Chrome/92.0.4515.131 Safari/537.36"
165.245.142.222 - - [21/Jan/2026:09:48:10 +0300] "GET /wp-admin/index.php HTTP/1.1" 302 0 "https://eliteewallet.com/wp-login.php" "Mozilla/5.0 (Windows NT 10.0; Win64; x64) AppleWebKit/537.36 (KHTML, like Gecko) Chrome/92.0.4515.131 Safari/537.36"
185.223.152.167 - - [21/Jan/2026:09:48:49 +0300] "POST /wp-login.php HTTP/1.1" 200 6591 "-" "Mozilla/5.0"
57.128.52.136 - - [21/Jan/2026:09:49:38 +0300] "POST /wp-cron.php?doing_wp_cron=1768978178.2050490379333496093750 HTTP/1.1" 200 0 "-" "WordPress/6.9; https://eliteewallet.com"
57.128.52.136 - - [21/Jan/2026:09:49:55 +0300] "POST /wp-admin/admin-ajax.php?action=as_async_request_queue_runner&nonce=417d41a8d6 HTTP/1.1" 200 0 "-" "WordPress/6.9; https://eliteewallet.com"
18.213.240.226 - - [21/Jan/2026:09:50:10 +0300] "GET /robots.txt HTTP/1.1" 200 111 "-" "Mozilla/5.0 AppleWebKit/537.36 (KHTML, like Gecko; compatible; Amazonbot/0.1; +https://developer.amazon.com/support/amazonbot) Chrome/119.0.6045.214 Safari/537.36"
165.245.142.222 - - [21/Jan/2026:09:50:22 +0300] "GET /wp-admin/index.php HTTP/1.1" 302 0 "https://eliteewallet.com/wp-login.php" "Mozilla/5.0 (Macintosh; Intel Mac OS X 10_15_7) AppleWebKit/537.36 (KHTML, like Gecko) Chrome/93.0.4577.63 Safari/537.36"
165.245.142.222 - - [21/Jan/2026:09:50:25 +0300] "GET /wp-login.php?redirect_to=https%3A%2F%2Feliteewallet.com%2Fwp-admin%2Findex.php&reauth=1 HTTP/1.1" 200 2208 "https://eliteewallet.com/wp-login.php" "Mozilla/5.0 (Macintosh; Intel Mac OS X 10_15_7) AppleWebKit/537.36 (KHTML, like Gecko) Chrome/93.0.4577.63 Safari/537.36"
165.245.142.222 - - [21/Jan/2026:09:50:29 +0300] "POST /wp-login.php HTTP/1.1" 200 2296 "https://eliteewallet.com/wp-login.php" "Mozilla/5.0 (Windows NT 10.0; Win64; x64) AppleWebKit/605.1.15 (KHTML, like Gecko) Version/14.0.3 Safari/605.1.15"
57.128.52.136 - - [21/Jan/2026:09:50:37 +0300] "POST /wp-cron.php?doing_wp_cron=1768978237.3696959018707275390625 HTTP/1.1" 200 0 "-" "WordPress/6.9; https://eliteewallet.com"
165.245.142.222 - - [21/Jan/2026:09:50:32 +0300] "GET /wp-admin/index.php HTTP/1.1" 302 0 "https://eliteewallet.com/wp-login.php" "Mozilla/5.0 (Windows NT 10.0; Win64; x64) AppleWebKit/605.1.15 (KHTML, like Gecko) Version/14.1.2 Safari/605.1.15"
165.245.142.222 - - [21/Jan/2026:09:50:37 +0300] "GET /wp-admin/index.php HTTP/1.1" 302 0 "https://eliteewallet.com/wp-login.php" "Mozilla/5.0 (Windows NT 10.0; Win64; x64) AppleWebKit/605.1.15 (KHTML, like Gecko) Version/14.1.2 Safari/605.1.15"
165.245.142.222 - - [21/Jan/2026:09:50:40 +0300] "GET /wp-login.php?redirect_to=https%3A%2F%2Feliteewallet.com%2Fwp-admin%2Findex.php&reauth=1 HTTP/1.1" 200 2208 "https://eliteewallet.com/wp-login.php" "Mozilla/5.0 (Windows NT 10.0; Win64; x64) AppleWebKit/605.1.15 (KHTML, like Gecko) Version/14.1.2 Safari/605.1.15"
165.245.142.222 - - [21/Jan/2026:09:50:43 +0300] "POST /wp-login.php HTTP/1.1" 200 2296 "https://eliteewallet.com/wp-login.php" "Mozilla/5.0 (Windows NT 6.1; Win64; x64) AppleWebKit/537.36 (KHTML, like Gecko) Chrome/92.0.4515.131 Safari/537.36"
57.128.52.136 - - [21/Jan/2026:09:50:53 +0300] "POST /wp-cron.php?doing_wp_cron=1768978253.2455420494079589843750 HTTP/1.1" 200 0 "-" "WordPress/6.9; https://eliteewallet.com"
165.245.142.222 - - [21/Jan/2026:09:50:47 +0300] "GET /wp-admin/index.php HTTP/1.1" 302 0 "https://eliteewallet.com/wp-login.php" "Mozilla/5.0 (Windows NT 10.0; Win64; x64) AppleWebKit/537.36 (KHTML, like Gecko) Chrome/90.0.4430.212 Safari/537.36"
165.245.142.222 - - [21/Jan/2026:09:50:53 +0300] "GET /wp-admin/index.php HTTP/1.1" 302 0 "https://eliteewallet.com/wp-login.php" "Mozilla/5.0 (Windows NT 10.0; Win64; x64) AppleWebKit/537.36 (KHTML, like Gecko) Chrome/90.0.4430.212 Safari/537.36"
165.245.142.222 - - [21/Jan/2026:09:50:57 +0300] "GET /wp-login.php?redirect_to=https%3A%2F%2Feliteewallet.com%2Fwp-admin%2Findex.php&reauth=1 HTTP/1.1" 200 2208 "https://eliteewallet.com/wp-login.php" "Mozilla/5.0 (Windows NT 10.0; Win64; x64) AppleWebKit/537.36 (KHTML, like Gecko) Chrome/90.0.4430.212 Safari/537.36"
165.245.142.222 - - [21/Jan/2026:09:51:00 +0300] "POST /wp-login.php HTTP/1.1" 200 2360 "https://eliteewallet.com/wp-login.php" "Mozilla/5.0 (X11; Linux x86_64; rv:89.0) Gecko/20100101 Firefox/89.0.2"
165.245.142.222 - - [21/Jan/2026:09:51:03 +0300] "GET /wp-admin/index.php HTTP/1.1" 302 0 "https://eliteewallet.com/wp-login.php" "Mozilla/5.0 (Windows NT 6.1; Win64; x64) AppleWebKit/537.36 (KHTML, like Gecko) Chrome/90.0.4430.212 Safari/537.36"
165.245.142.222 - - [21/Jan/2026:09:51:06 +0300] "GET /wp-login.php?redirect_to=https%3A%2F%2Feliteewallet.com%2Fwp-admin%2Findex.php&reauth=1 HTTP/1.1" 200 2208 "https://eliteewallet.com/wp-login.php" "Mozilla/5.0 (Windows NT 6.1; Win64; x64) AppleWebKit/537.36 (KHTML, like Gecko) Chrome/90.0.4430.212 Safari/537.36"
165.245.142.222 - - [21/Jan/2026:09:51:08 +0300] "GET /wp-admin/index.php HTTP/1.1" 302 0 "https://eliteewallet.com/wp-login.php" "Mozilla/5.0 (Windows NT 6.1; Win64; x64) AppleWebKit/537.36 (KHTML, like Gecko) Chrome/90.0.4430.212 Safari/537.36"
165.245.142.222 - - [21/Jan/2026:09:51:10 +0300] "GET /wp-login.php?redirect_to=https%3A%2F%2Feliteewallet.com%2Fwp-admin%2Findex.php&reauth=1 HTTP/1.1" 200 2208 "https://eliteewallet.com/wp-login.php" "Mozilla/5.0 (Windows NT 6.1; Win64; x64) AppleWebKit/537.36 (KHTML, like Gecko) Chrome/90.0.4430.212 Safari/537.36"
165.245.142.222 - - [21/Jan/2026:09:51:13 +0300] "POST /wp-login.php HTTP/1.1" 200 2364 "https://eliteewallet.com/wp-login.php" "Mozilla/5.0 (Windows NT 10.0; Win64; x64) AppleWebKit/605.1.15 (KHTML, like Gecko) Version/15.0 Safari/605.1.15"
165.245.142.222 - - [21/Jan/2026:09:51:17 +0300] "GET /wp-admin/index.php HTTP/1.1" 302 0 "https://eliteewallet.com/wp-login.php" "Mozilla/5.0 (Macintosh; Intel Mac OS X 10_15_7) AppleWebKit/537.36 (KHTML, like Gecko) Chrome/93.0.4577.63 Safari/537.36"
165.245.142.222 - - [21/Jan/2026:09:51:21 +0300] "GET /wp-login.php?redirect_to=https%3A%2F%2Feliteewallet.com%2Fwp-admin%2Findex.php&reauth=1 HTTP/1.1" 200 2208 "https://eliteewallet.com/wp-login.php" "Mozilla/5.0 (Macintosh; Intel Mac OS X 10_15_7) AppleWebKit/537.36 (KHTML, like Gecko) Chrome/93.0.4577.63 Safari/537.36"
165.245.142.222 - - [21/Jan/2026:09:51:24 +0300] "GET /wp-admin/index.php HTTP/1.1" 302 0 "https://eliteewallet.com/wp-login.php" "Mozilla/5.0 (Macintosh; Intel Mac OS X 10_15_7) AppleWebKit/537.36 (KHTML, like Gecko) Chrome/93.0.4577.63 Safari/537.36"
165.245.142.222 - - [21/Jan/2026:09:49:49 +0300] "GET /wp-login.php?redirect_to=https%3A%2F%2Feliteewallet.com%2Fwp-admin%2Findex.php&reauth=1 HTTP/1.1" 200 2208 "https://eliteewallet.com/wp-login.php" "Mozilla/5.0 (Macintosh; Intel Mac OS X 10_15_7) AppleWebKit/537.36 (KHTML, like Gecko) Chrome/94.0.4606.71 Safari/537.36"
165.245.142.222 - - [21/Jan/2026:09:49:52 +0300] "GET /wp-admin/index.php HTTP/1.1" 302 0 "https://eliteewallet.com/wp-login.php" "Mozilla/5.0 (Macintosh; Intel Mac OS X 10_15_7) AppleWebKit/537.36 (KHTML, like Gecko) Chrome/94.0.4606.71 Safari/537.36"
165.245.142.222 - - [21/Jan/2026:09:49:56 +0300] "GET /wp-login.php?redirect_to=https%3A%2F%2Feliteewallet.com%2Fwp-admin%2Findex.php&reauth=1 HTTP/1.1" 200 2208 "https://eliteewallet.com/wp-login.php" "Mozilla/5.0 (Macintosh; Intel Mac OS X 10_15_7) AppleWebKit/537.36 (KHTML, like Gecko) Chrome/94.0.4606.71 Safari/537.36"
165.245.142.222 - - [21/Jan/2026:09:49:58 +0300] "POST /wp-login.php HTTP/1.1" 200 2359 "https://eliteewallet.com/wp-login.php" "Mozilla/5.0 (Macintosh; Intel Mac OS X 10_15_7) AppleWebKit/537.36 (KHTML, like Gecko) Chrome/94.0.4606.71 Safari/537.36"
165.245.142.222 - - [21/Jan/2026:09:50:02 +0300] "GET /wp-admin/index.php HTTP/1.1" 302 0 "https://eliteewallet.com/wp-login.php" "Mozilla/5.0 (X11; Linux x86_64; rv:89.0) Gecko/20100101 Firefox/89.0.2"
165.245.142.222 - - [21/Jan/2026:09:50:04 +0300] "GET /wp-login.php?redirect_to=https%3A%2F%2Feliteewallet.com%2Fwp-admin%2Findex.php&reauth=1 HTTP/1.1" 200 2208 "https://eliteewallet.com/wp-login.php" "Mozilla/5.0 (X11; Linux x86_64; rv:89.0) Gecko/20100101 Firefox/89.0.2"
165.245.142.222 - - [21/Jan/2026:09:50:07 +0300] "GET /wp-admin/index.php HTTP/1.1" 302 0 "https://eliteewallet.com/wp-login.php" "Mozilla/5.0 (X11; Linux x86_64; rv:89.0) Gecko/20100101 Firefox/89.0.2"
165.245.142.222 - - [21/Jan/2026:09:50:11 +0300] "GET /wp-login.php?redirect_to=https%3A%2F%2Feliteewallet.com%2Fwp-admin%2Findex.php&reauth=1 HTTP/1.1" 200 2208 "https://eliteewallet.com/wp-login.php" "Mozilla/5.0 (X11; Linux x86_64; rv:89.0) Gecko/20100101 Firefox/89.0.2"
52.1.106.130 - - [21/Jan/2026:09:50:15 +0300] "GET /services/title-deed-loans/ HTTP/1.1" 200 17444 "-" "Mozilla/5.0 AppleWebKit/537.36 (KHTML, like Gecko; compatible; Amazonbot/0.1; +https://developer.amazon.com/support/amazonbot) Chrome/119.0.6045.214 Safari/537.36"
165.245.142.222 - - [21/Jan/2026:09:50:13 +0300] "POST /wp-login.php HTTP/1.1" 200 2358 "https://eliteewallet.com/wp-login.php" "Mozilla/5.0 (Windows NT 6.1; Win64; x64) AppleWebKit/537.36 (KHTML, like Gecko) Chrome/94.0.4606.71 Safari/537.36"
165.245.142.222 - - [21/Jan/2026:09:50:17 +0300] "GET /wp-admin/index.php HTTP/1.1" 200 0 "https://eliteewallet.com/wp-login.php" "Mozilla/5.0 (Macintosh; Intel Mac OS X 10_15_7) AppleWebKit/537.36 (KHTML, like Gecko) Chrome/93.0.4577.63 Safari/537.36"
57.128.52.136 - - [21/Jan/2026:09:51:39 +0300] "POST /wp-cron.php?doing_wp_cron=1768978299.8445539474487304687500 HTTP/1.1" 200 0 "-" "WordPress/6.9; https://eliteewallet.com"
20.89.17.172 - - [21/Jan/2026:09:51:39 +0300] "GET /aa.php HTTP/1.1" 404 12254 "-" "Mozilla/5.0 (Windows NT 10.0; Win64; x64) AppleWebKit/537.36 (KHTML, like Gecko) Chrome/120.0.0.0 Safari/537.36"
20.89.17.172 - - [21/Jan/2026:09:51:45 +0300] "GET /about.php HTTP/1.1" 404 12253 "-" "Mozilla/5.0 (Windows NT 10.0; Win64; x64) AppleWebKit/537.36 (KHTML, like Gecko) Chrome/120.0.0.0 Safari/537.36"
20.89.17.172 - - [21/Jan/2026:09:51:49 +0300] "GET /adminfuns.php HTTP/1.1" 404 12253 "-" "Mozilla/5.0 (Windows NT 10.0; Win64; x64) AppleWebKit/537.36 (KHTML, like Gecko) Chrome/120.0.0.0 Safari/537.36"
20.89.17.172 - - [21/Jan/2026:09:51:52 +0300] "GET /bolt.php HTTP/1.1" 404 12253 "-" "Mozilla/5.0 (Windows NT 10.0; Win64; x64) AppleWebKit/537.36 (KHTML, like Gecko) Chrome/120.0.0.0 Safari/537.36"
20.89.17.172 - - [21/Jan/2026:09:51:57 +0300] "GET /buy.php HTTP/1.1" 404 12253 "-" "Mozilla/5.0 (Windows NT 10.0; Win64; x64) AppleWebKit/537.36 (KHTML, like Gecko) Chrome/120.0.0.0 Safari/537.36"
165.245.142.222 - - [21/Jan/2026:09:51:26 +0300] "GET /wp-login.php?redirect_to=https%3A%2F%2Feliteewallet.com%2Fwp-admin%2Findex.php&reauth=1 HTTP/1.1" 200 2208 "https://eliteewallet.com/wp-login.php" "Mozilla/5.0 (Macintosh; Intel Mac OS X 10_15_7) AppleWebKit/537.36 (KHTML, like Gecko) Chrome/93.0.4577.63 Safari/537.36"
165.245.142.222 - - [21/Jan/2026:09:51:29 +0300] "POST /wp-login.php HTTP/1.1" 200 2361 "https://eliteewallet.com/wp-login.php" "Mozilla/5.0 (Macintosh; Intel Mac OS X 10_15_7) AppleWebKit/537.36 (KHTML, like Gecko) Chrome/91.0.4472.124 Safari/537.36"
165.245.142.222 - - [21/Jan/2026:09:51:32 +0300] "GET /wp-admin/index.php HTTP/1.1" 302 0 "https://eliteewallet.com/wp-login.php" "Mozilla/5.0 (Windows NT 10.0; Win64; x64) AppleWebKit/537.36 (KHTML, like Gecko) Chrome/93.0.4577.63 Safari/537.36"
165.245.142.222 - - [21/Jan/2026:09:51:38 +0300] "GET /wp-admin/index.php HTTP/1.1" 302 0 "https://eliteewallet.com/wp-login.php" "Mozilla/5.0 (Windows NT 10.0; Win64; x64) AppleWebKit/537.36 (KHTML, like Gecko) Chrome/93.0.4577.63 Safari/537.36"
165.245.142.222 - - [21/Jan/2026:09:51:40 +0300] "GET /wp-login.php?redirect_to=https%3A%2F%2Feliteewallet.com%2Fwp-admin%2Findex.php&reauth=1 HTTP/1.1" 200 2208 "https://eliteewallet.com/wp-login.php" "Mozilla/5.0 (Windows NT 10.0; Win64; x64) AppleWebKit/537.36 (KHTML, like Gecko) Chrome/93.0.4577.63 Safari/537.36"
165.245.142.222 - - [21/Jan/2026:09:51:44 +0300] "POST /wp-login.php HTTP/1.1" 200 2363 "https://eliteewallet.com/wp-login.php" "Mozilla/5.0 (Windows NT 10.0; Win64; x64; rv:89.0) Gecko/20100101 Firefox/89.0.2"
165.245.142.222 - - [21/Jan/2026:09:51:47 +0300] "GET /wp-admin/index.php HTTP/1.1" 302 0 "https://eliteewallet.com/wp-login.php" "Mozilla/5.0 (X11; Linux x86_64) AppleWebKit/537.36 (KHTML, like Gecko) Chrome/93.0.4577.63 Safari/537.36"
165.245.142.222 - - [21/Jan/2026:09:51:50 +0300] "GET /wp-login.php?redirect_to=https%3A%2F%2Feliteewallet.com%2Fwp-admin%2Findex.php&reauth=1 HTTP/1.1" 200 2208 "https://eliteewallet.com/wp-login.php" "Mozilla/5.0 (X11; Linux x86_64) AppleWebKit/537.36 (KHTML, like Gecko) Chrome/93.0.4577.63 Safari/537.36"
165.245.142.222 - - [21/Jan/2026:09:51:52 +0300] "GET /wp-admin/index.php HTTP/1.1" 302 0 "https://eliteewallet.com/wp-login.php" "Mozilla/5.0 (X11; Linux x86_64) AppleWebKit/537.36 (KHTML, like Gecko) Chrome/93.0.4577.63 Safari/537.36"
165.245.142.222 - - [21/Jan/2026:09:51:55 +0300] "GET /wp-login.php?redirect_to=https%3A%2F%2Feliteewallet.com%2Fwp-admin%2Findex.php&reauth=1 HTTP/1.1" 200 2208 "https://eliteewallet.com/wp-login.php" "Mozilla/5.0 (X11; Linux x86_64) AppleWebKit/537.36 (KHTML, like Gecko) Chrome/93.0.4577.63 Safari/537.36"
165.245.142.222 - - [21/Jan/2026:09:51:57 +0300] "POST /wp-login.php HTTP/1.1" 200 2362 "https://eliteewallet.com/wp-login.php" "Mozilla/5.0 (Macintosh; Intel Mac OS X 10_15_7) AppleWebKit/605.1.15 (KHTML, like Gecko) Version/14.1.2 Safari/605.1.15"
165.245.142.222 - - [21/Jan/2026:09:52:02 +0300] "GET /wp-admin/index.php HTTP/1.1" 302 0 "https://eliteewallet.com/wp-login.php" "Mozilla/5.0 (Windows NT 6.1; Win64; x64) AppleWebKit/537.36 (KHTML, like Gecko) Chrome/91.0.4472.124 Safari/537.36"
165.245.142.222 - - [21/Jan/2026:09:52:05 +0300] "GET /wp-login.php?redirect_to=https%3A%2F%2Feliteewallet.com%2Fwp-admin%2Findex.php&reauth=1 HTTP/1.1" 200 2208 "https://eliteewallet.com/wp-login.php" "Mozilla/5.0 (Windows NT 6.1; Win64; x64) AppleWebKit/537.36 (KHTML, like Gecko) Chrome/91.0.4472.124 Safari/537.36"
165.245.142.222 - - [21/Jan/2026:09:52:10 +0300] "GET /wp-admin/index.php HTTP/1.1" 302 0 "https://eliteewallet.com/wp-login.php" "Mozilla/5.0 (Windows NT 6.1; Win64; x64) AppleWebKit/537.36 (KHTML, like Gecko) Chrome/91.0.4472.124 Safari/537.36"
165.245.142.222 - - [21/Jan/2026:09:52:14 +0300] "GET /wp-login.php?redirect_to=https%3A%2F%2Feliteewallet.com%2Fwp-admin%2Findex.php&reauth=1 HTTP/1.1" 200 2208 "https://eliteewallet.com/wp-login.php" "Mozilla/5.0 (Windows NT 6.1; Win64; x64) AppleWebKit/537.36 (KHTML, like Gecko) Chrome/91.0.4472.124 Safari/537.36"
20.89.17.172 - - [21/Jan/2026:09:52:07 +0300] "GET /goods.php HTTP/1.1" 404 12253 "-" "Mozilla/5.0 (Windows NT 10.0; Win64; x64) AppleWebKit/537.36 (KHTML, like Gecko) Chrome/120.0.0.0 Safari/537.36"
20.89.17.172 - - [21/Jan/2026:09:52:11 +0300] "GET /deepseek_d.php HTTP/1.1" 404 12253 "-" "Mozilla/5.0 (Windows NT 10.0; Win64; x64) AppleWebKit/537.36 (KHTML, like Gecko) Chrome/120.0.0.0 Safari/537.36"
20.89.17.172 - - [21/Jan/2026:09:52:18 +0300] "GET /file.php HTTP/1.1" 404 12253 "-" "Mozilla/5.0 (Windows NT 10.0; Win64; x64) AppleWebKit/537.36 (KHTML, like Gecko) Chrome/120.0.0.0 Safari/537.36"
20.89.17.172 - - [21/Jan/2026:09:52:22 +0300] "GET /ioxi-o.php HTTP/1.1" 404 12253 "-" "Mozilla/5.0 (Windows NT 10.0; Win64; x64) AppleWebKit/537.36 (KHTML, like Gecko) Chrome/120.0.0.0 Safari/537.36"
20.89.17.172 - - [21/Jan/2026:09:52:27 +0300] "GET /modules/ HTTP/1.1" 404 12253 "-" "Mozilla/5.0 (Windows NT 10.0; Win64; x64) AppleWebKit/537.36 (KHTML, like Gecko) Chrome/120.0.0.0 Safari/537.36"
20.89.17.172 - - [21/Jan/2026:09:52:33 +0300] "GET /test1.php HTTP/1.1" 404 12254 "-" "Mozilla/5.0 (Windows NT 10.0; Win64; x64) AppleWebKit/537.36 (KHTML, like Gecko) Chrome/120.0.0.0 Safari/537.36"
20.89.17.172 - - [21/Jan/2026:09:52:37 +0300] "GET /elp.php HTTP/1.1" 404 12253 "-" "Mozilla/5.0 (Windows NT 10.0; Win64; x64) AppleWebKit/537.36 (KHTML, like Gecko) Chrome/120.0.0.0 Safari/537.36"
20.89.17.172 - - [21/Jan/2026:09:52:42 +0300] "GET /wp-admin/images/ HTTP/1.1" 403 787 "-" "Mozilla/5.0 (Windows NT 10.0; Win64; x64) AppleWebKit/537.36 (KHTML, like Gecko) Chrome/120.0.0.0 Safari/537.36"
20.89.17.172 - - [21/Jan/2026:09:52:43 +0300] "GET /wp-includes/Text/ HTTP/1.1" 403 787 "-" "Mozilla/5.0 (Windows NT 10.0; Win64; x64) AppleWebKit/537.36 (KHTML, like Gecko) Chrome/120.0.0.0 Safari/537.36"
20.89.17.172 - - [21/Jan/2026:09:52:43 +0300] "GET /wp-includes/assets/ HTTP/1.1" 403 787 "-" "Mozilla/5.0 (Windows NT 10.0; Win64; x64) AppleWebKit/537.36 (KHTML, like Gecko) Chrome/120.0.0.0 Safari/537.36"
20.89.17.172 - - [21/Jan/2026:09:52:43 +0300] "GET /xmlrpc.php HTTP/1.1" 403 787 "-" "Mozilla/5.0 (Windows NT 10.0; Win64; x64) AppleWebKit/537.36 (KHTML, like Gecko) Chrome/120.0.0.0 Safari/537.36"
20.89.17.172 - - [21/Jan/2026:09:52:44 +0300] "GET /inputs.php HTTP/1.1" 404 12254 "-" "Mozilla/5.0 (Windows NT 10.0; Win64; x64) AppleWebKit/537.36 (KHTML, like Gecko) Chrome/120.0.0.0 Safari/537.36"
20.89.17.172 - - [21/Jan/2026:09:52:49 +0300] "GET /classsmtps.php HTTP/1.1" 404 12254 "-" "Mozilla/5.0 (Windows NT 10.0; Win64; x64) AppleWebKit/537.36 (KHTML, like Gecko) Chrome/120.0.0.0 Safari/537.36"
57.128.52.136 - - [21/Jan/2026:09:50:56 +0300] "POST /wp-admin/admin-ajax.php?action=as_async_request_queue_runner&nonce=417d41a8d6 HTTP/1.1" 500 384 "-" "WordPress/6.9; https://eliteewallet.com"
20.89.17.172 - - [21/Jan/2026:09:52:54 +0300] "GET /wp-trackback.php HTTP/1.1" 404 91 "-" "Mozilla/5.0 (Windows NT 10.0; Win64; x64) AppleWebKit/537.36 (KHTML, like Gecko) Chrome/120.0.0.0 Safari/537.36"
20.89.17.172 - - [21/Jan/2026:09:52:58 +0300] "GET /wp-cron.php HTTP/1.1" 200 0 "-" "Mozilla/5.0 (Windows NT 10.0; Win64; x64) AppleWebKit/537.36 (KHTML, like Gecko) Chrome/120.0.0.0 Safari/537.36"
20.89.17.172 - - [21/Jan/2026:09:52:58 +0300] "GET /wp-load.php HTTP/1.1" 200 0 "-" "Mozilla/5.0 (Windows NT 10.0; Win64; x64) AppleWebKit/537.36 (KHTML, like Gecko) Chrome/120.0.0.0 Safari/537.36"
20.89.17.172 - - [21/Jan/2026:09:53:01 +0300] "GET /wp-mail.php HTTP/1.1" 403 958 "-" "Mozilla/5.0 (Windows NT 10.0; Win64; x64) AppleWebKit/537.36 (KHTML, like Gecko) Chrome/120.0.0.0 Safari/537.36"
165.245.142.222 - - [21/Jan/2026:09:53:01 +0300] "GET /wp-admin/index.php HTTP/1.1" 200 0 "https://eliteewallet.com/wp-login.php" "Mozilla/5.0 (X11; Linux x86_64; rv:93.0) Gecko/20100101 Firefox/93.0"
20.89.17.172 - - [21/Jan/2026:09:53:05 +0300] "GET /wp-activate.php HTTP/1.1" 302 0 "-" "Mozilla/5.0 (Windows NT 10.0; Win64; x64) AppleWebKit/537.36 (KHTML, like Gecko) Chrome/120.0.0.0 Safari/537.36"
165.245.142.222 - - [21/Jan/2026:09:52:18 +0300] "POST /wp-login.php HTTP/1.1" 200 2296 "https://eliteewallet.com/wp-login.php" "Mozilla/5.0 (Windows NT 10.0; Win64; x64) AppleWebKit/605.1.15 (KHTML, like Gecko) Version/14.1.2 Safari/605.1.15"
165.245.142.222 - - [21/Jan/2026:09:52:21 +0300] "GET /wp-admin/index.php HTTP/1.1" 302 0 "https://eliteewallet.com/wp-login.php" "Mozilla/5.0 (X11; Linux x86_64) AppleWebKit/537.36 (KHTML, like Gecko) Chrome/94.0.4606.71 Safari/537.36"
165.245.142.222 - - [21/Jan/2026:09:52:24 +0300] "GET /wp-login.php?redirect_to=https%3A%2F%2Feliteewallet.com%2Fwp-admin%2Findex.php&reauth=1 HTTP/1.1" 200 2208 "https://eliteewallet.com/wp-login.php" "Mozilla/5.0 (X11; Linux x86_64) AppleWebKit/537.36 (KHTML, like Gecko) Chrome/94.0.4606.71 Safari/537.36"
165.245.142.222 - - [21/Jan/2026:09:52:28 +0300] "GET /wp-admin/index.php HTTP/1.1" 302 0 "https://eliteewallet.com/wp-login.php" "Mozilla/5.0 (X11; Linux x86_64) AppleWebKit/537.36 (KHTML, like Gecko) Chrome/94.0.4606.71 Safari/537.36"
165.245.142.222 - - [21/Jan/2026:09:52:31 +0300] "GET /wp-login.php?redirect_to=https%3A%2F%2Feliteewallet.com%2Fwp-admin%2Findex.php&reauth=1 HTTP/1.1" 200 2208 "https://eliteewallet.com/wp-login.php" "Mozilla/5.0 (X11; Linux x86_64) AppleWebKit/537.36 (KHTML, like Gecko) Chrome/94.0.4606.71 Safari/537.36"
57.128.52.136 - - [21/Jan/2026:09:52:37 +0300] "POST /wp-cron.php?doing_wp_cron=1768978357.1793820858001708984375 HTTP/1.1" 200 0 "-" "WordPress/6.9; https://eliteewallet.com"
165.245.142.222 - - [21/Jan/2026:09:52:34 +0300] "POST /wp-login.php HTTP/1.1" 200 2362 "https://eliteewallet.com/wp-login.php" "Mozilla/5.0 (Macintosh; Intel Mac OS X 10_15_7; rv:91.0) Gecko/20100101 Firefox/91.0"
165.245.142.222 - - [21/Jan/2026:09:52:37 +0300] "GET /wp-admin/index.php HTTP/1.1" 302 0 "https://eliteewallet.com/wp-login.php" "Mozilla/5.0 (X11; Linux x86_64) AppleWebKit/537.36 (KHTML, like Gecko) Chrome/92.0.4515.131 Safari/537.36"
