216.244.66.194 - - [21/Jan/2026:03:54:45 +0300] "GET /contact HTTP/1.1" 301 0 "-" "Mozilla/5.0 (compatible; DotBot/1.2; +https://opensiteexplorer.org/dotbot; help@moz.com)"
185.223.152.153 - - [21/Jan/2026:04:02:17 +0300] "POST /wp-login.php HTTP/1.1" 200 6591 "-" "Mozilla/5.0"
217.160.207.42 - - [21/Jan/2026:04:06:57 +0300] "POST /xmlrpc.php HTTP/1.1" 403 787 "-" "Mozilla/5.0 (Macintosh; Intel Mac OS X 14_0) AppleWebKit/537.36 (KHTML, like Gecko) Chrome/130.0.0.0 Safari/537.36"
47.112.172.106 - - [21/Jan/2026:04:06:58 +0300] "POST /xmlrpc.php HTTP/1.1" 403 787 "-" "Mozilla/5.0 (X11; Linux x86_64) AppleWebKit/537.36 (KHTML, like Gecko) Chrome/130.0.0.0 Safari/537.36"
103.228.37.65 - - [21/Jan/2026:04:07:08 +0300] "POST /xmlrpc.php HTTP/1.1" 403 787 "-" "Mozilla/5.0 (Windows NT 10.0; Win64; x64) AppleWebKit/537.36 (KHTML, like Gecko) Chrome/130.0.0.0 Safari/537.36 OPR/114.0.0.0"
118.190.217.51 - - [21/Jan/2026:04:07:17 +0300] "POST /xmlrpc.php HTTP/1.1" 403 787 "-" "Mozilla/5.0 (Windows NT 10.0; Win64; x64) AppleWebKit/537.36 (KHTML, like Gecko) Chrome/129.0.6668.100 Safari/537.36"
47.99.119.16 - - [21/Jan/2026:04:07:21 +0300] "POST /xmlrpc.php HTTP/1.1" 403 787 "-" "Mozilla/5.0 (Windows NT 10.0; Win64; x64) AppleWebKit/537.36 (KHTML, like Gecko) Chrome/130.0.6723.70 Safari/537.36"
217.160.207.42 - - [21/Jan/2026:04:08:02 +0300] "POST /xmlrpc.php HTTP/1.1" 403 787 "-" "Mozilla/5.0 (Windows NT 10.0; Win64; x64) AppleWebKit/537.36 (KHTML, like Gecko) Chrome/129.0.6668.90 Safari/537.36"
217.160.207.42 - - [21/Jan/2026:04:08:02 +0300] "POST /xmlrpc.php HTTP/1.1" 403 787 "-" "Mozilla/5.0 (Windows NT 10.0; Win64; x64) AppleWebKit/537.36 (KHTML, like Gecko) Chrome/129.0.6668.90 Safari/537.36"
217.160.207.42 - - [21/Jan/2026:04:08:07 +0300] "POST /xmlrpc.php HTTP/1.1" 403 787 "-" "Mozilla/5.0 (Windows NT 11.0; Win64; x64) AppleWebKit/537.36 (KHTML, like Gecko) Chrome/130.0.0.0 Safari/537.36"
217.160.207.42 - - [21/Jan/2026:04:08:12 +0300] "POST /xmlrpc.php HTTP/1.1" 403 787 "-" "Mozilla/5.0 (Windows NT 10.0; Win64; x64; rv:131.0) Gecko/20100101 Firefox/131.0"
217.160.207.42 - - [21/Jan/2026:04:08:12 +0300] "POST /xmlrpc.php HTTP/1.1" 403 787 "-" "Mozilla/5.0 (Windows NT 10.0; Win64; x64; rv:131.0) Gecko/20100101 Firefox/131.0"
57.128.52.136 - - [21/Jan/2026:04:25:42 +0300] "POST /wp-cron.php?doing_wp_cron=1768958742.4172840118408203125000 HTTP/1.1" 200 0 "-" "WordPress/6.9; https://eliteewallet.com"
57.141.0.5 - - [21/Jan/2026:04:29:36 +0300] "GET /sitemap_index.xml HTTP/2" 404 64997 "-" "meta-externalagent/1.1 (+https://developers.facebook.com/docs/sharing/webmasters/crawler)"
91.202.4.80 - - [21/Jan/2026:04:55:03 +0300] "GET /txets.php HTTP/1.1" 404 12253 "-" "Mozilla/4.0 (compatible; MSIE 6.0; Windows NT 5.1; SV1)"
57.128.52.136 - - [21/Jan/2026:04:57:54 +0300] "POST /wp-cron.php?doing_wp_cron=1768960674.6014709472656250000000 HTTP/1.1" 200 0 "-" "WordPress/6.9; https://eliteewallet.com"
209.87.169.254 - - [21/Jan/2026:04:57:52 +0300] "POST /wp-login.php HTTP/1.1" 200 6591 "-" "Mozilla/5.0"
94.205.249.38 - - [21/Jan/2026:05:04:03 +0300] "POST /wp-login.php HTTP/1.1" 200 2358 "-" "Mozilla/5.0 (Windows NT 10.0; Win64; x64; rv:65.0) Gecko/20100101 Firefox/65.0"
54.37.252.156 - - [21/Jan/2026:05:08:25 +0300] "GET / HTTP/1.1" 200 35680 "-" "Mozilla/5.0 (Windows NT 10.0; Win64; x64) AppleWebKit/537.36 (KHTML, like Gecko) Chrome/91.0.4472.124 Safari/537.36"
185.223.152.155 - - [21/Jan/2026:05:09:15 +0300] "POST /wp-login.php HTTP/1.1" 200 6591 "-" "Mozilla/5.0"
57.128.52.136 - - [21/Jan/2026:04:20:35 +0300] "POST /wp-cron.php?doing_wp_cron=1768958435.1942229270935058593750 HTTP/1.1" 200 0 "-" "WordPress/6.9; https://eliteewallet.com"
209.87.169.113 - - [21/Jan/2026:04:20:28 +0300] "POST /wp-login.php HTTP/1.1" 200 6591 "-" "Mozilla/5.0"
185.223.152.175 - - [21/Jan/2026:04:25:38 +0300] "POST /wp-login.php HTTP/1.1" 200 6591 "-" "Mozilla/5.0"
57.128.52.136 - - [21/Jan/2026:04:29:39 +0300] "POST /wp-cron.php?doing_wp_cron=1768958979.0852949619293212890625 HTTP/1.1" 200 0 "-" "WordPress/6.9; https://eliteewallet.com"
57.128.52.136 - - [21/Jan/2026:04:47:40 +0300] "POST /wp-cron.php?doing_wp_cron=1768960060.0479390621185302734375 HTTP/1.1" 200 0 "-" "WordPress/6.9; https://eliteewallet.com"
185.223.152.149 - - [21/Jan/2026:04:47:34 +0300] "POST /wp-login.php HTTP/1.1" 200 6591 "-" "Mozilla/5.0"
57.128.52.136 - - [21/Jan/2026:04:55:07 +0300] "POST /wp-cron.php?doing_wp_cron=1768960507.0918240547180175781250 HTTP/1.1" 200 0 "-" "WordPress/6.9; https://eliteewallet.com"
57.128.52.136 - - [21/Jan/2026:05:04:06 +0300] "POST /wp-cron.php?doing_wp_cron=1768961046.2396349906921386718750 HTTP/1.1" 200 0 "-" "WordPress/6.9; https://eliteewallet.com"
54.37.252.156 - - [21/Jan/2026:05:09:04 +0300] "GET /contact HTTP/1.1" 301 0 "-" "Mozilla/5.0 (Windows NT 10.0; Win64; x64) AppleWebKit/537.36 (KHTML, like Gecko) Chrome/91.0.4472.124 Safari/537.36"
57.128.52.136 - - [21/Jan/2026:05:09:17 +0300] "POST /wp-cron.php?doing_wp_cron=1768961357.0983910560607910156250 HTTP/1.1" 200 0 "-" "WordPress/6.9; https://eliteewallet.com"
54.37.252.156 - - [21/Jan/2026:05:09:39 +0300] "GET /contact/ HTTP/1.1" 200 18244 "-" "Mozilla/5.0 (Windows NT 10.0; Win64; x64) AppleWebKit/537.36 (KHTML, like Gecko) Chrome/91.0.4472.124 Safari/537.36"
45.148.10.214 - - [21/Jan/2026:05:20:40 +0300] "GET / HTTP/1.1" 200 175523 "-" "Mozilla/5.0 (X11; Linux x86_64; rv:89.0) Gecko/20100101 Firefox/89.0"
216.244.66.194 - - [21/Jan/2026:05:23:21 +0300] "GET /robots.txt HTTP/1.1" 200 117 "-" "Mozilla/5.0 (compatible; DotBot/1.2; +https://opensiteexplorer.org/dotbot; help@moz.com)"
57.141.0.5 - - [21/Jan/2026:05:25:28 +0300] "GET /car-financing-loan/ HTTP/2" 200 74431 "-" "meta-externalagent/1.1 (+https://developers.facebook.com/docs/sharing/webmasters/crawler)"
185.223.152.148 - - [21/Jan/2026:05:40:11 +0300] "POST /wp-login.php HTTP/1.1" 200 6591 "-" "Mozilla/5.0"
57.128.52.136 - - [21/Jan/2026:05:41:35 +0300] "POST /wp-cron.php?doing_wp_cron=1768963295.5738019943237304687500 HTTP/1.1" 200 0 "-" "WordPress/6.9; https://eliteewallet.com"
209.87.169.79 - - [21/Jan/2026:05:41:34 +0300] "POST /wp-login.php HTTP/1.1" 200 6591 "-" "Mozilla/5.0"
57.128.52.136 - - [21/Jan/2026:05:48:37 +0300] "POST /wp-cron.php?doing_wp_cron=1768963717.2138679027557373046875 HTTP/1.1" 200 0 "-" "WordPress/6.9; https://eliteewallet.com"
198.244.183.83 - - [21/Jan/2026:05:48:32 +0300] "GET /ufaq-category/loans/feed/ HTTP/2" 304 0 "-" "Mozilla/5.0 (compatible; AhrefsBot/7.0; +http://ahrefs.com/robot/)"
204.76.203.25 - - [21/Jan/2026:05:54:32 +0300] "GET /wp-content/plugins/elementor/assets/js/webpack.runtime.min.js HTTP/1.1" 200 5677 "-" "Mozilla/5.0 (Windows NT 10.0; Win64; x64) AppleWebKit/537.36 (KHTML, like Gecko) Chrome/134.0.0.0 Safari/537.3"
216.73.173.171 - - [21/Jan/2026:05:54:47 +0300] "GET / HTTP/2" 200 31103 "-" "Mozilla/5.0 (Macintosh; Intel Mac OS X 10_15_7) AppleWebKit/537.36 (KHTML, like Gecko) Chrome/131.0.0.0 Safari/537.36"
216.73.173.171 - - [21/Jan/2026:05:54:47 +0300] "GET /services/ HTTP/2" 200 12372 "-" "Mozilla/5.0 (Macintosh; Intel Mac OS X 10_15_7) AppleWebKit/537.36 (KHTML, like Gecko) Chrome/131.0.0.0 Safari/537.36"
216.73.173.171 - - [21/Jan/2026:05:54:47 +0300] "GET /contact/ HTTP/2" 200 16120 "-" "Mozilla/5.0 (Macintosh; Intel Mac OS X 10_15_7) AppleWebKit/537.36 (KHTML, like Gecko) Chrome/131.0.0.0 Safari/537.36"
216.73.173.171 - - [21/Jan/2026:05:54:48 +0300] "GET /about/ HTTP/2" 200 15033 "-" "Mozilla/5.0 (Macintosh; Intel Mac OS X 10_15_7) AppleWebKit/537.36 (KHTML, like Gecko) Chrome/131.0.0.0 Safari/537.36"
216.73.173.171 - - [21/Jan/2026:05:54:48 +0300] "GET /wp-content/plugins/elementor/assets/js/webpack.runtime.min.js?ver=3.34.1 HTTP/2" 200 2255 "-" "Mozilla/5.0 (Macintosh; Intel Mac OS X 10_15_7) AppleWebKit/537.36 (KHTML, like Gecko) Chrome/131.0.0.0 Safari/537.36"
216.73.173.171 - - [21/Jan/2026:05:54:48 +0300] "GET /wp-content/plugins/elementor/assets/js/frontend-modules.min.js?ver=3.34.1 HTTP/2" 200 24281 "-" "Mozilla/5.0 (Macintosh; Intel Mac OS X 10_15_7) AppleWebKit/537.36 (KHTML, like Gecko) Chrome/131.0.0.0 Safari/537.36"
216.73.173.171 - - [21/Jan/2026:05:54:48 +0300] "GET /wp-content/plugins/elementor/assets/js/frontend.min.js?ver=3.34.1 HTTP/2" 200 10035 "-" "Mozilla/5.0 (Macintosh; Intel Mac OS X 10_15_7) AppleWebKit/537.36 (KHTML, like Gecko) Chrome/131.0.0.0 Safari/537.36"
216.73.173.171 - - [21/Jan/2026:05:54:48 +0300] "GET /wp-content/plugins/the-plus-addons-for-elementor-page-builder/includes/user-experience/update-popup/tp-update-plugin-popup.js?ver=6.4.61768637926 HTTP/2" 200 753 "-" "Mozilla/5.0 (Macintosh; Intel Mac OS X 10_15_7) AppleWebKit/537.36 (KHTML, like Gecko) Chrome/131.0.0.0 Safari/537.36"
216.73.173.171 - - [21/Jan/2026:05:54:49 +0300] "GET /wp-content/themes/blocksy/static/bundle/main.js?ver=2.1.25 HTTP/2" 200 9640 "-" "Mozilla/5.0 (Macintosh; Intel Mac OS X 10_15_7) AppleWebKit/537.36 (KHTML, like Gecko) Chrome/131.0.0.0 Safari/537.36"
216.73.173.171 - - [21/Jan/2026:05:54:49 +0300] "GET /wp-content/plugins/forminator/assets/forminator-ui/js/forminator-form.min.js?ver=1.49.2 HTTP/2" 200 5218 "-" "Mozilla/5.0 (Macintosh; Intel Mac OS X 10_15_7) AppleWebKit/537.36 (KHTML, like Gecko) Chrome/131.0.0.0 Safari/537.36"
216.244.66.194 - - [21/Jan/2026:05:30:15 +0300] "GET /services/title-deed-loans/ HTTP/1.1" 200 74775 "-" "Mozilla/5.0 (compatible; DotBot/1.2; +https://opensiteexplorer.org/dotbot; help@moz.com)"
57.128.52.136 - - [21/Jan/2026:05:31:04 +0300] "POST /wp-cron.php?doing_wp_cron=1768962664.2498319149017333984375 HTTP/1.1" 200 0 "-" "WordPress/6.9; https://eliteewallet.com"
52.204.81.148 - - [21/Jan/2026:05:30:56 +0300] "GET /wp-json/oembed/1.0/embed?format=xml&url=https://eliteewallet.com/car-financing-loan/ HTTP/1.1" 200 1132 "-" "Mozilla/5.0 AppleWebKit/537.36 (KHTML, like Gecko; compatible; Amazonbot/0.1; +https://developer.amazon.com/support/amazonbot) Chrome/119.0.6045.214 Safari/537.36"
43.131.36.84 - - [21/Jan/2026:05:36:31 +0300] "GET / HTTP/1.1" 200 35680 "http://eliteewallet.com" "Mozilla/5.0 (iPhone; CPU iPhone OS 13_2_3 like Mac OS X) AppleWebKit/605.1.15 (KHTML, like Gecko) Version/13.0.3 Mobile/15E148 Safari/604.1"
57.128.52.136 - - [21/Jan/2026:05:40:13 +0300] "POST /wp-cron.php?doing_wp_cron=1768963213.8179619312286376953125 HTTP/1.1" 200 0 "-" "WordPress/6.9; https://eliteewallet.com"
204.76.203.25 - - [21/Jan/2026:05:54:32 +0300] "GET /wp-content/themes/blocksy/static/bundle/main.js HTTP/1.1" 200 33411 "-" "Mozilla/5.0 (Windows NT 10.0; Win64; x64) AppleWebKit/537.36 (KHTML, like Gecko) Chrome/134.0.0.0 Safari/537.3"
57.128.52.136 - - [21/Jan/2026:06:03:16 +0300] "GET /wp-admin/admin-ajax.php HTTP/1.1" 400 5 "-" "WordPress/6.9; https://eliteewallet.com"
57.128.52.136 - - [21/Jan/2026:06:04:46 +0300] "POST /wp-cron.php?doing_wp_cron=1768964686.0237669944763183593750 HTTP/1.1" 200 0 "-" "WordPress/6.9; https://eliteewallet.com"
4.190.210.95 - - [21/Jan/2026:06:04:43 +0300] "GET /aa.php HTTP/1.1" 404 12252 "-" "Mozilla/5.0 (Windows NT 10.0; Win64; x64) AppleWebKit/537.36 (KHTML, like Gecko) Chrome/120.0.0.0 Safari/537.36"
4.190.210.95 - - [21/Jan/2026:06:04:46 +0300] "GET /about.php HTTP/1.1" 404 12252 "-" "Mozilla/5.0 (Windows NT 10.0; Win64; x64) AppleWebKit/537.36 (KHTML, like Gecko) Chrome/120.0.0.0 Safari/537.36"
4.190.210.95 - - [21/Jan/2026:06:04:49 +0300] "GET /adminfuns.php HTTP/1.1" 404 12254 "-" "Mozilla/5.0 (Windows NT 10.0; Win64; x64) AppleWebKit/537.36 (KHTML, like Gecko) Chrome/120.0.0.0 Safari/537.36"
4.190.210.95 - - [21/Jan/2026:06:04:51 +0300] "GET /bolt.php HTTP/1.1" 404 12251 "-" "Mozilla/5.0 (Windows NT 10.0; Win64; x64) AppleWebKit/537.36 (KHTML, like Gecko) Chrome/120.0.0.0 Safari/537.36"
4.190.210.95 - - [21/Jan/2026:06:04:53 +0300] "GET /buy.php HTTP/1.1" 404 12255 "-" "Mozilla/5.0 (Windows NT 10.0; Win64; x64) AppleWebKit/537.36 (KHTML, like Gecko) Chrome/120.0.0.0 Safari/537.36"
4.190.210.95 - - [21/Jan/2026:06:04:55 +0300] "GET /goods.php HTTP/1.1" 404 12253 "-" "Mozilla/5.0 (Windows NT 10.0; Win64; x64) AppleWebKit/537.36 (KHTML, like Gecko) Chrome/120.0.0.0 Safari/537.36"
4.190.210.95 - - [21/Jan/2026:06:04:57 +0300] "GET /deepseek_d.php HTTP/1.1" 404 12253 "-" "Mozilla/5.0 (Windows NT 10.0; Win64; x64) AppleWebKit/537.36 (KHTML, like Gecko) Chrome/120.0.0.0 Safari/537.36"
4.190.210.95 - - [21/Jan/2026:06:04:59 +0300] "GET /file.php HTTP/1.1" 404 12252 "-" "Mozilla/5.0 (Windows NT 10.0; Win64; x64) AppleWebKit/537.36 (KHTML, like Gecko) Chrome/120.0.0.0 Safari/537.36"
4.190.210.95 - - [21/Jan/2026:06:05:03 +0300] "GET /ioxi-o.php HTTP/1.1" 404 12252 "-" "Mozilla/5.0 (Windows NT 10.0; Win64; x64) AppleWebKit/537.36 (KHTML, like Gecko) Chrome/120.0.0.0 Safari/537.36"
4.190.210.95 - - [21/Jan/2026:06:05:06 +0300] "GET /modules/ HTTP/1.1" 404 12251 "-" "Mozilla/5.0 (Windows NT 10.0; Win64; x64) AppleWebKit/537.36 (KHTML, like Gecko) Chrome/120.0.0.0 Safari/537.36"
4.190.210.95 - - [21/Jan/2026:06:05:10 +0300] "GET /test1.php HTTP/1.1" 404 12251 "-" "Mozilla/5.0 (Windows NT 10.0; Win64; x64) AppleWebKit/537.36 (KHTML, like Gecko) Chrome/120.0.0.0 Safari/537.36"
4.190.210.95 - - [21/Jan/2026:06:05:13 +0300] "GET /elp.php HTTP/1.1" 404 12252 "-" "Mozilla/5.0 (Windows NT 10.0; Win64; x64) AppleWebKit/537.36 (KHTML, like Gecko) Chrome/120.0.0.0 Safari/537.36"
4.190.210.95 - - [21/Jan/2026:06:05:15 +0300] "GET /wp-admin/images/ HTTP/1.1" 403 787 "-" "Mozilla/5.0 (Windows NT 10.0; Win64; x64) AppleWebKit/537.36 (KHTML, like Gecko) Chrome/120.0.0.0 Safari/537.36"
4.190.210.95 - - [21/Jan/2026:06:05:15 +0300] "GET /wp-includes/Text/ HTTP/1.1" 403 787 "-" "Mozilla/5.0 (Windows NT 10.0; Win64; x64) AppleWebKit/537.36 (KHTML, like Gecko) Chrome/120.0.0.0 Safari/537.36"
4.190.210.95 - - [21/Jan/2026:06:05:15 +0300] "GET /wp-includes/assets/ HTTP/1.1" 403 787 "-" "Mozilla/5.0 (Windows NT 10.0; Win64; x64) AppleWebKit/537.36 (KHTML, like Gecko) Chrome/120.0.0.0 Safari/537.36"
4.190.210.95 - - [21/Jan/2026:06:05:15 +0300] "GET /xmlrpc.php HTTP/1.1" 403 787 "-" "Mozilla/5.0 (Windows NT 10.0; Win64; x64) AppleWebKit/537.36 (KHTML, like Gecko) Chrome/120.0.0.0 Safari/537.36"
4.190.210.95 - - [21/Jan/2026:06:05:16 +0300] "GET /inputs.php HTTP/1.1" 404 12253 "-" "Mozilla/5.0 (Windows NT 10.0; Win64; x64) AppleWebKit/537.36 (KHTML, like Gecko) Chrome/120.0.0.0 Safari/537.36"
4.190.210.95 - - [21/Jan/2026:06:05:18 +0300] "GET /classsmtps.php HTTP/1.1" 404 12251 "-" "Mozilla/5.0 (Windows NT 10.0; Win64; x64) AppleWebKit/537.36 (KHTML, like Gecko) Chrome/120.0.0.0 Safari/537.36"
4.190.210.95 - - [21/Jan/2026:06:05:20 +0300] "GET /wp-trackback.php HTTP/1.1" 404 91 "-" "Mozilla/5.0 (Windows NT 10.0; Win64; x64) AppleWebKit/537.36 (KHTML, like Gecko) Chrome/120.0.0.0 Safari/537.36"
4.190.210.95 - - [21/Jan/2026:06:05:22 +0300] "GET /wp-cron.php HTTP/1.1" 200 0 "-" "Mozilla/5.0 (Windows NT 10.0; Win64; x64) AppleWebKit/537.36 (KHTML, like Gecko) Chrome/120.0.0.0 Safari/537.36"
4.190.210.95 - - [21/Jan/2026:06:05:22 +0300] "GET /wp-load.php HTTP/1.1" 200 0 "-" "Mozilla/5.0 (Windows NT 10.0; Win64; x64) AppleWebKit/537.36 (KHTML, like Gecko) Chrome/120.0.0.0 Safari/537.36"
4.190.210.95 - - [21/Jan/2026:06:05:24 +0300] "GET /wp-mail.php HTTP/1.1" 403 958 "-" "Mozilla/5.0 (Windows NT 10.0; Win64; x64) AppleWebKit/537.36 (KHTML, like Gecko) Chrome/120.0.0.0 Safari/537.36"
4.190.210.95 - - [21/Jan/2026:06:05:26 +0300] "GET /wp-activate.php HTTP/1.1" 302 0 "-" "Mozilla/5.0 (Windows NT 10.0; Win64; x64) AppleWebKit/537.36 (KHTML, like Gecko) Chrome/120.0.0.0 Safari/537.36"
4.190.210.95 - - [21/Jan/2026:06:05:28 +0300] "GET /plugins.php HTTP/1.1" 404 12252 "-" "Mozilla/5.0 (Windows NT 10.0; Win64; x64) AppleWebKit/537.36 (KHTML, like Gecko) Chrome/120.0.0.0 Safari/537.36"
4.190.210.95 - - [21/Jan/2026:06:05:29 +0300] "GET /admin.php HTTP/1.1" 404 12253 "-" "Mozilla/5.0 (Windows NT 10.0; Win64; x64) AppleWebKit/537.36 (KHTML, like Gecko) Chrome/120.0.0.0 Safari/537.36"
4.190.210.95 - - [21/Jan/2026:06:05:31 +0300] "GET /atomlib.php HTTP/1.1" 404 12250 "-" "Mozilla/5.0 (Windows NT 10.0; Win64; x64) AppleWebKit/537.36 (KHTML, like Gecko) Chrome/120.0.0.0 Safari/537.36"
4.190.210.95 - - [21/Jan/2026:06:05:33 +0300] "GET /simple.php HTTP/1.1" 404 12252 "-" "Mozilla/5.0 (Windows NT 10.0; Win64; x64) AppleWebKit/537.36 (KHTML, like Gecko) Chrome/120.0.0.0 Safari/537.36"
4.190.210.95 - - [21/Jan/2026:06:05:34 +0300] "GET /log.php HTTP/1.1" 404 12252 "-" "Mozilla/5.0 (Windows NT 10.0; Win64; x64) AppleWebKit/537.36 (KHTML, like Gecko) Chrome/120.0.0.0 Safari/537.36"
4.190.210.95 - - [21/Jan/2026:06:05:36 +0300] "GET /lufix.php HTTP/1.1" 404 12254 "-" "Mozilla/5.0 (Windows NT 10.0; Win64; x64) AppleWebKit/537.36 (KHTML, like Gecko) Chrome/120.0.0.0 Safari/537.36"
4.190.210.95 - - [21/Jan/2026:06:05:38 +0300] "GET /content.php HTTP/1.1" 404 12253 "-" "Mozilla/5.0 (Windows NT 10.0; Win64; x64) AppleWebKit/537.36 (KHTML, like Gecko) Chrome/120.0.0.0 Safari/537.36"
4.190.210.95 - - [21/Jan/2026:06:05:41 +0300] "GET /wp.php HTTP/1.1" 404 12250 "-" "Mozilla/5.0 (Windows NT 10.0; Win64; x64) AppleWebKit/537.36 (KHTML, like Gecko) Chrome/120.0.0.0 Safari/537.36"
4.190.210.95 - - [21/Jan/2026:06:05:43 +0300] "GET /wp-conflg.php HTTP/1.1" 404 12252 "-" "Mozilla/5.0 (Windows NT 10.0; Win64; x64) AppleWebKit/537.36 (KHTML, like Gecko) Chrome/120.0.0.0 Safari/537.36"
4.190.210.95 - - [21/Jan/2026:06:05:45 +0300] "GET /404.php HTTP/1.1" 404 12252 "-" "Mozilla/5.0 (Windows NT 10.0; Win64; x64) AppleWebKit/537.36 (KHTML, like Gecko) Chrome/120.0.0.0 Safari/537.36"
4.190.210.95 - - [21/Jan/2026:06:05:47 +0300] "GET /updates.php HTTP/1.1" 404 12252 "-" "Mozilla/5.0 (Windows NT 10.0; Win64; x64) AppleWebKit/537.36 (KHTML, like Gecko) Chrome/120.0.0.0 Safari/537.36"
4.190.210.95 - - [21/Jan/2026:06:05:49 +0300] "GET /radio.php HTTP/1.1" 404 12253 "-" "Mozilla/5.0 (Windows NT 10.0; Win64; x64) AppleWebKit/537.36 (KHTML, like Gecko) Chrome/120.0.0.0 Safari/537.36"
4.190.210.95 - - [21/Jan/2026:06:05:50 +0300] "GET /xmrlpc.php HTTP/1.1" 404 12253 "-" "Mozilla/5.0 (Windows NT 10.0; Win64; x64) AppleWebKit/537.36 (KHTML, like Gecko) Chrome/120.0.0.0 Safari/537.36"
4.190.210.95 - - [21/Jan/2026:06:05:51 +0300] "GET /moon.php HTTP/1.1" 404 12252 "-" "Mozilla/5.0 (Windows NT 10.0; Win64; x64) AppleWebKit/537.36 (KHTML, like Gecko) Chrome/120.0.0.0 Safari/537.36"
4.190.210.95 - - [21/Jan/2026:06:05:53 +0300] "GET /blog.php HTTP/1.1" 404 12252 "-" "Mozilla/5.0 (Windows NT 10.0; Win64; x64) AppleWebKit/537.36 (KHTML, like Gecko) Chrome/120.0.0.0 Safari/537.36"
4.190.210.95 - - [21/Jan/2026:06:05:54 +0300] "GET /themes.php HTTP/1.1" 404 12252 "-" "Mozilla/5.0 (Windows NT 10.0; Win64; x64) AppleWebKit/537.36 (KHTML, like Gecko) Chrome/120.0.0.0 Safari/537.36"
4.190.210.95 - - [21/Jan/2026:06:05:56 +0300] "GET /ini.php HTTP/1.1" 404 12252 "-" "Mozilla/5.0 (Windows NT 10.0; Win64; x64) AppleWebKit/537.36 (KHTML, like Gecko) Chrome/120.0.0.0 Safari/537.36"
4.190.210.95 - - [21/Jan/2026:06:05:57 +0300] "GET /as.php HTTP/1.1" 404 12252 "-" "Mozilla/5.0 (Windows NT 10.0; Win64; x64) AppleWebKit/537.36 (KHTML, like Gecko) Chrome/120.0.0.0 Safari/537.36"
4.190.210.95 - - [21/Jan/2026:06:05:59 +0300] "GET /ws.php HTTP/1.1" 404 12252 "-" "Mozilla/5.0 (Windows NT 10.0; Win64; x64) AppleWebKit/537.36 (KHTML, like Gecko) Chrome/120.0.0.0 Safari/537.36"
4.190.210.95 - - [21/Jan/2026:06:06:00 +0300] "GET /dropdown.php HTTP/1.1" 404 12253 "-" "Mozilla/5.0 (Windows NT 10.0; Win64; x64) AppleWebKit/537.36 (KHTML, like Gecko) Chrome/120.0.0.0 Safari/537.36"
4.190.210.95 - - [21/Jan/2026:06:06:02 +0300] "GET /makeasmtp.php HTTP/1.1" 404 12252 "-" "Mozilla/5.0 (Windows NT 10.0; Win64; x64) AppleWebKit/537.36 (KHTML, like Gecko) Chrome/120.0.0.0 Safari/537.36"
4.190.210.95 - - [21/Jan/2026:06:06:05 +0300] "GET /alfanew.php HTTP/1.1" 404 12252 "-" "Mozilla/5.0 (Windows NT 10.0; Win64; x64) AppleWebKit/537.36 (KHTML, like Gecko) Chrome/120.0.0.0 Safari/537.36"
4.190.210.95 - - [21/Jan/2026:06:06:06 +0300] "GET /fw.php HTTP/1.1" 404 12252 "-" "Mozilla/5.0 (Windows NT 10.0; Win64; x64) AppleWebKit/537.36 (KHTML, like Gecko) Chrome/120.0.0.0 Safari/537.36"
4.190.210.95 - - [21/Jan/2026:06:06:08 +0300] "GET /install.php HTTP/1.1" 404 12252 "-" "Mozilla/5.0 (Windows NT 10.0; Win64; x64) AppleWebKit/537.36 (KHTML, like Gecko) Chrome/120.0.0.0 Safari/537.36"
4.190.210.95 - - [21/Jan/2026:06:06:09 +0300] "GET /chosen.php HTTP/1.1" 404 12253 "-" "Mozilla/5.0 (Windows NT 10.0; Win64; x64) AppleWebKit/537.36 (KHTML, like Gecko) Chrome/120.0.0.0 Safari/537.36"
57.128.52.136 - - [21/Jan/2026:06:10:32 +0300] "POST /wp-cron.php?doing_wp_cron=1768965031.9841361045837402343750 HTTP/1.1" 200 0 "-" "WordPress/6.9; https://eliteewallet.com"
85.239.244.15 - - [21/Jan/2026:06:10:30 +0300] "POST /wp-login.php HTTP/1.1" 200 2362 "-" "Mozilla/5.0 (Windows NT 10.0; Win64; x64; rv:99.0) Gecko/20100101 Firefox/99.0"
57.128.52.136 - - [21/Jan/2026:06:19:08 +0300] "POST /wp-cron.php?doing_wp_cron=1768965548.3565120697021484375000 HTTP/1.1" 200 0 "-" "WordPress/6.9; https://eliteewallet.com"
54.37.252.156 - - [21/Jan/2026:06:19:05 +0300] "GET /contact/ HTTP/1.1" 200 18377 "-" "Mozilla/5.0 (Windows NT 10.0; Win64; x64) AppleWebKit/537.36 (KHTML, like Gecko) Chrome/91.0.4472.124 Safari/537.36"
216.73.173.171 - - [21/Jan/2026:05:54:49 +0300] "GET /wp-content/plugins/sassy-social-share/public/js/sassy-social-share-public.js?ver=3.3.79 HTTP/2" 200 47408 "-" "Mozilla/5.0 (Macintosh; Intel Mac OS X 10_15_7) AppleWebKit/537.36 (KHTML, like Gecko) Chrome/131.0.0.0 Safari/537.36"
216.73.173.171 - - [21/Jan/2026:05:54:49 +0300] "GET /wp-content/plugins/smart-slider-3/Public/SmartSlider3/Application/Frontend/Assets/dist/n2.min.js?ver=52073c7b HTTP/2" 200 12016 "-" "Mozilla/5.0 (Macintosh; Intel Mac OS X 10_15_7) AppleWebKit/537.36 (KHTML, like Gecko) Chrome/131.0.0.0 Safari/537.36"
216.73.173.171 - - [21/Jan/2026:05:54:49 +0300] "GET /wp-content/plugins/smart-slider-3/Public/SmartSlider3/Application/Frontend/Assets/dist/smartslider-frontend.min.js?ver=52073c7b HTTP/2" 200 25970 "-" "Mozilla/5.0 (Macintosh; Intel Mac OS X 10_15_7) AppleWebKit/537.36 (KHTML, like Gecko) Chrome/131.0.0.0 Safari/537.36"
216.73.173.171 - - [21/Jan/2026:05:54:49 +0300] "GET /wp-content/plugins/smart-slider-3/Public/SmartSlider3/Slider/SliderType/Simple/Assets/dist/ss-simple.min.js?ver=52073c7b HTTP/2" 200 3019 "-" "Mozilla/5.0 (Macintosh; Intel Mac OS X 10_15_7) AppleWebKit/537.36 (KHTML, like Gecko) Chrome/131.0.0.0 Safari/537.36"
57.128.52.136 - - [21/Jan/2026:06:02:19 +0300] "POST /wp-cron.php?doing_wp_cron=1768964538.8133800029754638671875 HTTP/1.1" 200 0 "-" "WordPress/6.9; https://eliteewallet.com"
57.128.52.136 - - [21/Jan/2026:06:02:37 +0300] "POST /wp-cron.php?doing_wp_cron=1768964557.5275630950927734375000 HTTP/1.1" 200 0 "-" "WordPress/6.9; https://eliteewallet.com"
185.223.152.157 - - [21/Jan/2026:06:02:50 +0300] "POST /wp-login.php HTTP/1.1" 503 2074 "-" "Mozilla/5.0"
57.128.52.136 - - [21/Jan/2026:06:02:57 +0300] "GET /wp-admin/admin-ajax.php HTTP/1.1" 400 5 "-" "WordPress/6.9; https://eliteewallet.com"
57.128.52.136 - - [21/Jan/2026:06:03:29 +0300] "GET /wp-admin/admin-ajax.php HTTP/1.1" 400 5 "-" "WordPress/6.9; https://eliteewallet.com"
57.128.52.136 - - [21/Jan/2026:06:03:37 +0300] "POST /wp-cron.php?doing_wp_cron=1768964617.7717020511627197265625 HTTP/1.1" 200 0 "-" "WordPress/6.9; https://eliteewallet.com"
57.128.52.136 - - [21/Jan/2026:06:05:38 +0300] "POST /wp-cron.php?doing_wp_cron=1768964738.5699520111083984375000 HTTP/1.1" 200 0 "-" "WordPress/6.9; https://eliteewallet.com"
54.37.252.156 - - [21/Jan/2026:06:19:39 +0300] "GET /services/logbook-loans/ HTTP/1.1" 200 17138 "-" "Mozilla/5.0 (Windows NT 10.0; Win64; x64) AppleWebKit/537.36 (KHTML, like Gecko) Chrome/91.0.4472.124 Safari/537.36"
54.37.252.156 - - [21/Jan/2026:06:20:33 +0300] "GET /services/education-loans/ HTTP/1.1" 200 15778 "-" "Mozilla/5.0 (Windows NT 10.0; Win64; x64) AppleWebKit/537.36 (KHTML, like Gecko) Chrome/91.0.4472.124 Safari/537.36"
57.128.52.136 - - [21/Jan/2026:06:21:16 +0300] "POST /wp-cron.php?doing_wp_cron=1768965676.5759449005126953125000 HTTP/1.1" 200 0 "-" "WordPress/6.9; https://eliteewallet.com"
216.26.250.210 - - [21/Jan/2026:06:24:58 +0300] "POST /wp-admin/admin-ajax.php HTTP/1.1" 200 168 "https://eliteewallet.com/contact/" "Mozilla/5.0 (Linux x86_64; rv:114.0) Gecko/20100101 Firefox/114.0"
57.128.52.136 - - [21/Jan/2026:06:25:00 +0300] "POST /wp-admin/admin-ajax.php?action=as_async_request_queue_runner&nonce=417d41a8d6 HTTP/1.1" 200 0 "-" "WordPress/6.9; https://eliteewallet.com"
185.223.152.156 - - [21/Jan/2026:06:25:49 +0300] "POST /wp-login.php HTTP/1.1" 200 6591 "-" "Mozilla/5.0"
57.128.52.136 - - [21/Jan/2026:06:27:37 +0300] "POST /wp-cron.php?doing_wp_cron=1768966057.1864941120147705078125 HTTP/1.1" 200 0 "-" "WordPress/6.9; https://eliteewallet.com"
57.128.52.136 - - [21/Jan/2026:06:30:03 +0300] "POST /wp-cron.php?doing_wp_cron=1768966203.6788120269775390625000 HTTP/1.1" 200 0 "-" "WordPress/6.9; https://eliteewallet.com"
114.119.137.28 - - [21/Jan/2026:06:30:00 +0300] "GET /check-off-loans/ HTTP/1.1" 200 18479 "https://eliteewallet.com/car-financing-loan/" "Mozilla/5.0 (Linux; Android 7.0;) AppleWebKit/537.36 (KHTML, like Gecko) Mobile Safari/537.36 (compatible; PetalBot;+https://webmaster.petalsearch.com/site/petalbot)"
57.128.52.136 - - [21/Jan/2026:06:19:41 +0300] "POST /wp-cron.php?doing_wp_cron=1768965581.4209849834442138671875 HTTP/1.1" 200 0 "-" "WordPress/6.9; https://eliteewallet.com"
54.37.252.156 - - [21/Jan/2026:06:21:15 +0300] "GET /weekend-loans/ HTTP/1.1" 200 17373 "-" "Mozilla/5.0 (Windows NT 10.0; Win64; x64) AppleWebKit/537.36 (KHTML, like Gecko) Chrome/91.0.4472.124 Safari/537.36"
216.26.250.210 - - [21/Jan/2026:06:24:57 +0300] "GET /contact/ HTTP/1.1" 200 16260 "-" "Mozilla/5.0 (Linux x86_64; rv:114.0) Gecko/20100101 Firefox/114.0"
57.128.52.136 - - [21/Jan/2026:06:25:01 +0300] "POST /wp-cron.php?doing_wp_cron=1768965901.5754721164703369140625 HTTP/1.1" 200 0 "-" "WordPress/6.9; https://eliteewallet.com"
57.128.52.136 - - [21/Jan/2026:06:25:50 +0300] "POST /wp-cron.php?doing_wp_cron=1768965950.5817499160766601562500 HTTP/1.1" 200 0 "-" "WordPress/6.9; https://eliteewallet.com"
209.87.169.254 - - [21/Jan/2026:06:26:22 +0300] "POST /wp-login.php HTTP/1.1" 200 6591 "-" "Mozilla/5.0"
52.169.5.4 - - [21/Jan/2026:06:27:35 +0300] "GET /wp-content/plugins/hellopress/wp_filemanager.php HTTP/1.1" 404 64997 "-" "-"
52.169.5.4 - - [21/Jan/2026:06:27:37 +0300] "GET /abouta.php HTTP/1.1" 404 64997 "-" "-"
52.169.5.4 - - [21/Jan/2026:06:27:39 +0300] "GET /fclas.php HTTP/1.1" 404 64997 "-" "-"
52.169.5.4 - - [21/Jan/2026:06:27:42 +0300] "GET /File.php HTTP/1.1" 404 64997 "-" "-"
52.169.5.4 - - [21/Jan/2026:06:27:44 +0300] "GET /all.php HTTP/1.1" 404 64997 "-" "-"
52.169.5.4 - - [21/Jan/2026:06:27:47 +0300] "GET /bbn.php HTTP/1.1" 404 64997 "-" "-"
52.169.5.4 - - [21/Jan/2026:06:27:50 +0300] "GET /berlin.php HTTP/1.1" 404 64997 "-" "-"
52.169.5.4 - - [21/Jan/2026:06:27:52 +0300] "GET /class-t.api.php HTTP/1.1" 404 64997 "-" "-"
52.169.5.4 - - [21/Jan/2026:06:27:54 +0300] "GET /xz89.php HTTP/1.1" 404 64997 "-" "-"
52.169.5.4 - - [21/Jan/2026:06:27:56 +0300] "GET /thai.php HTTP/1.1" 404 64997 "-" "-"
43.134.141.244 - - [21/Jan/2026:06:31:19 +0300] "GET / HTTP/1.1" 200 35789 "https://www.eliteewallet.com/" "Mozilla/5.0 (iPhone; CPU iPhone OS 13_2_3 like Mac OS X) AppleWebKit/605.1.15 (KHTML, like Gecko) Version/13.0.3 Mobile/15E148 Safari/604.1"
57.128.52.136 - - [21/Jan/2026:06:31:18 +0300] "POST /wp-cron.php?doing_wp_cron=1768966278.4496040344238281250000 HTTP/1.1" 200 0 "-" "WordPress/6.9; https://eliteewallet.com"
43.134.141.244 - - [21/Jan/2026:06:31:16 +0300] "GET / HTTP/1.1" 301 0 "http://www.eliteewallet.com" "Mozilla/5.0 (iPhone; CPU iPhone OS 13_2_3 like Mac OS X) AppleWebKit/605.1.15 (KHTML, like Gecko) Version/13.0.3 Mobile/15E148 Safari/604.1"
1.15.52.154 - - [21/Jan/2026:06:43:17 +0300] "GET / HTTP/1.1" 200 35789 "http://eliteewallet.com" "Mozilla/5.0 (iPhone; CPU iPhone OS 13_2_3 like Mac OS X) AppleWebKit/605.1.15 (KHTML, like Gecko) Version/13.0.3 Mobile/15E148 Safari/604.1"
185.223.152.173 - - [21/Jan/2026:07:09:48 +0300] "POST /wp-login.php HTTP/1.1" 200 6591 "-" "Mozilla/5.0"
57.128.52.136 - - [21/Jan/2026:07:11:36 +0300] "POST /wp-cron.php?doing_wp_cron=1768968696.1157970428466796875000 HTTP/1.1" 200 0 "-" "WordPress/6.9; https://eliteewallet.com"
209.87.169.96 - - [21/Jan/2026:07:11:34 +0300] "POST /wp-login.php HTTP/1.1" 200 6591 "-" "Mozilla/5.0"
57.128.52.136 - - [21/Jan/2026:06:48:28 +0300] "POST /wp-cron.php?doing_wp_cron=1768967308.1600489616394042968750 HTTP/1.1" 200 0 "-" "WordPress/6.9; https://eliteewallet.com"
185.223.152.161 - - [21/Jan/2026:06:48:19 +0300] "POST /wp-login.php HTTP/1.1" 200 6591 "-" "Mozilla/5.0"
57.128.52.136 - - [21/Jan/2026:07:09:52 +0300] "POST /wp-cron.php?doing_wp_cron=1768968591.9305059909820556640625 HTTP/1.1" 200 0 "-" "WordPress/6.9; https://eliteewallet.com"
57.128.52.136 - - [21/Jan/2026:07:31:18 +0300] "POST /wp-cron.php?doing_wp_cron=1768969878.1251649856567382812500 HTTP/1.1" 200 0 "-" "WordPress/6.9; https://eliteewallet.com"
185.223.152.154 - - [21/Jan/2026:07:31:16 +0300] "POST /wp-login.php HTTP/1.1" 200 6591 "-" "Mozilla/5.0"
57.128.52.136 - - [21/Jan/2026:07:34:14 +0300] "POST /wp-cron.php?doing_wp_cron=1768970054.4340670108795166015625 HTTP/1.1" 200 0 "-" "WordPress/6.9; https://eliteewallet.com"
54.37.252.156 - - [21/Jan/2026:07:34:09 +0300] "GET /car-financing-loan/ HTTP/1.1" 200 17449 "-" "Mozilla/5.0 (Windows NT 10.0; Win64; x64) AppleWebKit/537.36 (KHTML, like Gecko) Chrome/91.0.4472.124 Safari/537.36"
57.128.52.136 - - [21/Jan/2026:07:36:11 +0300] "POST /wp-cron.php?doing_wp_cron=1768970171.4525370597839355468750 HTTP/1.1" 200 0 "-" "WordPress/6.9; https://eliteewallet.com"
54.37.252.156 - - [21/Jan/2026:07:36:07 +0300] "GET /buy-off-loans/ HTTP/1.1" 200 17654 "-" "Mozilla/5.0 (Windows NT 10.0; Win64; x64) AppleWebKit/537.36 (KHTML, like Gecko) Chrome/91.0.4472.124 Safari/537.36"
57.128.52.136 - - [21/Jan/2026:07:37:25 +0300] "POST /wp-cron.php?doing_wp_cron=1768970245.5257699489593505859375 HTTP/1.1" 200 0 "-" "WordPress/6.9; https://eliteewallet.com"
57.128.52.136 - - [21/Jan/2026:07:38:40 +0300] "POST /wp-cron.php?doing_wp_cron=1768970320.3664979934692382812500 HTTP/1.1" 200 0 "-" "WordPress/6.9; https://eliteewallet.com"
54.37.252.156 - - [21/Jan/2026:07:39:20 +0300] "GET /salary-advance-loans/ HTTP/1.1" 200 17381 "-" "Mozilla/5.0 (Windows NT 10.0; Win64; x64) AppleWebKit/537.36 (KHTML, like Gecko) Chrome/91.0.4472.124 Safari/537.36"
45.61.188.177 - - [21/Jan/2026:07:45:39 +0300] "GET /wp-login.php HTTP/1.1" 200 6178 "-" "Mozilla/5.0 (X11; Linux i686) AppleWebKit/537.36 (KHTML, like Gecko) Chrome/36.0.1985.125 Safari/537.36"
45.61.188.177 - - [21/Jan/2026:07:45:42 +0300] "POST /wp-login.php HTTP/1.1" 200 6591 "-" "Mozilla/5.0 (X11; Linux i686) AppleWebKit/537.36 (KHTML, like Gecko) Chrome/36.0.1985.125 Safari/537.36"
57.128.52.136 - - [21/Jan/2026:07:52:54 +0300] "POST /wp-cron.php?doing_wp_cron=1768971174.6452019214630126953125 HTTP/1.1" 200 0 "-" "WordPress/6.9; https://eliteewallet.com"
185.223.152.167 - - [21/Jan/2026:07:52:49 +0300] "POST /wp-login.php HTTP/1.1" 200 6591 "-" "Mozilla/5.0"
57.128.52.136 - - [21/Jan/2026:07:56:57 +0300] "POST /wp-cron.php?doing_wp_cron=1768971417.3545989990234375000000 HTTP/1.1" 200 0 "-" "WordPress/6.9; https://eliteewallet.com"
132.148.121.208 - - [21/Jan/2026:08:08:59 +0300] "POST /xmlrpc.php HTTP/1.1" 403 787 "-" "Mozilla/5.0 (Macintosh; Intel Mac OS X 10.15; rv:130.0) Gecko/20100101 Firefox/130.0"
132.148.121.208 - - [21/Jan/2026:08:09:00 +0300] "POST /xmlrpc.php HTTP/1.1" 403 787 "-" "Mozilla/5.0 (Macintosh; Intel Mac OS X 10.15; rv:130.0) Gecko/20100101 Firefox/130.0"
190.90.160.168 - - [21/Jan/2026:08:09:20 +0300] "POST /xmlrpc.php HTTP/1.1" 403 787 "-" "Mozilla/5.0 (Macintosh; Intel Mac OS X 10_15_7) AppleWebKit/537.36 (KHTML, like Gecko) Chrome/129.0.6668.90 Safari/537.36"
220.158.232.215 - - [21/Jan/2026:08:09:24 +0300] "POST /xmlrpc.php HTTP/1.1" 403 787 "-" "Mozilla/5.0 (Windows NT 11.0; Win64; x64) AppleWebKit/537.36 (KHTML, like Gecko) Chrome/130.0.6723.60 Safari/537.36"
217.160.207.42 - - [21/Jan/2026:08:09:30 +0300] "POST /xmlrpc.php HTTP/1.1" 403 787 "-" "Mozilla/5.0 (X11; Linux x86_64) AppleWebKit/537.36 (KHTML, like Gecko) Chrome/130.0.0.0 Safari/537.36"
184.168.120.235 - - [21/Jan/2026:08:09:37 +0300] "POST /xmlrpc.php HTTP/1.1" 403 787 "-" "Mozilla/5.0 (Windows NT 10.0; Win64; x64) AppleWebKit/537.36 (KHTML, like Gecko) Chrome/129.0.6668.70 Safari/537.36"
184.168.120.235 - - [21/Jan/2026:08:09:38 +0300] "POST /xmlrpc.php HTTP/1.1" 403 787 "-" "Mozilla/5.0 (Windows NT 10.0; Win64; x64) AppleWebKit/537.36 (KHTML, like Gecko) Chrome/129.0.6668.70 Safari/537.36"
103.228.36.130 - - [21/Jan/2026:08:09:43 +0300] "POST /xmlrpc.php HTTP/1.1" 403 787 "-" "Mozilla/5.0 (X11; Linux x86_64) AppleWebKit/537.36 (KHTML, like Gecko) Chrome/130.0.0.0 Safari/537.36"
57.128.52.136 - - [21/Jan/2026:07:22:57 +0300] "POST /wp-cron.php?doing_wp_cron=1768969377.0921840667724609375000 HTTP/1.1" 200 0 "-" "WordPress/6.9; https://eliteewallet.com"
116.202.3.129 - - [21/Jan/2026:07:22:55 +0300] "POST /wp-login.php HTTP/1.1" 200 2297 "-" "Mozilla/5.0 (Windows NT 10.0; Win64; x64; rv:62.0) Gecko/20100101 Firefox/62.0"
54.37.252.156 - - [21/Jan/2026:07:34:49 +0300] "GET /check-off-loans/ HTTP/1.1" 200 18479 "-" "Mozilla/5.0 (Windows NT 10.0; Win64; x64) AppleWebKit/537.36 (KHTML, like Gecko) Chrome/91.0.4472.124 Safari/537.36"
57.128.52.136 - - [21/Jan/2026:07:35:31 +0300] "POST /wp-cron.php?doing_wp_cron=1768970131.1778008937835693359375 HTTP/1.1" 200 0 "-" "WordPress/6.9; https://eliteewallet.com"
54.37.252.156 - - [21/Jan/2026:07:35:28 +0300] "GET /about/ HTTP/1.1" 200 16913 "-" "Mozilla/5.0 (Windows NT 10.0; Win64; x64) AppleWebKit/537.36 (KHTML, like Gecko) Chrome/91.0.4472.124 Safari/537.36"
54.37.252.156 - - [21/Jan/2026:07:37:21 +0300] "GET /services/title-deed-loans/ HTTP/1.1" 200 17444 "-" "Mozilla/5.0 (Windows NT 10.0; Win64; x64) AppleWebKit/537.36 (KHTML, like Gecko) Chrome/91.0.4472.124 Safari/537.36"
54.37.252.156 - - [21/Jan/2026:07:38:03 +0300] "GET / HTTP/1.1" 200 35789 "-" "Mozilla/5.0 (Windows NT 10.0; Win64; x64) AppleWebKit/537.36 (KHTML, like Gecko) Chrome/91.0.4472.124 Safari/537.36"
54.37.252.156 - - [21/Jan/2026:07:38:38 +0300] "GET /services/ HTTP/1.1" 200 13873 "-" "Mozilla/5.0 (Windows NT 10.0; Win64; x64) AppleWebKit/537.36 (KHTML, like Gecko) Chrome/91.0.4472.124 Safari/537.36"
57.128.52.136 - - [21/Jan/2026:07:45:42 +0300] "POST /wp-cron.php?doing_wp_cron=1768970741.4964559078216552734375 HTTP/1.1" 200 0 "-" "WordPress/6.9; https://eliteewallet.com"
209.87.169.119 - - [21/Jan/2026:07:56:55 +0300] "POST /wp-login.php HTTP/1.1" 200 6591 "-" "Mozilla/5.0"
217.160.207.42 - - [21/Jan/2026:08:08:52 +0300] "POST /xmlrpc.php HTTP/1.1" 403 787 "-" "Mozilla/5.0 (X11; Fedora; Linux x86_64; rv:131.0) Gecko/20100101 Firefox/131.0"
217.160.207.42 - - [21/Jan/2026:08:08:52 +0300] "POST /xmlrpc.php HTTP/1.1" 403 787 "-" "Mozilla/5.0 (X11; Fedora; Linux x86_64; rv:131.0) Gecko/20100101 Firefox/131.0"
190.90.160.168 - - [21/Jan/2026:08:09:19 +0300] "POST /xmlrpc.php HTTP/1.1" 403 787 "-" "Mozilla/5.0 (Macintosh; Intel Mac OS X 10_15_7) AppleWebKit/537.36 (KHTML, like Gecko) Chrome/129.0.6668.90 Safari/537.36"
220.158.232.215 - - [21/Jan/2026:08:09:23 +0300] "POST /xmlrpc.php HTTP/1.1" 403 787 "-" "Mozilla/5.0 (Windows NT 11.0; Win64; x64) AppleWebKit/537.36 (KHTML, like Gecko) Chrome/130.0.6723.60 Safari/537.36"
217.160.207.42 - - [21/Jan/2026:08:09:30 +0300] "POST /xmlrpc.php HTTP/1.1" 403 787 "-" "Mozilla/5.0 (X11; Linux x86_64) AppleWebKit/537.36 (KHTML, like Gecko) Chrome/130.0.0.0 Safari/537.36"
217.160.207.42 - - [21/Jan/2026:08:10:05 +0300] "POST /xmlrpc.php HTTP/1.1" 403 787 "-" "Mozilla/5.0 (Windows NT 10.0; Win64; x64) AppleWebKit/537.36 (KHTML, like Gecko) Chrome/129.0.6668.89 Safari/537.36"
217.160.207.42 - - [21/Jan/2026:08:10:05 +0300] "POST /xmlrpc.php HTTP/1.1" 403 787 "-" "Mozilla/5.0 (Windows NT 10.0; Win64; x64) AppleWebKit/537.36 (KHTML, like Gecko) Chrome/129.0.6668.89 Safari/537.36"
34.170.113.158 - - [21/Jan/2026:08:10:41 +0300] "POST /xmlrpc.php HTTP/1.1" 403 787 "-" "Mozilla/5.0 (Macintosh; Intel Mac OS X 10_15_7) AppleWebKit/537.36 (KHTML, like Gecko) Chrome/130.0.6723.59 Safari/537.36"
185.223.152.151 - - [21/Jan/2026:08:15:48 +0300] "POST /wp-login.php HTTP/1.1" 200 6591 "-" "Mozilla/5.0"
162.120.187.240 - - [21/Jan/2026:08:22:58 +0300] "GET /about/ HTTP/2" 200 15043 "https://www.google.com/" "Mozilla/5.0 (Windows NT 10.0; Win64; x64) AppleWebKit/537.36 (KHTML, like Gecko) Chrome/143.0.0.0 Safari/537.36"
57.128.52.136 - - [21/Jan/2026:08:34:35 +0300] "POST /wp-cron.php?doing_wp_cron=1768973674.9373838901519775390625 HTTP/1.1" 200 0 "-" "WordPress/6.9; https://eliteewallet.com"
57.128.52.136 - - [21/Jan/2026:08:35:53 +0300] "POST /wp-cron.php?doing_wp_cron=1768973753.5737578868865966796875 HTTP/1.1" 200 0 "-" "WordPress/6.9; https://eliteewallet.com"
162.120.188.112 - - [21/Jan/2026:08:40:06 +0300] "GET /about/ HTTP/2" 200 15043 "https://www.google.com/" "Mozilla/5.0 (Windows NT 10.0; Win64; x64) AppleWebKit/537.36 (KHTML, like Gecko) Chrome/143.0.0.0 Safari/537.36"
57.128.52.136 - - [21/Jan/2026:08:42:33 +0300] "POST /wp-cron.php?doing_wp_cron=1768974152.6483929157257080078125 HTTP/1.1" 200 0 "-" "WordPress/6.9; https://eliteewallet.com"
209.87.169.101 - - [21/Jan/2026:08:42:29 +0300] "POST /wp-login.php HTTP/1.1" 200 6591 "-" "Mozilla/5.0"
52.230.163.39 - - [21/Jan/2026:08:45:53 +0300] "GET / HTTP/2" 200 31199 "-" "Mozilla/5.0 AppleWebKit/537.36 (KHTML, like Gecko); compatible; ChatGPT-User/1.0; +https://openai.com/bot"
104.28.214.117 - - [21/Jan/2026:08:53:03 +0300] "GET /style.php HTTP/2" 200 0 "http://eliteewallet.com/style.php" "Go-http-client/2.0"
57.128.52.136 - - [21/Jan/2026:09:05:29 +0300] "POST /wp-cron.php?doing_wp_cron=1768975529.0840010643005371093750 HTTP/1.1" 200 0 "-" "WordPress/6.9; https://eliteewallet.com"
185.223.152.168 - - [21/Jan/2026:09:05:26 +0300] "POST /wp-login.php HTTP/1.1" 200 6591 "-" "Mozilla/5.0"
81.88.52.202 - - [21/Jan/2026:08:09:44 +0300] "POST /xmlrpc.php HTTP/1.1" 403 787 "-" "Mozilla/5.0 (Macintosh; Intel Mac OS X 13_6_9) AppleWebKit/605.1.15 (KHTML, like Gecko) Version/17.6 Safari/605.1.15"
81.88.52.202 - - [21/Jan/2026:08:09:44 +0300] "POST /xmlrpc.php HTTP/1.1" 403 787 "-" "Mozilla/5.0 (Macintosh; Intel Mac OS X 13_6_9) AppleWebKit/605.1.15 (KHTML, like Gecko) Version/17.6 Safari/605.1.15"
103.228.36.130 - - [21/Jan/2026:08:09:44 +0300] "POST /xmlrpc.php HTTP/1.1" 403 787 "-" "Mozilla/5.0 (X11; Linux x86_64) AppleWebKit/537.36 (KHTML, like Gecko) Chrome/130.0.0.0 Safari/537.36"
34.170.113.158 - - [21/Jan/2026:08:10:40 +0300] "POST /xmlrpc.php HTTP/1.1" 403 787 "-" "Mozilla/5.0 (Macintosh; Intel Mac OS X 10_15_7) AppleWebKit/537.36 (KHTML, like Gecko) Chrome/130.0.6723.59 Safari/537.36"
57.128.52.136 - - [21/Jan/2026:08:13:35 +0300] "POST /wp-cron.php?doing_wp_cron=1768972415.2165029048919677734375 HTTP/1.1" 200 0 "-" "WordPress/6.9; https://eliteewallet.com"
45.148.10.160 - - [21/Jan/2026:08:13:29 +0300] "GET / HTTP/1.1" 301 0 "-" "-"
45.148.10.160 - - [21/Jan/2026:08:13:34 +0300] "GET / HTTP/1.1" 301 0 "-" "-"
57.128.52.136 - - [21/Jan/2026:08:15:49 +0300] "POST /wp-cron.php?doing_wp_cron=1768972549.7189059257507324218750 HTTP/1.1" 200 0 "-" "WordPress/6.9; https://eliteewallet.com"
57.128.52.136 - - [21/Jan/2026:08:23:01 +0300] "POST /wp-cron.php?doing_wp_cron=1768972981.4848330020904541015625 HTTP/1.1" 200 0 "-" "WordPress/6.9; https://eliteewallet.com"
66.249.93.161 - - [21/Jan/2026:08:22:58 +0300] "GET /.well-known/traffic-advice HTTP/1.1" 404 13775 "-" "Chrome Privacy Preserving Prefetch Proxy"
167.99.48.188 - - [21/Jan/2026:08:34:26 +0300] "POST /wp-login.php HTTP/1.1" 200 2359 "-" "Mozilla/5.0 (Windows NT 10.0; Win64; x64; rv:58.0) Gecko/20100101 Firefox/58.0"
4.194.179.26 - - [21/Jan/2026:08:35:50 +0300] "GET //wp-content/plugins/fix/up.php HTTP/1.1" 301 0 "-" "Mozilla/5.0 (Windows NT 10.0; Win64; x64) AppleWebKit/537.36 (KHTML, like Gecko) Chrome/85.0.4183.102 Safari/537.36"
4.194.179.26 - - [21/Jan/2026:08:35:53 +0300] "GET /wp-content/plugins/fix/up.php HTTP/1.1" 404 13767 "-" "Mozilla/5.0 (Windows NT 10.0; Win64; x64) AppleWebKit/537.36 (KHTML, like Gecko) Chrome/85.0.4183.102 Safari/537.36"
57.128.52.136 - - [21/Jan/2026:08:37:45 +0300] "POST /wp-cron.php?doing_wp_cron=1768973865.0554139614105224609375 HTTP/1.1" 200 0 "-" "WordPress/6.9; https://eliteewallet.com"
185.223.152.170 - - [21/Jan/2026:08:37:42 +0300] "POST /wp-login.php HTTP/1.1" 200 6591 "-" "Mozilla/5.0"
57.128.52.136 - - [21/Jan/2026:08:58:54 +0300] "POST /wp-cron.php?doing_wp_cron=1768975133.7695100307464599609375 HTTP/1.1" 200 0 "-" "WordPress/6.9; https://eliteewallet.com"
114.119.137.28 - - [21/Jan/2026:08:58:50 +0300] "GET /hello-world/ HTTP/1.1" 200 15568 "https://eliteewallet.com/services/" "Mozilla/5.0 (Linux; Android 7.0;) AppleWebKit/537.36 (KHTML, like Gecko) Mobile Safari/537.36 (compatible; PetalBot;+https://webmaster.petalsearch.com/site/petalbot)"
57.128.52.136 - - [21/Jan/2026:09:27:18 +0300] "POST /wp-cron.php?doing_wp_cron=1768976838.4987881183624267578125 HTTP/1.1" 200 0 "-" "WordPress/6.9; https://eliteewallet.com"
185.223.152.171 - - [21/Jan/2026:09:27:09 +0300] "POST /wp-login.php HTTP/1.1" 200 6591 "-" "Mozilla/5.0"
57.128.52.136 - - [21/Jan/2026:09:28:16 +0300] "POST /wp-cron.php?doing_wp_cron=1768976896.0444469451904296875000 HTTP/1.1" 200 0 "-" "WordPress/6.9; https://eliteewallet.com"
45.131.195.238 - - [21/Jan/2026:09:28:14 +0300] "POST /wp-login.php HTTP/1.1" 200 6591 "-" "Mozilla/5.0"
165.245.142.222 - - [21/Jan/2026:09:43:25 +0300] "GET /wp-login.php HTTP/1.1" 200 2196 "-" "Mozilla/5.0 (Macintosh; Intel Mac OS X 10_15_7) AppleWebKit/605.1.15 (KHTML, like Gecko) Version/14.1.1 Safari/605.1.15"
165.245.142.222 - - [21/Jan/2026:09:43:26 +0300] "POST /wp-login.php HTTP/1.1" 200 2358 "https://eliteewallet.com/wp-login.php" "Mozilla/5.0 (X11; Linux x86_64; rv:92.0) Gecko/20100101 Firefox/92.0"
165.245.142.222 - - [21/Jan/2026:09:43:28 +0300] "GET /wp-admin/index.php HTTP/1.1" 302 0 "https://eliteewallet.com/wp-login.php" "Mozilla/5.0 (Windows NT 10.0; Win64; x64) AppleWebKit/605.1.15 (KHTML, like Gecko) Version/14.1.1 Safari/605.1.15"
165.245.142.222 - - [21/Jan/2026:09:43:33 +0300] "GET /wp-admin/index.php HTTP/1.1" 302 0 "https://eliteewallet.com/wp-login.php" "Mozilla/5.0 (Windows NT 10.0; Win64; x64) AppleWebKit/605.1.15 (KHTML, like Gecko) Version/14.1.1 Safari/605.1.15"
165.245.142.222 - - [21/Jan/2026:09:43:37 +0300] "GET /wp-login.php?redirect_to=https%3A%2F%2Feliteewallet.com%2Fwp-admin%2Findex.php&reauth=1 HTTP/1.1" 200 2208 "https://eliteewallet.com/wp-login.php" "Mozilla/5.0 (Windows NT 10.0; Win64; x64) AppleWebKit/605.1.15 (KHTML, like Gecko) Version/14.1.1 Safari/605.1.15"
165.245.142.222 - - [21/Jan/2026:09:43:39 +0300] "POST /wp-login.php HTTP/1.1" 200 2358 "https://eliteewallet.com/wp-login.php" "Mozilla/5.0 (Windows NT 10.0; Win64; x64) AppleWebKit/605.1.15 (KHTML, like Gecko) Version/14.1.2 Safari/605.1.15"
165.245.142.222 - - [21/Jan/2026:09:43:46 +0300] "GET /wp-admin/index.php HTTP/1.1" 302 0 "https://eliteewallet.com/wp-login.php" "Mozilla/5.0 (Macintosh; Intel Mac OS X 10_15_7) AppleWebKit/605.1.15 (KHTML, like Gecko) Version/14.1.2 Safari/605.1.15"
165.245.142.222 - - [21/Jan/2026:09:43:50 +0300] "GET /wp-login.php?redirect_to=https%3A%2F%2Feliteewallet.com%2Fwp-admin%2Findex.php&reauth=1 HTTP/1.1" 200 2208 "https://eliteewallet.com/wp-login.php" "Mozilla/5.0 (Macintosh; Intel Mac OS X 10_15_7) AppleWebKit/605.1.15 (KHTML, like Gecko) Version/14.1.2 Safari/605.1.15"
165.245.142.222 - - [21/Jan/2026:09:43:53 +0300] "GET /wp-admin/index.php HTTP/1.1" 302 0 "https://eliteewallet.com/wp-login.php" "Mozilla/5.0 (Macintosh; Intel Mac OS X 10_15_7) AppleWebKit/605.1.15 (KHTML, like Gecko) Version/14.1.2 Safari/605.1.15"
165.245.142.222 - - [21/Jan/2026:09:43:56 +0300] "GET /wp-login.php?redirect_to=https%3A%2F%2Feliteewallet.com%2Fwp-admin%2Findex.php&reauth=1 HTTP/1.1" 200 2208 "https://eliteewallet.com/wp-login.php" "Mozilla/5.0 (Macintosh; Intel Mac OS X 10_15_7) AppleWebKit/605.1.15 (KHTML, like Gecko) Version/14.1.2 Safari/605.1.15"
165.245.142.222 - - [21/Jan/2026:09:43:58 +0300] "POST /wp-login.php HTTP/1.1" 200 2357 "https://eliteewallet.com/wp-login.php" "Mozilla/5.0 (Windows NT 10.0; Win64; x64) AppleWebKit/605.1.15 (KHTML, like Gecko) Version/14.1.1 Safari/605.1.15"
165.245.142.222 - - [21/Jan/2026:09:44:00 +0300] "GET /wp-admin/index.php HTTP/1.1" 302 0 "https://eliteewallet.com/wp-login.php" "Mozilla/5.0 (Windows NT 10.0; Win64; x64) AppleWebKit/605.1.15 (KHTML, like Gecko) Version/14.1.2 Safari/605.1.15"
165.245.142.222 - - [21/Jan/2026:09:44:03 +0300] "GET /wp-login.php?redirect_to=https%3A%2F%2Feliteewallet.com%2Fwp-admin%2Findex.php&reauth=1 HTTP/1.1" 200 2208 "https://eliteewallet.com/wp-login.php" "Mozilla/5.0 (Windows NT 10.0; Win64; x64) AppleWebKit/605.1.15 (KHTML, like Gecko) Version/14.1.2 Safari/605.1.15"
165.245.142.222 - - [21/Jan/2026:09:44:05 +0300] "GET /wp-admin/index.php HTTP/1.1" 302 0 "https://eliteewallet.com/wp-login.php" "Mozilla/5.0 (Windows NT 10.0; Win64; x64) AppleWebKit/605.1.15 (KHTML, like Gecko) Version/14.1.2 Safari/605.1.15"
165.245.142.222 - - [21/Jan/2026:09:44:08 +0300] "GET /wp-login.php?redirect_to=https%3A%2F%2Feliteewallet.com%2Fwp-admin%2Findex.php&reauth=1 HTTP/1.1" 200 2208 "https://eliteewallet.com/wp-login.php" "Mozilla/5.0 (Windows NT 10.0; Win64; x64) AppleWebKit/605.1.15 (KHTML, like Gecko) Version/14.1.2 Safari/605.1.15"
57.128.52.136 - - [21/Jan/2026:09:43:28 +0300] "POST /wp-cron.php?doing_wp_cron=1768977808.2785680294036865234375 HTTP/1.1" 200 0 "-" "WordPress/6.9; https://eliteewallet.com"
159.89.173.22 - - [21/Jan/2026:09:43:19 +0300] "POST /wp-login.php HTTP/1.1" 200 2358 "-" "Mozilla/5.0 (Windows NT 10.0; Win64; x64; rv:69.0) Gecko/20100101 Firefox/69.0"
57.128.52.136 - - [21/Jan/2026:09:44:28 +0300] "POST /wp-cron.php?doing_wp_cron=1768977868.7016379833221435546875 HTTP/1.1" 200 0 "-" "WordPress/6.9; https://eliteewallet.com"
165.245.142.222 - - [21/Jan/2026:09:44:34 +0300] "POST /wp-login.php HTTP/1.1" 200 2365 "https://eliteewallet.com/wp-login.php" "Mozilla/5.0 (Windows NT 10.0; Win64; x64) AppleWebKit/537.36 (KHTML, like Gecko) Chrome/94.0.4606.71 Safari/537.36"
165.245.142.222 - - [21/Jan/2026:09:44:35 +0300] "GET /wp-admin/index.php HTTP/1.1" 302 0 "https://eliteewallet.com/wp-login.php" "Mozilla/5.0 (Windows NT 6.1; Win64; x64) AppleWebKit/537.36 (KHTML, like Gecko) Chrome/92.0.4515.131 Safari/537.36"
57.128.52.136 - - [21/Jan/2026:09:44:41 +0300] "POST /wp-cron.php?doing_wp_cron=1768977881.4442360401153564453125 HTTP/1.1" 200 0 "-" "WordPress/6.9; https://eliteewallet.com"
165.245.142.222 - - [21/Jan/2026:09:44:39 +0300] "GET /wp-login.php?redirect_to=https%3A%2F%2Feliteewallet.com%2Fwp-admin%2Findex.php&reauth=1 HTTP/1.1" 200 2208 "https://eliteewallet.com/wp-login.php" "Mozilla/5.0 (Windows NT 6.1; Win64; x64) AppleWebKit/537.36 (KHTML, like Gecko) Chrome/92.0.4515.131 Safari/537.36"
165.245.142.222 - - [21/Jan/2026:09:44:41 +0300] "GET /wp-admin/index.php HTTP/1.1" 302 0 "https://eliteewallet.com/wp-login.php" "Mozilla/5.0 (Windows NT 6.1; Win64; x64) AppleWebKit/537.36 (KHTML, like Gecko) Chrome/92.0.4515.131 Safari/537.36"
165.245.142.222 - - [21/Jan/2026:09:44:45 +0300] "GET /wp-login.php?redirect_to=https%3A%2F%2Feliteewallet.com%2Fwp-admin%2Findex.php&reauth=1 HTTP/1.1" 200 2208 "https://eliteewallet.com/wp-login.php" "Mozilla/5.0 (Windows NT 6.1; Win64; x64) AppleWebKit/537.36 (KHTML, like Gecko) Chrome/92.0.4515.131 Safari/537.36"
165.245.142.222 - - [21/Jan/2026:09:44:48 +0300] "POST /wp-login.php HTTP/1.1" 200 2364 "https://eliteewallet.com/wp-login.php" "Mozilla/5.0 (X11; Linux x86_64; rv:91.0) Gecko/20100101 Firefox/91.0"
165.245.142.222 - - [21/Jan/2026:09:44:50 +0300] "GET /wp-admin/index.php HTTP/1.1" 302 0 "https://eliteewallet.com/wp-login.php" "Mozilla/5.0 (Windows NT 10.0; Win64; x64) AppleWebKit/537.36 (KHTML, like Gecko) Chrome/90.0.4430.212 Safari/537.36"
165.245.142.222 - - [21/Jan/2026:09:44:52 +0300] "GET /wp-login.php?redirect_to=https%3A%2F%2Feliteewallet.com%2Fwp-admin%2Findex.php&reauth=1 HTTP/1.1" 200 2208 "https://eliteewallet.com/wp-login.php" "Mozilla/5.0 (Windows NT 10.0; Win64; x64) AppleWebKit/537.36 (KHTML, like Gecko) Chrome/90.0.4430.212 Safari/537.36"
165.245.142.222 - - [21/Jan/2026:09:44:54 +0300] "GET /wp-admin/index.php HTTP/1.1" 302 0 "https://eliteewallet.com/wp-login.php" "Mozilla/5.0 (Windows NT 10.0; Win64; x64) AppleWebKit/537.36 (KHTML, like Gecko) Chrome/90.0.4430.212 Safari/537.36"
165.245.142.222 - - [21/Jan/2026:09:44:57 +0300] "GET /wp-login.php?redirect_to=https%3A%2F%2Feliteewallet.com%2Fwp-admin%2Findex.php&reauth=1 HTTP/1.1" 200 2208 "https://eliteewallet.com/wp-login.php" "Mozilla/5.0 (Windows NT 10.0; Win64; x64) AppleWebKit/537.36 (KHTML, like Gecko) Chrome/90.0.4430.212 Safari/537.36"
165.245.142.222 - - [21/Jan/2026:09:44:59 +0300] "POST /wp-login.php HTTP/1.1" 200 2358 "https://eliteewallet.com/wp-login.php" "Mozilla/5.0 (Windows NT 6.1; Win64; x64) AppleWebKit/537.36 (KHTML, like Gecko) Chrome/94.0.4606.71 Safari/537.36"
165.245.142.222 - - [21/Jan/2026:09:45:04 +0300] "GET /wp-admin/index.php HTTP/1.1" 302 0 "https://eliteewallet.com/wp-login.php" "Mozilla/5.0 (Windows NT 10.0; Win64; x64) AppleWebKit/537.36 (KHTML, like Gecko) Chrome/94.0.4606.71 Safari/537.36"
