69.58.77.107 - - [20/Jan/2026:18:11:04 +0300] "GET /wp-content/plugins/smart-slider-3/Public/SmartSlider3/Slider/SliderType/Simple/Assets/dist/ss-simple.min.js?ver=c397fa89 HTTP/2" 200 3019 "https://eliteewallet.com/" "Mozilla/5.0 (X11; Linux x86_64) AppleWebKit/537.36 (KHTML, like Gecko) Chrome/141.0.0.0 Safari/537.36"
69.58.77.107 - - [20/Jan/2026:18:11:04 +0300] "GET /wp-content/plugins/smart-slider-3/Public/SmartSlider3/Widget/Arrow/ArrowImage/Assets/dist/w-arrow-image.min.js?ver=c397fa89 HTTP/2" 200 561 "https://eliteewallet.com/" "Mozilla/5.0 (X11; Linux x86_64) AppleWebKit/537.36 (KHTML, like Gecko) Chrome/141.0.0.0 Safari/537.36"
69.58.77.107 - - [20/Jan/2026:18:11:04 +0300] "GET /wp-content/plugins/smart-slider-3/Public/SmartSlider3/Widget/Bullet/Assets/dist/w-bullet.min.js?ver=c397fa89 HTTP/2" 200 1806 "https://eliteewallet.com/" "Mozilla/5.0 (X11; Linux x86_64) AppleWebKit/537.36 (KHTML, like Gecko) Chrome/141.0.0.0 Safari/537.36"
69.58.77.107 - - [20/Jan/2026:18:11:04 +0300] "GET /wp-content/uploads/elementor/google-fonts/fonts/texturina-c4mz1nxpetl3pxiaulr5ml129fhzmlj7i4oisujycagf.woff2 HTTP/2" 200 51328 "https://eliteewallet.com/wp-content/uploads/elementor/google-fonts/css/texturina.css?ver=1742272717" "Mozilla/5.0 (X11; Linux x86_64) AppleWebKit/537.36 (KHTML, like Gecko) Chrome/141.0.0.0 Safari/537.36"
69.58.77.107 - - [20/Jan/2026:18:11:04 +0300] "GET /wp-content/plugins/elementor/assets/lib/font-awesome/webfonts/fa-solid-900.woff2 HTTP/2" 200 78196 "https://eliteewallet.com/wp-content/plugins/elementor/assets/lib/font-awesome/css/solid.css?ver=5.15.3" "Mozilla/5.0 (X11; Linux x86_64) AppleWebKit/537.36 (KHTML, like Gecko) Chrome/141.0.0.0 Safari/537.36"
69.58.77.107 - - [20/Jan/2026:18:11:04 +0300] "GET /wp-content/plugins/the-plus-addons-for-elementor-page-builder/assets/svg/testimonial-mask.svg HTTP/2" 200 251 "https://eliteewallet.com/" "Mozilla/5.0 (X11; Linux x86_64) AppleWebKit/537.36 (KHTML, like Gecko) Chrome/141.0.0.0 Safari/537.36"
69.58.77.107 - - [20/Jan/2026:18:11:04 +0300] "GET /wp-content/themes/blocksy/static/bundle/907.1390f43c75fed76e2bb4.js HTTP/2" 200 1927 "https://eliteewallet.com/" "Mozilla/5.0 (X11; Linux x86_64) AppleWebKit/537.36 (KHTML, like Gecko) Chrome/141.0.0.0 Safari/537.36"
69.58.77.107 - - [20/Jan/2026:18:11:04 +0300] "GET /wp-content/themes/blocksy/static/bundle/641.656abb12c469e8c7581a.js HTTP/2" 200 156 "https://eliteewallet.com/" "Mozilla/5.0 (X11; Linux x86_64) AppleWebKit/537.36 (KHTML, like Gecko) Chrome/141.0.0.0 Safari/537.36"
69.58.77.107 - - [20/Jan/2026:18:11:04 +0300] "GET /wp-content/plugins/elementor/assets/js/shared-frontend-handlers.03caa53373b56d3bab67.bundle.min.js HTTP/2" 200 2511 "https://eliteewallet.com/" "Mozilla/5.0 (X11; Linux x86_64) AppleWebKit/537.36 (KHTML, like Gecko) Chrome/141.0.0.0 Safari/537.36"
69.58.77.107 - - [20/Jan/2026:18:11:04 +0300] "GET /wp-content/plugins/elementor/assets/js/text-editor.45609661e409413f1cef.bundle.min.js HTTP/2" 200 592 "https://eliteewallet.com/" "Mozilla/5.0 (X11; Linux x86_64) AppleWebKit/537.36 (KHTML, like Gecko) Chrome/141.0.0.0 Safari/537.36"
69.58.77.107 - - [20/Jan/2026:18:11:04 +0300] "GET /wp-content/plugins/elementor/assets/js/counter.12335f45aaa79d244f24.bundle.min.js HTTP/2" 200 415 "https://eliteewallet.com/" "Mozilla/5.0 (X11; Linux x86_64) AppleWebKit/537.36 (KHTML, like Gecko) Chrome/141.0.0.0 Safari/537.36"
69.58.77.107 - - [20/Jan/2026:18:11:04 +0300] "GET /wp-content/plugins/smart-slider-3/Public/SmartSlider3/Slider/SliderType/Simple/Assets/dist/smartslider-backgroundanimation.min.js?ver=c397fa89 HTTP/2" 200 150600 "https://eliteewallet.com/" "Mozilla/5.0 (X11; Linux x86_64) AppleWebKit/537.36 (KHTML, like Gecko) Chrome/141.0.0.0 Safari/537.36"
69.58.77.107 - - [20/Jan/2026:18:11:04 +0300] "GET /wp-content/uploads/2025/03/WhatsApp-Image-2025-03-08-at-13.19.07_10b9da7d-scaled.jpg HTTP/2" 200 322962 "https://eliteewallet.com/" "Mozilla/5.0 (X11; Linux x86_64) AppleWebKit/537.36 (KHTML, like Gecko) Chrome/141.0.0.0 Safari/537.36"
69.58.77.107 - - [20/Jan/2026:18:11:04 +0300] "GET /wp-content/uploads/2024/06/23012.jpg HTTP/2" 200 599757 "https://eliteewallet.com/wp-content/plugins/smart-slider-3/Public/SmartSlider3/Application/Frontend/Assets/dist/smartslider.min.css?ver=c397fa89" "Mozilla/5.0 (X11; Linux x86_64) AppleWebKit/537.36 (KHTML, like Gecko) Chrome/141.0.0.0 Safari/537.36"
69.58.77.107 - - [20/Jan/2026:18:11:04 +0300] "GET /wp-content/uploads/2024/06/19452.jpg HTTP/2" 200 1155335 "https://eliteewallet.com/wp-content/uploads/elementor/css/post-81.css?ver=1768616424" "Mozilla/5.0 (X11; Linux x86_64) AppleWebKit/537.36 (KHTML, like Gecko) Chrome/141.0.0.0 Safari/537.36"
69.58.77.107 - - [20/Jan/2026:18:11:04 +0300] "GET /wp-content/uploads/2024/06/2150690130.jpg HTTP/2" 200 1460482 "https://eliteewallet.com/wp-content/plugins/smart-slider-3/Public/SmartSlider3/Application/Frontend/Assets/dist/smartslider.min.css?ver=c397fa89" "Mozilla/5.0 (X11; Linux x86_64) AppleWebKit/537.36 (KHTML, like Gecko) Chrome/141.0.0.0 Safari/537.36"
69.58.77.107 - - [20/Jan/2026:18:11:04 +0300] "GET /wp-content/uploads/2024/06/2147919134.jpg HTTP/2" 200 1768289 "https://eliteewallet.com/wp-content/plugins/smart-slider-3/Public/SmartSlider3/Application/Frontend/Assets/dist/smartslider.min.css?ver=c397fa89" "Mozilla/5.0 (X11; Linux x86_64) AppleWebKit/537.36 (KHTML, like Gecko) Chrome/141.0.0.0 Safari/537.36"
69.58.77.107 - - [20/Jan/2026:18:11:07 +0300] "GET /wp-content/uploads/slider/cache/f2ed636f6666830104cd5efd8f0c6030/1027-1.jpg HTTP/2" 200 156302 "https://eliteewallet.com/" "Mozilla/5.0 (X11; Linux x86_64) AppleWebKit/537.36 (KHTML, like Gecko) Chrome/141.0.0.0 Safari/537.36"
69.58.77.107 - - [20/Jan/2026:18:11:07 +0300] "GET /wp-content/uploads/slider/cache/0de5b12a92d1c2ff8cbdbb7a5fa2ead4/19452.jpg HTTP/2" 200 156637 "https://eliteewallet.com/" "Mozilla/5.0 (X11; Linux x86_64) AppleWebKit/537.36 (KHTML, like Gecko) Chrome/141.0.0.0 Safari/537.36"
69.58.77.107 - - [20/Jan/2026:18:11:04 +0300] "GET /wp-content/uploads/2024/06/2147764198.jpg HTTP/2" 200 2102244 "https://eliteewallet.com/wp-content/plugins/smart-slider-3/Public/SmartSlider3/Application/Frontend/Assets/dist/smartslider.min.css?ver=c397fa89" "Mozilla/5.0 (X11; Linux x86_64) AppleWebKit/537.36 (KHTML, like Gecko) Chrome/141.0.0.0 Safari/537.36"
69.58.77.107 - - [20/Jan/2026:18:11:15 +0300] "GET /wp-content/themes/blocksy/static/bundle/non-critical-styles.min.css?ver=2.1.24 HTTP/2" 200 1247 "https://eliteewallet.com/" "Mozilla/5.0 (X11; Linux x86_64) AppleWebKit/537.36 (KHTML, like Gecko) Chrome/141.0.0.0 Safari/537.36"
69.58.77.107 - - [20/Jan/2026:18:11:15 +0300] "GET /wp-content/themes/blocksy/static/bundle/783.e17d921f2cfdf8fbd0b1.js HTTP/2" 200 801 "https://eliteewallet.com/" "Mozilla/5.0 (X11; Linux x86_64) AppleWebKit/537.36 (KHTML, like Gecko) Chrome/141.0.0.0 Safari/537.36"
69.58.77.107 - - [20/Jan/2026:18:11:15 +0300] "GET /wp-content/themes/blocksy/static/bundle/328.55362fd8fa2b20a85265.js HTTP/2" 200 1078 "https://eliteewallet.com/" "Mozilla/5.0 (X11; Linux x86_64) AppleWebKit/537.36 (KHTML, like Gecko) Chrome/141.0.0.0 Safari/537.36"
69.58.77.107 - - [20/Jan/2026:18:11:15 +0300] "GET /wp-content/themes/blocksy/static/bundle/318.13f8c707f411eee1e7b5.js HTTP/2" 200 402 "https://eliteewallet.com/" "Mozilla/5.0 (X11; Linux x86_64) AppleWebKit/537.36 (KHTML, like Gecko) Chrome/141.0.0.0 Safari/537.36"
69.58.77.107 - - [20/Jan/2026:18:11:16 +0300] "GET /wp-content/uploads/2024/06/cropped-ELITE-WALLET-PNG-LOGO-32x32.png HTTP/2" 200 824 "https://eliteewallet.com/" "Mozilla/5.0 (X11; Linux x86_64) AppleWebKit/537.36 (KHTML, like Gecko) Chrome/141.0.0.0 Safari/537.36"
57.128.52.136 - - [20/Jan/2026:18:11:32 +0300] "POST /wp-cron.php?doing_wp_cron=1768921892.2510440349578857421875 HTTP/1.1" 200 0 "-" "WordPress/6.9; https://eliteewallet.com"
149.57.176.12 - - [20/Jan/2026:18:11:28 +0300] "HEAD /sitemap_index.xml HTTP/1.1" 404 0 "-" "python-requests/2.32.5"
162.244.147.78 - - [20/Jan/2026:18:11:39 +0300] "HEAD /wp-sitemap.xml HTTP/1.1" 200 0 "-" "python-requests/2.32.5"
57.128.52.136 - - [20/Jan/2026:16:54:46 +0300] "POST /wp-cron.php?doing_wp_cron=1768917286.0792019367218017578125 HTTP/1.1" 200 0 "-" "WordPress/6.9; https://eliteewallet.com"
188.255.196.102 - - [20/Jan/2026:16:54:36 +0300] "HEAD /wp-content/plugins/backup-backup/analyst/assets/css/customize.css HTTP/2" 404 0 "https://eliteewallet.com/" "Mozilla/5.0 (X11; Ubuntu; Linux x86_64; rv:146.0) Gecko/20100101 Firefox/146.0"
81.0.107.76 - - [20/Jan/2026:16:57:44 +0300] "POST /xmlrpc.php HTTP/1.1" 403 787 "-" "Mozilla/5.0 (Macintosh; Intel Mac OS X 10_15_7) AppleWebKit/537.36 (KHTML, like Gecko) Chrome/129.0.6668.100 Safari/537.36"
162.214.103.94 - - [20/Jan/2026:16:57:54 +0300] "POST /xmlrpc.php HTTP/1.1" 403 787 "-" "Mozilla/5.0 (Windows NT 10.0; Win64; x64) AppleWebKit/537.36 (KHTML, like Gecko) Chrome/129.0.6668.71 Safari/537.36"
31.186.11.162 - - [20/Jan/2026:16:58:15 +0300] "POST /xmlrpc.php HTTP/1.1" 403 787 "-" "Mozilla/5.0 (Windows NT 10.0; Win64; x64; rv:131.0) Gecko/20100101 Firefox/131.0"
47.98.255.122 - - [20/Jan/2026:16:58:23 +0300] "POST /xmlrpc.php HTTP/1.1" 403 787 "-" "Mozilla/5.0 (Windows NT 10.0; Win64; x64) AppleWebKit/537.36 (KHTML, like Gecko) Chrome/130.0.2849.46 Safari/537.36 Edg/130.0.2849.46"
62.192.188.82 - - [20/Jan/2026:16:58:32 +0300] "POST /xmlrpc.php HTTP/1.1" 403 787 "-" "Mozilla/5.0 (Macintosh; Intel Mac OS X 10_15_7) AppleWebKit/605.1.15 (KHTML, like Gecko) Version/18.0 Safari/605.1.15"
62.192.188.82 - - [20/Jan/2026:16:58:34 +0300] "POST /xmlrpc.php HTTP/1.1" 403 787 "-" "Mozilla/5.0 (Macintosh; Intel Mac OS X 10_15_7) AppleWebKit/605.1.15 (KHTML, like Gecko) Version/18.0 Safari/605.1.15"
150.109.180.208 - - [20/Jan/2026:17:03:36 +0300] "POST /wp-login.php HTTP/1.1" 200 2360 "-" "Mozilla/5.0 (Windows NT 10.0; Win64; x64; rv:48.0) Gecko/20100101 Firefox/48.0"
43.159.143.139 - - [20/Jan/2026:17:08:38 +0300] "GET / HTTP/1.1" 200 35680 "http://eliteewallet.com" "Mozilla/5.0 (iPhone; CPU iPhone OS 13_2_3 like Mac OS X) AppleWebKit/605.1.15 (KHTML, like Gecko) Version/13.0.3 Mobile/15E148 Safari/604.1"
57.128.52.136 - - [20/Jan/2026:17:28:36 +0300] "POST /wp-cron.php?doing_wp_cron=1768919316.0814509391784667968750 HTTP/1.1" 200 0 "-" "WordPress/6.9; https://eliteewallet.com"
20.169.78.153 - - [20/Jan/2026:17:44:00 +0300] "GET / HTTP/2" 200 31103 "-" "Mozilla/5.0 AppleWebKit/537.36 (KHTML, like Gecko); compatible; ChatGPT-User/1.0; +https://openai.com/bot"
57.128.52.136 - - [20/Jan/2026:18:01:56 +0300] "POST /wp-cron.php?doing_wp_cron=1768921315.6876869201660156250000 HTTP/1.1" 200 0 "-" "WordPress/6.9; https://eliteewallet.com"
170.106.73.216 - - [20/Jan/2026:18:01:50 +0300] "GET / HTTP/1.1" 301 0 "http://www.eliteewallet.com" "Mozilla/5.0 (iPhone; CPU iPhone OS 13_2_3 like Mac OS X) AppleWebKit/605.1.15 (KHTML, like Gecko) Version/13.0.3 Mobile/15E148 Safari/604.1"
198.244.242.115 - - [20/Jan/2026:18:03:09 +0300] "GET /wp-content/uploads/elementor/css/post-221.css?ver=1768639267 HTTP/2" 200 468 "-" "Mozilla/5.0 (compatible; AhrefsBot/7.0; +http://ahrefs.com/robot/)"
149.57.191.91 - - [20/Jan/2026:18:11:27 +0300] "HEAD /sitemap.xml HTTP/1.1" 301 0 "-" "python-requests/2.32.5"
149.57.191.240 - - [20/Jan/2026:18:11:33 +0300] "HEAD /sitemap HTTP/1.1" 404 0 "-" "python-requests/2.32.5"
149.57.191.107 - - [20/Jan/2026:18:11:37 +0300] "GET /robots.txt HTTP/1.1" 200 111 "-" "python-requests/2.32.5"
152.53.37.34 - - [20/Jan/2026:18:13:31 +0300] "POST /wp-login.php HTTP/1.1" 200 2358 "-" "Mozilla/5.0 (Windows NT 10.0; Win64; x64; rv:70.0) Gecko/20100101 Firefox/70.0"
57.128.52.136 - - [20/Jan/2026:18:13:33 +0300] "POST /wp-cron.php?doing_wp_cron=1768922013.0835080146789550781250 HTTP/1.1" 200 0 "-" "WordPress/6.9; https://eliteewallet.com"
116.118.49.45 - - [20/Jan/2026:18:31:09 +0300] "POST /xmlrpc.php HTTP/1.1" 403 787 "-" "Mozilla/5.0 (Windows NT 10.0; Win64; x64) AppleWebKit/537.36 (KHTML, like Gecko) Chrome/130.0.6723.58 Safari/537.36"
116.118.49.45 - - [20/Jan/2026:18:31:10 +0300] "POST /xmlrpc.php HTTP/1.1" 403 787 "-" "Mozilla/5.0 (Windows NT 10.0; Win64; x64) AppleWebKit/537.36 (KHTML, like Gecko) Chrome/130.0.6723.58 Safari/537.36"
190.90.160.168 - - [20/Jan/2026:18:31:13 +0300] "POST /xmlrpc.php HTTP/1.1" 403 787 "-" "Mozilla/5.0 (Windows NT 10.0; Win64; x64; rv:131.0) Gecko/20100101 Firefox/131.0"
190.90.160.168 - - [20/Jan/2026:18:31:14 +0300] "POST /xmlrpc.php HTTP/1.1" 403 787 "-" "Mozilla/5.0 (Windows NT 10.0; Win64; x64; rv:131.0) Gecko/20100101 Firefox/131.0"
47.88.48.42 - - [20/Jan/2026:18:31:15 +0300] "POST /xmlrpc.php HTTP/1.1" 403 787 "-" "Mozilla/5.0 (Windows NT 10.0; Win64; x64) AppleWebKit/537.36 (KHTML, like Gecko) Chrome/130.0.6723.70 Safari/537.36"
217.160.207.42 - - [20/Jan/2026:18:31:21 +0300] "POST /xmlrpc.php HTTP/1.1" 403 787 "-" "Mozilla/5.0 (Windows NT 10.0; Win64; x64) AppleWebKit/537.36 (KHTML, like Gecko) Chrome/130.0.6723.32 Safari/537.36"
184.168.120.235 - - [20/Jan/2026:18:31:36 +0300] "POST /xmlrpc.php HTTP/1.1" 403 787 "-" "Mozilla/5.0 (X11; Ubuntu; Linux x86_64; rv:131.0) Gecko/20100101 Firefox/131.0"
184.168.120.235 - - [20/Jan/2026:18:31:37 +0300] "POST /xmlrpc.php HTTP/1.1" 403 787 "-" "Mozilla/5.0 (X11; Ubuntu; Linux x86_64; rv:131.0) Gecko/20100101 Firefox/131.0"
162.214.103.94 - - [20/Jan/2026:18:31:41 +0300] "POST /xmlrpc.php HTTP/1.1" 403 787 "-" "Mozilla/5.0 (Windows NT 10.0; Win64; x64; rv:130.0) Gecko/20100101 Firefox/130.0.1"
162.214.103.94 - - [20/Jan/2026:18:31:41 +0300] "POST /xmlrpc.php HTTP/1.1" 403 787 "-" "Mozilla/5.0 (Windows NT 10.0; Win64; x64; rv:130.0) Gecko/20100101 Firefox/130.0.1"
217.160.207.42 - - [20/Jan/2026:18:31:47 +0300] "POST /xmlrpc.php HTTP/1.1" 403 787 "-" "Mozilla/5.0 (Windows NT 10.0; Win64; x64) AppleWebKit/537.36 (KHTML, like Gecko) Chrome/130.0.0.0 Safari/537.36 OPR/114.0.0.0"
217.160.207.42 - - [20/Jan/2026:18:31:47 +0300] "POST /xmlrpc.php HTTP/1.1" 403 787 "-" "Mozilla/5.0 (Windows NT 10.0; Win64; x64) AppleWebKit/537.36 (KHTML, like Gecko) Chrome/130.0.0.0 Safari/537.36 OPR/114.0.0.0"
162.214.103.94 - - [20/Jan/2026:18:31:51 +0300] "POST /xmlrpc.php HTTP/1.1" 403 787 "-" "Mozilla/5.0 (Windows NT 10.0; Win64; x64; rv:131.0) Gecko/20100101 Firefox/131.0"
180.93.254.93 - - [20/Jan/2026:18:32:00 +0300] "POST /xmlrpc.php HTTP/1.1" 403 787 "-" "Mozilla/5.0 (Macintosh; Intel Mac OS X 14_6_1) AppleWebKit/605.1.15 (KHTML, like Gecko) Version/17.6 Safari/605.1.15"
180.93.254.93 - - [20/Jan/2026:18:32:01 +0300] "POST /xmlrpc.php HTTP/1.1" 403 787 "-" "Mozilla/5.0 (Macintosh; Intel Mac OS X 14_6_1) AppleWebKit/605.1.15 (KHTML, like Gecko) Version/17.6 Safari/605.1.15"
57.128.52.136 - - [20/Jan/2026:18:38:58 +0300] "POST /wp-cron.php?doing_wp_cron=1768923538.9031910896301269531250 HTTP/1.1" 200 0 "-" "WordPress/6.9; https://eliteewallet.com"
49.237.23.68 - - [20/Jan/2026:18:56:08 +0300] "GET /wp-content/uploads/2024/06/cropped-ELITE-WALLET-PNG-LOGO-180x180.png HTTP/2" 206 1 "-" "Mozilla/5.0 (iPhone; CPU iPhone OS 26_2_0 like Mac OS X) AppleWebKit/605.1.15 (KHTML, like Gecko) CriOS/144.0.7559.85 Mobile/15E148 Safari/604.1"
49.237.23.68 - - [20/Jan/2026:18:56:08 +0300] "GET /wp-content/uploads/2024/06/cropped-ELITE-WALLET-PNG-LOGO-180x180.png HTTP/2" 206 4766 "-" "Mozilla/5.0 (iPhone; CPU iPhone OS 26_2_0 like Mac OS X) AppleWebKit/605.1.15 (KHTML, like Gecko) CriOS/144.0.7559.85 Mobile/15E148 Safari/604.1"
165.232.138.94 - - [20/Jan/2026:18:58:24 +0300] "GET / HTTP/2" 200 35680 "http://eliteewallet.com/" "Go-http-client/2.0"
165.232.138.94 - - [20/Jan/2026:18:58:25 +0300] "GET /wp-includes/css/buttons.css HTTP/2" 200 2489 "http://eliteewallet.com/wp-includes/css/buttons.css" "Go-http-client/2.0"
185.198.240.111 - - [20/Jan/2026:19:07:22 +0300] "POST /wp-login.php HTTP/1.1" 200 6591 "-" "Mozilla/5.0"
114.119.128.253 - - [20/Jan/2026:18:20:19 +0300] "GET /car-financing-loan/ HTTP/1.1" 200 17439 "https://eliteewallet.com/services/logbook-loans/" "Mozilla/5.0 (Linux; Android 7.0;) AppleWebKit/537.36 (KHTML, like Gecko) Mobile Safari/537.36 (compatible; PetalBot;+https://webmaster.petalsearch.com/site/petalbot)"
47.88.48.42 - - [20/Jan/2026:18:31:16 +0300] "POST /xmlrpc.php HTTP/1.1" 403 787 "-" "Mozilla/5.0 (Windows NT 10.0; Win64; x64) AppleWebKit/537.36 (KHTML, like Gecko) Chrome/130.0.6723.70 Safari/537.36"
217.160.207.42 - - [20/Jan/2026:18:31:21 +0300] "POST /xmlrpc.php HTTP/1.1" 403 787 "-" "Mozilla/5.0 (Windows NT 10.0; Win64; x64) AppleWebKit/537.36 (KHTML, like Gecko) Chrome/130.0.6723.32 Safari/537.36"
31.186.11.162 - - [20/Jan/2026:18:31:49 +0300] "POST /xmlrpc.php HTTP/1.1" 403 787 "-" "Mozilla/5.0 (Windows NT 10.0; Win64; x64) AppleWebKit/537.36 (KHTML, like Gecko) Chrome/129.0.0.0 Safari/537.36 Edg/129.0.0.0"
31.186.11.162 - - [20/Jan/2026:18:31:49 +0300] "POST /xmlrpc.php HTTP/1.1" 403 787 "-" "Mozilla/5.0 (Windows NT 10.0; Win64; x64) AppleWebKit/537.36 (KHTML, like Gecko) Chrome/129.0.0.0 Safari/537.36 Edg/129.0.0.0"
162.214.103.94 - - [20/Jan/2026:18:31:50 +0300] "POST /xmlrpc.php HTTP/1.1" 403 787 "-" "Mozilla/5.0 (Windows NT 10.0; Win64; x64; rv:131.0) Gecko/20100101 Firefox/131.0"
80.238.224.146 - - [20/Jan/2026:18:31:56 +0300] "POST /xmlrpc.php HTTP/1.1" 403 787 "-" "Mozilla/5.0 (Macintosh; Intel Mac OS X 10_15_7) AppleWebKit/537.36 (KHTML, like Gecko) Chrome/129.0.0.0 Safari/537.36"
80.238.224.146 - - [20/Jan/2026:18:31:57 +0300] "POST /xmlrpc.php HTTP/1.1" 403 787 "-" "Mozilla/5.0 (Macintosh; Intel Mac OS X 10_15_7) AppleWebKit/537.36 (KHTML, like Gecko) Chrome/129.0.0.0 Safari/537.36"
185.198.240.100 - - [20/Jan/2026:18:38:51 +0300] "GET /wp-login.php HTTP/1.1" 200 2197 "-" "Mozilla/5.0"
185.198.240.100 - - [20/Jan/2026:18:38:52 +0300] "GET /?author=1 HTTP/1.1" 301 0 "-" "Mozilla/5.0"
185.198.240.100 - - [20/Jan/2026:18:38:59 +0300] "GET /?rest_route=/wp/v2/users HTTP/1.1" 200 379 "-" "Mozilla/5.0"
57.128.52.136 - - [20/Jan/2026:18:42:36 +0300] "POST /wp-cron.php?doing_wp_cron=1768923756.6565248966217041015625 HTTP/1.1" 200 0 "-" "WordPress/6.9; https://eliteewallet.com"
159.203.166.124 - - [20/Jan/2026:18:42:34 +0300] "POST /wp-login.php HTTP/1.1" 200 6591 "-" "Mozilla/5.0"
57.128.52.136 - - [20/Jan/2026:19:07:30 +0300] "POST /wp-cron.php?doing_wp_cron=1768925249.4279770851135253906250 HTTP/1.1" 200 0 "-" "WordPress/6.9; https://eliteewallet.com"
57.128.52.136 - - [20/Jan/2026:19:07:52 +0300] "POST /wp-cron.php HTTP/1.1" 200 0 "-" "WordPress/6.9; https://eliteewallet.com"
57.128.52.136 - - [20/Jan/2026:19:07:52 +0300] "GET / HTTP/1.1" 200 31103 "-" "WordPress/6.9; https://eliteewallet.com"
57.128.52.136 - - [20/Jan/2026:19:07:52 +0300] "GET / HTTP/1.1" 200 31103 "-" "WordPress/6.9; https://eliteewallet.com"
57.128.52.136 - - [20/Jan/2026:19:07:52 +0300] "GET / HTTP/1.1" 200 31103 "-" "WordPress/6.9; https://eliteewallet.com"
43.173.179.177 - - [20/Jan/2026:19:25:35 +0300] "GET /ufaq/can-one-use-logbooks-title-deeds-to-secure-loans/ HTTP/1.1" 200 16179 "-" "Mozilla/5.0 (Windows NT 10.0; Win64; x64) AppleWebKit/537.36 (KHTML, like Gecko) Chrome/106.0.5249.119 Safari/537.36"
43.173.178.179 - - [20/Jan/2026:19:25:36 +0300] "GET /wp-content/plugins/ultimate-faqs/assets/css/jquery-ui.min.css?ver=2.4.5 HTTP/1.1" 200 7609 "https://eliteewallet.com/ufaq/can-one-use-logbooks-title-deeds-to-secure-loans/" "Mozilla/5.0 (Windows NT 10.0; Win64; x64) AppleWebKit/537.36 (KHTML, like Gecko) Chrome/106.0.5249.119 Safari/537.36"
43.173.181.99 - - [20/Jan/2026:19:25:36 +0300] "GET /wp-content/plugins/the-plus-addons-for-elementor-page-builder/includes/user-experience/update-popup/tp-update-plugin-popup.js?ver=6.4.61768679201 HTTP/1.1" 200 898 "https://eliteewallet.com/ufaq/can-one-use-logbooks-title-deeds-to-secure-loans/" "Mozilla/5.0 (Windows NT 10.0; Win64; x64) AppleWebKit/537.36 (KHTML, like Gecko) Chrome/106.0.5249.119 Safari/537.36"
57.128.52.136 - - [20/Jan/2026:19:07:52 +0300] "GET / HTTP/1.1" 200 31103 "-" "WordPress/6.9; https://eliteewallet.com"
198.244.240.4 - - [20/Jan/2026:19:14:29 +0300] "GET /wp-content/plugins/the-plus-addons-for-elementor-page-builder/includes/user-experience/update-popup/tp-update-plugin-popup.js?ver=6.4.61768660814 HTTP/2" 200 753 "-" "Mozilla/5.0 (compatible; AhrefsBot/7.0; +http://ahrefs.com/robot/)"
51.195.215.194 - - [20/Jan/2026:19:14:29 +0300] "GET /wp-content/uploads/elementor/css/post-16.css?ver=1768660814 HTTP/2" 200 400 "-" "Mozilla/5.0 (compatible; AhrefsBot/7.0; +http://ahrefs.com/robot/)"
207.46.13.168 - - [20/Jan/2026:19:20:37 +0300] "GET /wp-sitemap.xml HTTP/2" 200 203 "-" "Mozilla/5.0 AppleWebKit/537.36 (KHTML, like Gecko; compatible; bingbot/2.0; +http://www.bing.com/bingbot.htm) Chrome/116.0.1938.76 Safari/537.36"
43.173.181.166 - - [20/Jan/2026:19:25:36 +0300] "GET /wp-content/plugins/header-footer-elementor/inc/widgets-css/frontend.css?ver=2.8.1 HTTP/1.1" 200 9176 "https://eliteewallet.com/ufaq/can-one-use-logbooks-title-deeds-to-secure-loans/" "Mozilla/5.0 (Windows NT 10.0; Win64; x64) AppleWebKit/537.36 (KHTML, like Gecko) Chrome/106.0.5249.119 Safari/537.36"
43.173.182.56 - - [20/Jan/2026:19:25:36 +0300] "GET /wp-content/plugins/ultimate-faqs/assets/css/rrssb-min.css?ver=2.4.5 HTTP/1.1" 200 1694 "https://eliteewallet.com/ufaq/can-one-use-logbooks-title-deeds-to-secure-loans/" "Mozilla/5.0 (Windows NT 10.0; Win64; x64) AppleWebKit/537.36 (KHTML, like Gecko) Chrome/106.0.5249.119 Safari/537.36"
57.128.52.136 - - [20/Jan/2026:19:30:12 +0300] "POST /wp-cron.php?doing_wp_cron=1768926611.9876809120178222656250 HTTP/1.1" 200 0 "-" "WordPress/6.9; https://eliteewallet.com"
185.74.81.105 - - [20/Jan/2026:19:30:01 +0300] "POST /wp-login.php HTTP/1.1" 200 2297 "-" "Mozilla/5.0 (Windows NT 10.0; Win64; x64; rv:65.0) Gecko/20100101 Firefox/65.0"
185.198.240.129 - - [20/Jan/2026:19:39:41 +0300] "POST /wp-login.php HTTP/1.1" 200 6591 "-" "Mozilla/5.0"
3.111.198.245 - - [20/Jan/2026:20:04:13 +0300] "GET / HTTP/1.1" 200 175523 "-" "Mozilla/5.0 (Windows NT 10.0; Win64; x64) AppleWebKit/537.36 (KHTML, like Gecko) Chrome/80.0.3987.149 Safari/537.36"
57.128.52.136 - - [20/Jan/2026:20:04:21 +0300] "POST /wp-cron.php?doing_wp_cron=1768928660.9989340305328369140625 HTTP/1.1" 200 0 "-" "WordPress/6.9; https://eliteewallet.com"
3.111.198.245 - - [20/Jan/2026:20:04:14 +0300] "GET //wp-includes/wlwmanifest.xml HTTP/1.1" 301 0 "-" "Mozilla/5.0 (Windows NT 10.0; Win64; x64) AppleWebKit/537.36 (KHTML, like Gecko) Chrome/80.0.3987.149 Safari/537.36"
3.111.198.245 - - [20/Jan/2026:20:04:21 +0300] "GET //xmlrpc.php?rsd HTTP/1.1" 403 787 "-" "Mozilla/5.0 (Windows NT 10.0; Win64; x64) AppleWebKit/537.36 (KHTML, like Gecko) Chrome/80.0.3987.149 Safari/537.36"
3.111.198.245 - - [20/Jan/2026:20:04:21 +0300] "GET / HTTP/1.1" 200 175523 "-" "Mozilla/5.0 (Windows NT 10.0; Win64; x64) AppleWebKit/537.36 (KHTML, like Gecko) Chrome/80.0.3987.149 Safari/537.36"
3.111.198.245 - - [20/Jan/2026:20:04:22 +0300] "GET //?author=1 HTTP/1.1" 301 0 "-" "Mozilla/5.0 (Windows NT 10.0; Win64; x64) AppleWebKit/537.36 (KHTML, like Gecko) Chrome/80.0.3987.149 Safari/537.36"
3.111.198.245 - - [20/Jan/2026:20:04:22 +0300] "GET //?author=2 HTTP/1.1" 301 0 "-" "Mozilla/5.0 (Windows NT 10.0; Win64; x64) AppleWebKit/537.36 (KHTML, like Gecko) Chrome/80.0.3987.149 Safari/537.36"
3.111.198.245 - - [20/Jan/2026:20:04:24 +0300] "GET //wp-json/wp/v2/users/ HTTP/1.1" 200 857 "-" "Mozilla/5.0 (Windows NT 10.0; Win64; x64) AppleWebKit/537.36 (KHTML, like Gecko) Chrome/80.0.3987.149 Safari/537.36"
3.111.198.245 - - [20/Jan/2026:20:04:24 +0300] "POST //xmlrpc.php HTTP/1.1" 403 787 "-" "Mozilla/5.0 (Windows NT 10.0; Win64; x64) AppleWebKit/537.36 (KHTML, like Gecko) Chrome/80.0.3987.149 Safari/537.36"
97.74.92.57 - - [20/Jan/2026:20:11:44 +0300] "POST /xmlrpc.php HTTP/1.1" 403 787 "-" "Mozilla/5.0 (Windows NT 10.0; Win64; x64) AppleWebKit/537.36 (KHTML, like Gecko) Chrome/129.0.6668.89 Safari/537.36"
202.8.43.169 - - [20/Jan/2026:20:11:49 +0300] "GET /wp-content/uploads/elementor/google-fonts/css/texturina.css?ver=1742272717 HTTP/2" 200 609 "https://eliteewallet.com/" "Mozilla/5.0 (compatible; AhrefsBot/7.0; +http://ahrefs.com/robot/)"
202.8.43.169 - - [20/Jan/2026:20:11:49 +0300] "GET /wp-content/plugins/elementor/assets/lib/font-awesome/css/fontawesome.css?ver=5.15.3 HTTP/2" 200 12526 "https://eliteewallet.com/" "Mozilla/5.0 (compatible; AhrefsBot/7.0; +http://ahrefs.com/robot/)"
202.8.43.169 - - [20/Jan/2026:20:11:49 +0300] "GET /wp-content/uploads/elementor/google-fonts/css/tenorsans.css?ver=1742272663 HTTP/2" 200 408 "https://eliteewallet.com/" "Mozilla/5.0 (compatible; AhrefsBot/7.0; +http://ahrefs.com/robot/)"
202.8.43.169 - - [20/Jan/2026:20:11:49 +0300] "GET /wp-content/uploads/elementor/css/post-80.css?ver=1768616402 HTTP/2" 200 449 "https://eliteewallet.com/" "Mozilla/5.0 (compatible; AhrefsBot/7.0; +http://ahrefs.com/robot/)"
202.8.43.169 - - [20/Jan/2026:20:11:49 +0300] "GET /wp-content/uploads/elementor/google-fonts/css/roboto.css?ver=1742272704 HTTP/2" 200 1875 "https://eliteewallet.com/" "Mozilla/5.0 (compatible; AhrefsBot/7.0; +http://ahrefs.com/robot/)"
202.8.43.169 - - [20/Jan/2026:20:11:49 +0300] "GET /wp-content/uploads/theplus-addons/theplus-post-81.min.css?ver=1768616424 HTTP/2" 200 8096 "https://eliteewallet.com/" "Mozilla/5.0 (compatible; AhrefsBot/7.0; +http://ahrefs.com/robot/)"
202.8.43.169 - - [20/Jan/2026:20:11:49 +0300] "GET /wp-content/themes/blocksy/static/bundle/main.min.css?ver=2.1.24 HTTP/2" 200 17613 "https://eliteewallet.com/" "Mozilla/5.0 (compatible; AhrefsBot/7.0; +http://ahrefs.com/robot/)"
202.8.43.169 - - [20/Jan/2026:20:11:49 +0300] "GET /wp-content/plugins/elementor/assets/css/widget-social-icons.min.css?ver=3.24.0 HTTP/2" 200 1039 "https://eliteewallet.com/" "Mozilla/5.0 (compatible; AhrefsBot/7.0; +http://ahrefs.com/robot/)"
202.8.43.169 - - [20/Jan/2026:20:11:49 +0300] "GET /wp-content/plugins/elementor/assets/lib/font-awesome/css/solid.css?ver=5.15.3 HTTP/2" 200 296 "https://eliteewallet.com/" "Mozilla/5.0 (compatible; AhrefsBot/7.0; +http://ahrefs.com/robot/)"
202.8.43.169 - - [20/Jan/2026:20:11:49 +0300] "GET /wp-content/plugins/header-footer-elementor/inc/widgets-css/frontend.css?ver=2.8.1 HTTP/2" 200 8756 "https://eliteewallet.com/" "Mozilla/5.0 (compatible; AhrefsBot/7.0; +http://ahrefs.com/robot/)"
202.8.43.169 - - [20/Jan/2026:20:11:49 +0300] "GET /wp-content/uploads/elementor/css/post-81.css?ver=1768616424 HTTP/2" 200 3289 "https://eliteewallet.com/" "Mozilla/5.0 (compatible; AhrefsBot/7.0; +http://ahrefs.com/robot/)"
202.8.43.169 - - [20/Jan/2026:20:11:49 +0300] "GET /wp-content/themes/blocksy/static/bundle/page-title.min.css?ver=2.1.24 HTTP/2" 200 415 "https://eliteewallet.com/" "Mozilla/5.0 (compatible; AhrefsBot/7.0; +http://ahrefs.com/robot/)"
202.8.43.169 - - [20/Jan/2026:20:11:49 +0300] "GET /wp-content/plugins/elementor/assets/lib/font-awesome/css/brands.css?ver=5.15.3 HTTP/2" 200 296 "https://eliteewallet.com/" "Mozilla/5.0 (compatible; AhrefsBot/7.0; +http://ahrefs.com/robot/)"
202.8.43.169 - - [20/Jan/2026:20:11:49 +0300] "GET /wp-content/uploads/blocksy/css/global.css?ver=47584 HTTP/2" 200 2588 "https://eliteewallet.com/" "Mozilla/5.0 (compatible; AhrefsBot/7.0; +http://ahrefs.com/robot/)"
202.8.43.169 - - [20/Jan/2026:20:11:49 +0300] "GET /wp-content/plugins/header-footer-elementor/assets/css/header-footer-elementor.css?ver=2.8.1 HTTP/2" 200 259 "https://eliteewallet.com/" "Mozilla/5.0 (compatible; AhrefsBot/7.0; +http://ahrefs.com/robot/)"
202.8.43.169 - - [20/Jan/2026:20:11:49 +0300] "GET /wp-content/themes/blocksy/static/bundle/forminator.min.css?ver=2.1.24 HTTP/2" 200 1038 "https://eliteewallet.com/" "Mozilla/5.0 (compatible; AhrefsBot/7.0; +http://ahrefs.com/robot/)"
202.8.43.169 - - [20/Jan/2026:20:11:49 +0300] "GET /wp-content/themes/blocksy/static/bundle/elementor-frontend.min.css?ver=2.1.24 HTTP/2" 200 308 "https://eliteewallet.com/" "Mozilla/5.0 (compatible; AhrefsBot/7.0; +http://ahrefs.com/robot/)"
202.8.43.169 - - [20/Jan/2026:20:11:49 +0300] "GET /wp-content/plugins/elementor/assets/css/widget-icon-list.min.css?ver=3.24.3 HTTP/2" 200 928 "https://eliteewallet.com/" "Mozilla/5.0 (compatible; AhrefsBot/7.0; +http://ahrefs.com/robot/)"
202.8.43.169 - - [20/Jan/2026:20:11:49 +0300] "GET /wp-content/plugins/elementor/assets/lib/eicons/css/elementor-icons.min.css?ver=5.34.0 HTTP/2" 200 4025 "https://eliteewallet.com/" "Mozilla/5.0 (compatible; AhrefsBot/7.0; +http://ahrefs.com/robot/)"
202.8.43.169 - - [20/Jan/2026:20:11:49 +0300] "GET /wp-includes/js/jquery/jquery-migrate.min.js?ver=3.4.1 HTTP/2" 200 4678 "https://eliteewallet.com/" "Mozilla/5.0 (compatible; AhrefsBot/7.0; +http://ahrefs.com/robot/)"
202.8.43.169 - - [20/Jan/2026:20:11:49 +0300] "GET /wp-includes/js/jquery/jquery.min.js?ver=3.7.1 HTTP/2" 200 29744 "https://eliteewallet.com/" "Mozilla/5.0 (compatible; AhrefsBot/7.0; +http://ahrefs.com/robot/)"
202.8.43.169 - - [20/Jan/2026:20:11:49 +0300] "GET /wp-includes/js/jquery/ui/core.min.js?ver=1.13.3 HTTP/2" 200 6812 "https://eliteewallet.com/" "Mozilla/5.0 (compatible; AhrefsBot/7.0; +http://ahrefs.com/robot/)"
202.8.43.169 - - [20/Jan/2026:20:11:49 +0300] "GET /wp-includes/js/jquery/ui/mouse.min.js?ver=1.13.3 HTTP/2" 200 1012 "https://eliteewallet.com/" "Mozilla/5.0 (compatible; AhrefsBot/7.0; +http://ahrefs.com/robot/)"
202.8.43.169 - - [20/Jan/2026:20:11:50 +0300] "GET /wp-content/themes/blocksy/static/bundle/main.js?ver=2.1.24 HTTP/2" 200 9640 "https://eliteewallet.com/" "Mozilla/5.0 (compatible; AhrefsBot/7.0; +http://ahrefs.com/robot/)"
202.8.43.169 - - [20/Jan/2026:20:11:50 +0300] "GET /wp-includes/js/jquery/ui/slider.min.js?ver=1.13.3 HTTP/2" 200 3010 "https://eliteewallet.com/" "Mozilla/5.0 (compatible; AhrefsBot/7.0; +http://ahrefs.com/robot/)"
202.8.43.169 - - [20/Jan/2026:20:11:50 +0300] "GET /wp-content/plugins/smart-slider-3/Public/SmartSlider3/Widget/Arrow/ArrowImage/Assets/dist/w-arrow-image.min.js?ver=c397fa89 HTTP/2" 200 561 "https://eliteewallet.com/" "Mozilla/5.0 (compatible; AhrefsBot/7.0; +http://ahrefs.com/robot/)"
202.8.43.169 - - [20/Jan/2026:20:11:50 +0300] "GET /wp-content/uploads/theplus-addons/theplus-post-81.min.js?ver=1768616424 HTTP/2" 200 27216 "https://eliteewallet.com/" "Mozilla/5.0 (compatible; AhrefsBot/7.0; +http://ahrefs.com/robot/)"
202.8.43.169 - - [20/Jan/2026:20:11:50 +0300] "GET /wp-content/plugins/smart-slider-3/Public/SmartSlider3/Application/Frontend/Assets/dist/smartslider-frontend.min.js?ver=c397fa89 HTTP/2" 200 25970 "https://eliteewallet.com/" "Mozilla/5.0 (compatible; AhrefsBot/7.0; +http://ahrefs.com/robot/)"
202.8.43.169 - - [20/Jan/2026:20:11:50 +0300] "GET /wp-content/plugins/elementor/assets/lib/font-awesome/webfonts/fa-solid-900.woff2 HTTP/2" 200 78196 "https://eliteewallet.com/wp-content/plugins/elementor/assets/lib/font-awesome/css/solid.css?ver=5.15.3" "Mozilla/5.0 (compatible; AhrefsBot/7.0; +http://ahrefs.com/robot/)"
202.8.43.169 - - [20/Jan/2026:20:11:50 +0300] "GET /wp-content/uploads/elementor/google-fonts/fonts/texturina-c4mz1nxpetl3pxiaulr5ml129fhzmlj7i4oisujycagf.woff2 HTTP/2" 200 51328 "https://eliteewallet.com/wp-content/uploads/elementor/google-fonts/css/texturina.css?ver=1742272717" "Mozilla/5.0 (compatible; AhrefsBot/7.0; +http://ahrefs.com/robot/)"
202.8.43.169 - - [20/Jan/2026:20:11:50 +0300] "GET /wp-content/themes/blocksy/static/bundle/907.1390f43c75fed76e2bb4.js HTTP/2" 200 1927 "https://eliteewallet.com/" "Mozilla/5.0 (compatible; AhrefsBot/7.0; +http://ahrefs.com/robot/)"
202.8.43.169 - - [20/Jan/2026:20:11:50 +0300] "GET /wp-content/themes/blocksy/static/bundle/892.e5f652f3f981cb511bc3.js HTTP/2" 200 2209 "https://eliteewallet.com/" "Mozilla/5.0 (compatible; AhrefsBot/7.0; +http://ahrefs.com/robot/)"
202.8.43.169 - - [20/Jan/2026:20:11:50 +0300] "GET /wp-content/themes/blocksy/static/bundle/641.656abb12c469e8c7581a.js HTTP/2" 200 156 "https://eliteewallet.com/" "Mozilla/5.0 (compatible; AhrefsBot/7.0; +http://ahrefs.com/robot/)"
202.8.43.169 - - [20/Jan/2026:20:11:50 +0300] "GET /wp-content/uploads/elementor/google-fonts/fonts/roboto-kfo7cnqeu92fr1me7ksn66agldtyluama3yuba.woff2 HTTP/2" 200 40128 "https://eliteewallet.com/wp-content/uploads/elementor/google-fonts/css/roboto.css?ver=1742272704" "Mozilla/5.0 (compatible; AhrefsBot/7.0; +http://ahrefs.com/robot/)"
43.103.1.129 - - [20/Jan/2026:20:11:54 +0300] "POST /xmlrpc.php HTTP/1.1" 403 787 "-" "Mozilla/5.0 (Windows NT 10.0; Win64; x64; rv:131.0) Gecko/20100101 Firefox/131.0"
43.103.1.129 - - [20/Jan/2026:20:11:55 +0300] "POST /xmlrpc.php HTTP/1.1" 403 787 "-" "Mozilla/5.0 (Windows NT 10.0; Win64; x64; rv:131.0) Gecko/20100101 Firefox/131.0"
220.158.232.162 - - [20/Jan/2026:20:11:57 +0300] "POST /xmlrpc.php HTTP/1.1" 403 787 "-" "Mozilla/5.0 (Macintosh; Intel Mac OS X 10_15_7) AppleWebKit/537.36 (KHTML, like Gecko) Chrome/129.0.0.0 Safari/537.36"
220.158.232.162 - - [20/Jan/2026:20:11:58 +0300] "POST /xmlrpc.php HTTP/1.1" 403 787 "-" "Mozilla/5.0 (Macintosh; Intel Mac OS X 10_15_7) AppleWebKit/537.36 (KHTML, like Gecko) Chrome/129.0.0.0 Safari/537.36"
217.160.207.42 - - [20/Jan/2026:20:12:00 +0300] "POST /xmlrpc.php HTTP/1.1" 403 787 "-" "Mozilla/5.0 (X11; Linux x86_64) AppleWebKit/537.36 (KHTML, like Gecko) Chrome/129.0.6668.100 Safari/537.36"
217.160.207.42 - - [20/Jan/2026:20:12:00 +0300] "POST /xmlrpc.php HTTP/1.1" 403 787 "-" "Mozilla/5.0 (X11; Linux x86_64) AppleWebKit/537.36 (KHTML, like Gecko) Chrome/129.0.6668.100 Safari/537.36"
57.128.52.136 - - [20/Jan/2026:19:39:44 +0300] "POST /wp-cron.php?doing_wp_cron=1768927183.9802899360656738281250 HTTP/1.1" 200 0 "-" "WordPress/6.9; https://eliteewallet.com"
97.74.92.57 - - [20/Jan/2026:20:11:43 +0300] "POST /xmlrpc.php HTTP/1.1" 403 787 "-" "Mozilla/5.0 (Windows NT 10.0; Win64; x64) AppleWebKit/537.36 (KHTML, like Gecko) Chrome/129.0.6668.89 Safari/537.36"
54.38.147.162 - - [20/Jan/2026:20:11:47 +0300] "GET / HTTP/2" 200 31103 "-" "Mozilla/5.0 (compatible; AhrefsBot/7.0; +http://ahrefs.com/robot/)"
202.8.43.232 - - [20/Jan/2026:20:11:48 +0300] "GET /robots.txt HTTP/2" 200 96 "-" "Mozilla/5.0 (compatible; AhrefsBot/7.0; +http://ahrefs.com/robot/)"
162.214.103.94 - - [20/Jan/2026:20:11:57 +0300] "POST /xmlrpc.php HTTP/1.1" 403 787 "-" "Mozilla/5.0 (Windows NT 10.0; Win64; x64) AppleWebKit/537.36 (KHTML, like Gecko) Chrome/130.0.6723.58 Safari/537.36"
162.214.103.94 - - [20/Jan/2026:20:11:58 +0300] "POST /xmlrpc.php HTTP/1.1" 403 787 "-" "Mozilla/5.0 (Windows NT 10.0; Win64; x64) AppleWebKit/537.36 (KHTML, like Gecko) Chrome/130.0.6723.58 Safari/537.36"
185.198.240.112 - - [20/Jan/2026:20:14:41 +0300] "POST /wp-login.php HTTP/1.1" 200 6591 "-" "Mozilla/5.0"
54.38.147.81 - - [20/Jan/2026:20:18:20 +0300] "GET /wp-content/plugins/the-plus-addons-for-elementor-page-builder/includes/user-experience/update-popup/tp-update-plugin-popup.js?ver=6.4.61768690474 HTTP/2" 200 753 "-" "Mozilla/5.0 (compatible; AhrefsBot/7.0; +http://ahrefs.com/robot/)"
57.128.52.136 - - [20/Jan/2026:20:25:12 +0300] "POST /wp-cron.php?doing_wp_cron=1768929912.3776180744171142578125 HTTP/1.1" 200 0 "-" "WordPress/6.9; https://eliteewallet.com"
185.198.240.129 - - [20/Jan/2026:20:49:23 +0300] "POST /wp-login.php HTTP/1.1" 200 6591 "-" "Mozilla/5.0"
104.210.140.133 - - [20/Jan/2026:20:52:27 +0300] "GET /robots.txt HTTP/2" 200 96 "-" "Mozilla/5.0 (Macintosh; Intel Mac OS X 10_15_7) AppleWebKit/537.36 (KHTML, like Gecko) Chrome/131.0.0.0 Safari/537.36; compatible; OAI-SearchBot/1.0; +https://openai.com/searchbot"
155.94.150.238 - - [20/Jan/2026:20:58:59 +0300] "GET /wp-content/plugins/ph-file-manager/wp-file.php HTTP/1.1" 404 13764 "www.google.com" "Mozlila/5.0 (Linux; Android 7.0; SM-G892A Bulid/NRD90M; wv) AppleWebKit/537.36 (KHTML, like Gecko) Version/4.0 Chrome/60.0.3112.107 Moblie Safari/537.36"
155.94.150.238 - - [20/Jan/2026:20:59:13 +0300] "GET /wp-content/plugins/root-file-manager/wp-file.php HTTP/1.1" 404 13763 "www.google.com" "Mozlila/5.0 (Linux; Android 7.0; SM-G892A Bulid/NRD90M; wv) AppleWebKit/537.36 (KHTML, like Gecko) Version/4.0 Chrome/60.0.3112.107 Moblie Safari/537.36"
155.94.150.238 - - [20/Jan/2026:20:59:38 +0300] "GET /wp-content/themes/travel/issue.php HTTP/1.1" 404 13770 "www.google.com" "Mozlila/5.0 (Linux; Android 7.0; SM-G892A Bulid/NRD90M; wv) AppleWebKit/537.36 (KHTML, like Gecko) Version/4.0 Chrome/60.0.3112.107 Moblie Safari/537.36"
155.94.150.238 - - [20/Jan/2026:20:59:49 +0300] "GET /wp-content/themes/jaida/lang.php HTTP/1.1" 404 13764 "www.google.com" "Mozlila/5.0 (Linux; Android 7.0; SM-G892A Bulid/NRD90M; wv) AppleWebKit/537.36 (KHTML, like Gecko) Version/4.0 Chrome/60.0.3112.107 Moblie Safari/537.36"
57.128.52.136 - - [20/Jan/2026:21:17:29 +0300] "POST /wp-cron.php?doing_wp_cron=1768933049.0485270023345947265625 HTTP/1.1" 200 0 "-" "WordPress/6.9; https://eliteewallet.com"
74.225.169.5 - - [20/Jan/2026:21:17:27 +0300] "GET /inputs.php HTTP/1.1" 404 12252 "-" "Mozilla/5.0 (Windows NT 10.0; Win64; x64) AppleWebKit/537.36 (KHTML, like Gecko) Chrome/120.0.0.0 Safari/537.36"
74.225.169.5 - - [20/Jan/2026:21:17:29 +0300] "GET /classsmtps.php HTTP/1.1" 404 12252 "-" "Mozilla/5.0 (Windows NT 10.0; Win64; x64) AppleWebKit/537.36 (KHTML, like Gecko) Chrome/120.0.0.0 Safari/537.36"
74.225.169.5 - - [20/Jan/2026:21:17:31 +0300] "GET /wp-blog-header.php HTTP/1.1" 404 0 "-" "Mozilla/5.0 (Windows NT 10.0; Win64; x64) AppleWebKit/537.36 (KHTML, like Gecko) Chrome/120.0.0.0 Safari/537.36"
74.225.169.5 - - [20/Jan/2026:21:17:33 +0300] "GET /wp-trackback.php HTTP/1.1" 404 91 "-" "Mozilla/5.0 (Windows NT 10.0; Win64; x64) AppleWebKit/537.36 (KHTML, like Gecko) Chrome/120.0.0.0 Safari/537.36"
74.225.169.5 - - [20/Jan/2026:21:17:34 +0300] "GET /wp-signup.php HTTP/1.1" 302 0 "-" "Mozilla/5.0 (Windows NT 10.0; Win64; x64) AppleWebKit/537.36 (KHTML, like Gecko) Chrome/120.0.0.0 Safari/537.36"
74.225.169.5 - - [20/Jan/2026:21:17:36 +0300] "GET /wp-comments-post.php HTTP/1.1" 405 0 "-" "Mozilla/5.0 (Windows NT 10.0; Win64; x64) AppleWebKit/537.36 (KHTML, like Gecko) Chrome/120.0.0.0 Safari/537.36"
74.225.169.5 - - [20/Jan/2026:21:17:36 +0300] "GET /wp-cron.php HTTP/1.1" 200 0 "-" "Mozilla/5.0 (Windows NT 10.0; Win64; x64) AppleWebKit/537.36 (KHTML, like Gecko) Chrome/120.0.0.0 Safari/537.36"
74.225.169.5 - - [20/Jan/2026:21:17:37 +0300] "GET /wp-load.php HTTP/1.1" 200 0 "-" "Mozilla/5.0 (Windows NT 10.0; Win64; x64) AppleWebKit/537.36 (KHTML, like Gecko) Chrome/120.0.0.0 Safari/537.36"
74.225.169.5 - - [20/Jan/2026:21:17:39 +0300] "GET /wp-mail.php HTTP/1.1" 403 958 "-" "Mozilla/5.0 (Windows NT 10.0; Win64; x64) AppleWebKit/537.36 (KHTML, like Gecko) Chrome/120.0.0.0 Safari/537.36"
74.225.169.5 - - [20/Jan/2026:21:17:40 +0300] "GET /edit.php HTTP/1.1" 404 12251 "-" "Mozilla/5.0 (Windows NT 10.0; Win64; x64) AppleWebKit/537.36 (KHTML, like Gecko) Chrome/120.0.0.0 Safari/537.36"
57.128.52.136 - - [20/Jan/2026:21:17:43 +0300] "POST /wp-cron.php?doing_wp_cron=1768933063.6853809356689453125000 HTTP/1.1" 200 0 "-" "WordPress/6.9; https://eliteewallet.com"
74.225.169.5 - - [20/Jan/2026:21:17:43 +0300] "GET /wp-activate.php HTTP/1.1" 302 0 "-" "Mozilla/5.0 (Windows NT 10.0; Win64; x64) AppleWebKit/537.36 (KHTML, like Gecko) Chrome/120.0.0.0 Safari/537.36"
57.128.52.136 - - [20/Jan/2026:21:17:46 +0300] "POST /wp-cron.php?doing_wp_cron=1768933066.4009768962860107421875 HTTP/1.1" 200 0 "-" "WordPress/6.9; https://eliteewallet.com"
74.225.169.5 - - [20/Jan/2026:21:17:43 +0300] "GET /plugins.php HTTP/1.1" 404 12253 "-" "Mozilla/5.0 (Windows NT 10.0; Win64; x64) AppleWebKit/537.36 (KHTML, like Gecko) Chrome/120.0.0.0 Safari/537.36"
74.225.169.5 - - [20/Jan/2026:21:17:47 +0300] "GET /post.php HTTP/1.1" 404 12251 "-" "Mozilla/5.0 (Windows NT 10.0; Win64; x64) AppleWebKit/537.36 (KHTML, like Gecko) Chrome/120.0.0.0 Safari/537.36"
74.225.169.5 - - [20/Jan/2026:21:17:48 +0300] "GET /admin.php HTTP/1.1" 404 12251 "-" "Mozilla/5.0 (Windows NT 10.0; Win64; x64) AppleWebKit/537.36 (KHTML, like Gecko) Chrome/120.0.0.0 Safari/537.36"
74.225.169.5 - - [20/Jan/2026:21:17:50 +0300] "GET /about.php HTTP/1.1" 404 12249 "-" "Mozilla/5.0 (Windows NT 10.0; Win64; x64) AppleWebKit/537.36 (KHTML, like Gecko) Chrome/120.0.0.0 Safari/537.36"
74.225.169.5 - - [20/Jan/2026:21:17:53 +0300] "GET /wp-2019.php HTTP/1.1" 404 12251 "-" "Mozilla/5.0 (Windows NT 10.0; Win64; x64) AppleWebKit/537.36 (KHTML, like Gecko) Chrome/120.0.0.0 Safari/537.36"
74.225.169.5 - - [20/Jan/2026:21:17:55 +0300] "GET /atomlib.php HTTP/1.1" 404 12251 "-" "Mozilla/5.0 (Windows NT 10.0; Win64; x64) AppleWebKit/537.36 (KHTML, like Gecko) Chrome/120.0.0.0 Safari/537.36"
74.225.169.5 - - [20/Jan/2026:21:17:58 +0300] "GET /css.php HTTP/1.1" 404 12250 "-" "Mozilla/5.0 (Windows NT 10.0; Win64; x64) AppleWebKit/537.36 (KHTML, like Gecko) Chrome/120.0.0.0 Safari/537.36"
74.225.169.5 - - [20/Jan/2026:21:18:00 +0300] "GET /simple.php HTTP/1.1" 404 12250 "-" "Mozilla/5.0 (Windows NT 10.0; Win64; x64) AppleWebKit/537.36 (KHTML, like Gecko) Chrome/120.0.0.0 Safari/537.36"
74.225.169.5 - - [20/Jan/2026:21:18:03 +0300] "GET /log.php HTTP/1.1" 404 12251 "-" "Mozilla/5.0 (Windows NT 10.0; Win64; x64) AppleWebKit/537.36 (KHTML, like Gecko) Chrome/120.0.0.0 Safari/537.36"
74.225.169.5 - - [20/Jan/2026:21:18:06 +0300] "GET /index.php HTTP/1.1" 301 0 "-" "Mozilla/5.0 (Windows NT 10.0; Win64; x64) AppleWebKit/537.36 (KHTML, like Gecko) Chrome/120.0.0.0 Safari/537.36"
74.225.169.5 - - [20/Jan/2026:21:18:06 +0300] "GET /mail.php HTTP/1.1" 404 12251 "-" "Mozilla/5.0 (Windows NT 10.0; Win64; x64) AppleWebKit/537.36 (KHTML, like Gecko) Chrome/120.0.0.0 Safari/537.36"
74.225.169.5 - - [20/Jan/2026:21:18:08 +0300] "GET /lufix.php HTTP/1.1" 404 12250 "-" "Mozilla/5.0 (Windows NT 10.0; Win64; x64) AppleWebKit/537.36 (KHTML, like Gecko) Chrome/120.0.0.0 Safari/537.36"
74.225.169.5 - - [20/Jan/2026:21:18:10 +0300] "GET /doc.php HTTP/1.1" 404 12252 "-" "Mozilla/5.0 (Windows NT 10.0; Win64; x64) AppleWebKit/537.36 (KHTML, like Gecko) Chrome/120.0.0.0 Safari/537.36"
74.225.169.5 - - [20/Jan/2026:21:18:12 +0300] "GET /bak.php HTTP/1.1" 404 12251 "-" "Mozilla/5.0 (Windows NT 10.0; Win64; x64) AppleWebKit/537.36 (KHTML, like Gecko) Chrome/120.0.0.0 Safari/537.36"
74.225.169.5 - - [20/Jan/2026:21:18:13 +0300] "GET /content.php HTTP/1.1" 404 12252 "-" "Mozilla/5.0 (Windows NT 10.0; Win64; x64) AppleWebKit/537.36 (KHTML, like Gecko) Chrome/120.0.0.0 Safari/537.36"
74.225.169.5 - - [20/Jan/2026:21:18:15 +0300] "GET /upfile.php HTTP/1.1" 404 12251 "-" "Mozilla/5.0 (Windows NT 10.0; Win64; x64) AppleWebKit/537.36 (KHTML, like Gecko) Chrome/120.0.0.0 Safari/537.36"
74.225.169.5 - - [20/Jan/2026:21:18:17 +0300] "GET /wp.php HTTP/1.1" 404 12251 "-" "Mozilla/5.0 (Windows NT 10.0; Win64; x64) AppleWebKit/537.36 (KHTML, like Gecko) Chrome/120.0.0.0 Safari/537.36"
74.225.169.5 - - [20/Jan/2026:21:18:19 +0300] "GET /wp-conflg.php HTTP/1.1" 404 12250 "-" "Mozilla/5.0 (Windows NT 10.0; Win64; x64) AppleWebKit/537.36 (KHTML, like Gecko) Chrome/120.0.0.0 Safari/537.36"
74.225.169.5 - - [20/Jan/2026:21:18:20 +0300] "GET /bypass.php HTTP/1.1" 404 12250 "-" "Mozilla/5.0 (Windows NT 10.0; Win64; x64) AppleWebKit/537.36 (KHTML, like Gecko) Chrome/120.0.0.0 Safari/537.36"
74.225.169.5 - - [20/Jan/2026:21:18:23 +0300] "GET /404.php HTTP/1.1" 404 12251 "-" "Mozilla/5.0 (Windows NT 10.0; Win64; x64) AppleWebKit/537.36 (KHTML, like Gecko) Chrome/120.0.0.0 Safari/537.36"
74.225.169.5 - - [20/Jan/2026:21:18:25 +0300] "GET /updates.php HTTP/1.1" 404 12251 "-" "Mozilla/5.0 (Windows NT 10.0; Win64; x64) AppleWebKit/537.36 (KHTML, like Gecko) Chrome/120.0.0.0 Safari/537.36"
74.225.169.5 - - [20/Jan/2026:21:18:27 +0300] "GET /radio.php HTTP/1.1" 404 12251 "-" "Mozilla/5.0 (Windows NT 10.0; Win64; x64) AppleWebKit/537.36 (KHTML, like Gecko) Chrome/120.0.0.0 Safari/537.36"
74.225.169.5 - - [20/Jan/2026:21:18:28 +0300] "GET /xmrlpc.php HTTP/1.1" 404 12250 "-" "Mozilla/5.0 (Windows NT 10.0; Win64; x64) AppleWebKit/537.36 (KHTML, like Gecko) Chrome/120.0.0.0 Safari/537.36"
74.225.169.5 - - [20/Jan/2026:21:18:30 +0300] "GET /ae.php HTTP/1.1" 404 12250 "-" "Mozilla/5.0 (Windows NT 10.0; Win64; x64) AppleWebKit/537.36 (KHTML, like Gecko) Chrome/120.0.0.0 Safari/537.36"
74.225.169.5 - - [20/Jan/2026:21:18:33 +0300] "GET /moon.php HTTP/1.1" 404 12251 "-" "Mozilla/5.0 (Windows NT 10.0; Win64; x64) AppleWebKit/537.36 (KHTML, like Gecko) Chrome/120.0.0.0 Safari/537.36"
74.225.169.5 - - [20/Jan/2026:21:18:35 +0300] "GET /blog.php HTTP/1.1" 404 12251 "-" "Mozilla/5.0 (Windows NT 10.0; Win64; x64) AppleWebKit/537.36 (KHTML, like Gecko) Chrome/120.0.0.0 Safari/537.36"
57.128.52.136 - - [20/Jan/2026:21:18:38 +0300] "POST /wp-cron.php?doing_wp_cron=1768933118.6254460811614990234375 HTTP/1.1" 200 0 "-" "WordPress/6.9; https://eliteewallet.com"
74.225.169.5 - - [20/Jan/2026:21:18:37 +0300] "GET /themes.php HTTP/1.1" 404 12252 "-" "Mozilla/5.0 (Windows NT 10.0; Win64; x64) AppleWebKit/537.36 (KHTML, like Gecko) Chrome/120.0.0.0 Safari/537.36"
74.225.169.5 - - [20/Jan/2026:21:18:39 +0300] "GET /ini.php HTTP/1.1" 404 12250 "-" "Mozilla/5.0 (Windows NT 10.0; Win64; x64) AppleWebKit/537.36 (KHTML, like Gecko) Chrome/120.0.0.0 Safari/537.36"
74.225.169.5 - - [20/Jan/2026:21:18:40 +0300] "GET /as.php HTTP/1.1" 404 12250 "-" "Mozilla/5.0 (Windows NT 10.0; Win64; x64) AppleWebKit/537.36 (KHTML, like Gecko) Chrome/120.0.0.0 Safari/537.36"
74.225.169.5 - - [20/Jan/2026:21:18:42 +0300] "GET /shell.php HTTP/1.1" 404 12249 "-" "Mozilla/5.0 (Windows NT 10.0; Win64; x64) AppleWebKit/537.36 (KHTML, like Gecko) Chrome/120.0.0.0 Safari/537.36"
74.225.169.5 - - [20/Jan/2026:21:18:44 +0300] "GET /ws.php HTTP/1.1" 404 12251 "-" "Mozilla/5.0 (Windows NT 10.0; Win64; x64) AppleWebKit/537.36 (KHTML, like Gecko) Chrome/120.0.0.0 Safari/537.36"
74.225.169.5 - - [20/Jan/2026:21:18:45 +0300] "GET /dropdown.php HTTP/1.1" 404 12251 "-" "Mozilla/5.0 (Windows NT 10.0; Win64; x64) AppleWebKit/537.36 (KHTML, like Gecko) Chrome/120.0.0.0 Safari/537.36"
74.225.169.5 - - [20/Jan/2026:21:18:47 +0300] "GET /makeasmtp.php HTTP/1.1" 404 12251 "-" "Mozilla/5.0 (Windows NT 10.0; Win64; x64) AppleWebKit/537.36 (KHTML, like Gecko) Chrome/120.0.0.0 Safari/537.36"
74.225.169.5 - - [20/Jan/2026:21:18:49 +0300] "GET /wp-sigunq.php HTTP/1.1" 404 12252 "-" "Mozilla/5.0 (Windows NT 10.0; Win64; x64) AppleWebKit/537.36 (KHTML, like Gecko) Chrome/120.0.0.0 Safari/537.36"
74.225.169.5 - - [20/Jan/2026:21:18:51 +0300] "GET /wso112233.php HTTP/1.1" 404 12252 "-" "Mozilla/5.0 (Windows NT 10.0; Win64; x64) AppleWebKit/537.36 (KHTML, like Gecko) Chrome/120.0.0.0 Safari/537.36"
57.128.52.136 - - [20/Jan/2026:20:14:45 +0300] "POST /wp-cron.php?doing_wp_cron=1768929285.2778708934783935546875 HTTP/1.1" 200 0 "-" "WordPress/6.9; https://eliteewallet.com"
34.236.41.241 - - [20/Jan/2026:20:25:04 +0300] "GET /wp-json/oembed/1.0/embed?format=xml&url=https://eliteewallet.com/buy-off-loans/ HTTP/1.1" 200 1129 "-" "Mozilla/5.0 AppleWebKit/537.36 (KHTML, like Gecko; compatible; Amazonbot/0.1; +https://developer.amazon.com/support/amazonbot) Chrome/119.0.6045.214 Safari/537.36"
185.191.171.3 - - [20/Jan/2026:20:38:53 +0300] "GET /robots.txt HTTP/1.1" 200 111 "-" "Mozilla/5.0 (compatible; SemrushBot/7~bl; +http://www.semrush.com/bot.html)"
85.208.96.205 - - [20/Jan/2026:20:38:55 +0300] "GET /check-off-loans/ HTTP/1.1" 200 18467 "-" "Mozilla/5.0 (compatible; SemrushBot/7~bl; +http://www.semrush.com/bot.html)"
57.128.52.136 - - [20/Jan/2026:20:49:27 +0300] "POST /wp-cron.php?doing_wp_cron=1768931367.3179459571838378906250 HTTP/1.1" 200 0 "-" "WordPress/6.9; https://eliteewallet.com"
57.128.52.136 - - [20/Jan/2026:20:50:35 +0300] "POST /wp-cron.php?doing_wp_cron=1768931435.6287488937377929687500 HTTP/1.1" 200 0 "-" "WordPress/6.9; https://eliteewallet.com"
3.15.175.50 - - [20/Jan/2026:20:50:34 +0300] "POST /wp-login.php HTTP/1.1" 200 2357 "-" "Mozilla/5.0 (Windows NT 10.0; Win64; x64; rv:67.0) Gecko/20100101 Firefox/67.0"
57.128.52.136 - - [20/Jan/2026:20:58:11 +0300] "POST /wp-cron.php?doing_wp_cron=1768931890.9719951152801513671875 HTTP/1.1" 200 0 "-" "WordPress/6.9; https://eliteewallet.com"
155.94.150.238 - - [20/Jan/2026:20:58:09 +0300] "GET /wp-content/plugins/shell/about.php HTTP/1.1" 404 13770 "www.google.com" "Mozlila/5.0 (Linux; Android 7.0; SM-G892A Bulid/NRD90M; wv) AppleWebKit/537.36 (KHTML, like Gecko) Version/4.0 Chrome/60.0.3112.107 Moblie Safari/537.36"
155.94.150.238 - - [20/Jan/2026:20:58:26 +0300] "GET /wp-content/plugins/pwnd/pwnd.php HTTP/1.1" 404 13770 "www.google.com" "Mozlila/5.0 (Linux; Android 7.0; SM-G892A Bulid/NRD90M; wv) AppleWebKit/537.36 (KHTML, like Gecko) Version/4.0 Chrome/60.0.3112.107 Moblie Safari/537.36"
57.128.52.136 - - [20/Jan/2026:20:58:50 +0300] "POST /wp-cron.php?doing_wp_cron=1768931930.2573349475860595703125 HTTP/1.1" 200 0 "-" "WordPress/6.9; https://eliteewallet.com"
155.94.150.238 - - [20/Jan/2026:20:58:49 +0300] "GET /wp-content/plugins/fix/up.php HTTP/1.1" 404 13770 "www.google.com" "Mozlila/5.0 (Linux; Android 7.0; SM-G892A Bulid/NRD90M; wv) AppleWebKit/537.36 (KHTML, like Gecko) Version/4.0 Chrome/60.0.3112.107 Moblie Safari/537.36"
155.94.150.238 - - [20/Jan/2026:20:59:25 +0300] "GET /wp-content/plugins/wp-help/mini.php HTTP/1.1" 404 13763 "www.google.com" "Mozlila/5.0 (Linux; Android 7.0; SM-G892A Bulid/NRD90M; wv) AppleWebKit/537.36 (KHTML, like Gecko) Version/4.0 Chrome/60.0.3112.107 Moblie Safari/537.36"
57.128.52.136 - - [20/Jan/2026:20:59:39 +0300] "POST /wp-cron.php?doing_wp_cron=1768931979.3178589344024658203125 HTTP/1.1" 200 0 "-" "WordPress/6.9; https://eliteewallet.com"
185.102.115.5 - - [20/Jan/2026:21:11:07 +0300] "GET /wp-login.php HTTP/1.1" 200 6178 "-" "Mozilla/5.0 (Windows NT 6.1; WOW64) AppleWebKit/537.36 (KHTML, like Gecko) Chrome/35.0.1916.114 Safari/537.36"
57.128.52.136 - - [20/Jan/2026:21:11:11 +0300] "POST /wp-cron.php?doing_wp_cron=1768932671.0607450008392333984375 HTTP/1.1" 200 0 "-" "WordPress/6.9; https://eliteewallet.com"
