74.7.241.32 - - [21/Jan/2026:10:57:03 +0300] "GET /wp-content/plugins/elementor/assets/css/widget-google_maps.min.css?ver=3.34.2 HTTP/2" 200 94 "http://eliteewallet.com" "Mozilla/5.0 AppleWebKit/537.36 (KHTML, like Gecko; compatible; GPTBot/1.3; +https://openai.com/gptbot)"
74.7.241.32 - - [21/Jan/2026:10:57:03 +0300] "GET /wp-content/uploads/elementor/css/post-80.css?ver=1768964685 HTTP/2" 200 449 "http://eliteewallet.com" "Mozilla/5.0 AppleWebKit/537.36 (KHTML, like Gecko; compatible; GPTBot/1.3; +https://openai.com/gptbot)"
74.7.241.32 - - [21/Jan/2026:10:59:24 +0300] "GET /wp-sitemap.xml HTTP/2" 200 203 "-" "Mozilla/5.0 AppleWebKit/537.36 (KHTML, like Gecko; compatible; GPTBot/1.3; +https://openai.com/gptbot)"
178.170.47.144 - - [21/Jan/2026:10:59:40 +0300] "POST /wp-login.php HTTP/1.1" 200 2297 "-" "Mozilla/5.0 (Windows NT 10.0; Win64; x64; rv:85.0) Gecko/20100101 Firefox/85.0"
209.87.169.123 - - [21/Jan/2026:10:59:54 +0300] "POST /wp-login.php HTTP/1.1" 200 6591 "-" "Mozilla/5.0"
57.128.52.136 - - [21/Jan/2026:11:00:06 +0300] "POST /wp-admin/admin-ajax.php?action=as_async_request_queue_runner&nonce=417d41a8d6 HTTP/1.1" 200 0 "-" "WordPress/6.9; https://eliteewallet.com"
54.39.203.16 - - [21/Jan/2026:11:02:12 +0300] "GET /robots.txt HTTP/2" 200 96 "-" "Mozilla/5.0 (compatible; AhrefsBot/7.0; +http://ahrefs.com/robot/)"
51.195.244.114 - - [21/Jan/2026:11:02:15 +0300] "GET /ufaq/whats-the-maximum-amount-of-loan-that-can-be-borrowed/ HTTP/2" 200 14286 "-" "Mozilla/5.0 (compatible; AhrefsBot/7.0; +http://ahrefs.com/robot/)"
165.245.142.222 - - [21/Jan/2026:11:02:29 +0300] "POST /wp-login.php HTTP/1.1" 200 2358 "https://eliteewallet.com/wp-login.php" "Mozilla/5.0 (Macintosh; Intel Mac OS X 10_15_7) AppleWebKit/605.1.15 (KHTML, like Gecko) Version/15.0 Safari/605.1.15"
165.245.142.222 - - [21/Jan/2026:11:02:32 +0300] "GET /wp-admin/index.php HTTP/1.1" 302 0 "https://eliteewallet.com/wp-login.php" "Mozilla/5.0 (Macintosh; Intel Mac OS X 10_15_7; rv:89.0) Gecko/20100101 Firefox/89.0.2"
165.245.142.222 - - [21/Jan/2026:11:02:37 +0300] "GET /wp-login.php?redirect_to=https%3A%2F%2Feliteewallet.com%2Fwp-admin%2Findex.php&reauth=1 HTTP/1.1" 200 2208 "https://eliteewallet.com/wp-login.php" "Mozilla/5.0 (Macintosh; Intel Mac OS X 10_15_7; rv:89.0) Gecko/20100101 Firefox/89.0.2"
165.245.142.222 - - [21/Jan/2026:11:02:40 +0300] "GET /wp-admin/index.php HTTP/1.1" 302 0 "https://eliteewallet.com/wp-login.php" "Mozilla/5.0 (Macintosh; Intel Mac OS X 10_15_7; rv:89.0) Gecko/20100101 Firefox/89.0.2"
165.245.142.222 - - [21/Jan/2026:11:02:45 +0300] "POST /wp-login.php HTTP/1.1" 200 2358 "https://eliteewallet.com/wp-login.php" "Mozilla/5.0 (Macintosh; Intel Mac OS X 10_15_7) AppleWebKit/605.1.15 (KHTML, like Gecko) Version/14.1 Safari/605.1.15"
165.245.142.222 - - [21/Jan/2026:11:02:50 +0300] "GET /wp-admin/index.php HTTP/1.1" 302 0 "https://eliteewallet.com/wp-login.php" "Mozilla/5.0 (Macintosh; Intel Mac OS X 10_15_7) AppleWebKit/537.36 (KHTML, like Gecko) Chrome/90.0.4430.212 Safari/537.36"
165.245.142.222 - - [21/Jan/2026:11:02:54 +0300] "GET /wp-login.php?redirect_to=https%3A%2F%2Feliteewallet.com%2Fwp-admin%2Findex.php&reauth=1 HTTP/1.1" 200 2208 "https://eliteewallet.com/wp-login.php" "Mozilla/5.0 (Macintosh; Intel Mac OS X 10_15_7) AppleWebKit/537.36 (KHTML, like Gecko) Chrome/90.0.4430.212 Safari/537.36"
165.245.142.222 - - [21/Jan/2026:11:02:58 +0300] "GET /wp-admin/index.php HTTP/1.1" 302 0 "https://eliteewallet.com/wp-login.php" "Mozilla/5.0 (Macintosh; Intel Mac OS X 10_15_7) AppleWebKit/537.36 (KHTML, like Gecko) Chrome/90.0.4430.212 Safari/537.36"
165.245.142.222 - - [21/Jan/2026:11:03:01 +0300] "GET /wp-login.php?redirect_to=https%3A%2F%2Feliteewallet.com%2Fwp-admin%2Findex.php&reauth=1 HTTP/1.1" 200 2208 "https://eliteewallet.com/wp-login.php" "Mozilla/5.0 (Macintosh; Intel Mac OS X 10_15_7) AppleWebKit/537.36 (KHTML, like Gecko) Chrome/90.0.4430.212 Safari/537.36"
165.245.142.222 - - [21/Jan/2026:11:03:04 +0300] "POST /wp-login.php HTTP/1.1" 200 2358 "https://eliteewallet.com/wp-login.php" "Mozilla/5.0 (Windows NT 6.1; Win64; x64) AppleWebKit/537.36 (KHTML, like Gecko) Chrome/90.0.4430.212 Safari/537.36"
165.245.142.222 - - [21/Jan/2026:11:03:10 +0300] "GET /wp-admin/index.php HTTP/1.1" 302 0 "https://eliteewallet.com/wp-login.php" "Mozilla/5.0 (Windows NT 10.0; Win64; x64) AppleWebKit/605.1.15 (KHTML, like Gecko) Version/14.0.3 Safari/605.1.15"
57.128.52.136 - - [21/Jan/2026:10:58:37 +0300] "POST /wp-cron.php?doing_wp_cron=1768982317.1553740501403808593750 HTTP/1.1" 200 0 "-" "WordPress/6.9; https://eliteewallet.com"
57.128.52.136 - - [21/Jan/2026:10:59:38 +0300] "POST /wp-cron.php?doing_wp_cron=1768982378.0480248928070068359375 HTTP/1.1" 200 0 "-" "WordPress/6.9; https://eliteewallet.com"
57.128.52.136 - - [21/Jan/2026:11:00:28 +0300] "POST /wp-cron.php?doing_wp_cron=1768982427.9664859771728515625000 HTTP/1.1" 200 0 "-" "WordPress/6.9; https://eliteewallet.com"
57.128.52.136 - - [21/Jan/2026:11:00:38 +0300] "POST /wp-cron.php?doing_wp_cron=1768982438.0275130271911621093750 HTTP/1.1" 200 0 "-" "WordPress/6.9; https://eliteewallet.com"
57.128.52.136 - - [21/Jan/2026:11:00:53 +0300] "POST /wp-cron.php?doing_wp_cron=1768982452.5207700729370117187500 HTTP/1.1" 200 0 "-" "WordPress/6.9; https://eliteewallet.com"
57.128.52.136 - - [21/Jan/2026:11:01:38 +0300] "POST /wp-cron.php?doing_wp_cron=1768982498.4086349010467529296875 HTTP/1.1" 200 0 "-" "WordPress/6.9; https://eliteewallet.com"
57.128.52.136 - - [21/Jan/2026:11:01:13 +0300] "POST /wp-admin/admin-ajax.php?action=as_async_request_queue_runner&nonce=417d41a8d6 HTTP/1.1" 200 0 "-" "WordPress/6.9; https://eliteewallet.com"
57.128.52.136 - - [21/Jan/2026:11:02:09 +0300] "POST /wp-admin/admin-ajax.php?action=as_async_request_queue_runner&nonce=417d41a8d6 HTTP/1.1" 200 0 "-" "WordPress/6.9; https://eliteewallet.com"
57.128.52.136 - - [21/Jan/2026:11:02:37 +0300] "POST /wp-cron.php?doing_wp_cron=1768982557.4513928890228271484375 HTTP/1.1" 200 0 "-" "WordPress/6.9; https://eliteewallet.com"
57.128.52.136 - - [21/Jan/2026:11:03:40 +0300] "POST /wp-cron.php?doing_wp_cron=1768982619.8778359889984130859375 HTTP/1.1" 200 0 "-" "WordPress/6.9; https://eliteewallet.com"
57.128.52.136 - - [21/Jan/2026:11:03:58 +0300] "POST /wp-admin/admin-ajax.php?action=as_async_request_queue_runner&nonce=417d41a8d6 HTTP/1.1" 200 0 "-" "WordPress/6.9; https://eliteewallet.com"
198.244.240.161 - - [21/Jan/2026:11:06:18 +0300] "GET /wp-content/themes/blocksy/static/bundle/comments.min.css?ver=2.1.25 HTTP/2" 200 1133 "-" "Mozilla/5.0 (compatible; AhrefsBot/7.0; +http://ahrefs.com/robot/)"
198.244.183.18 - - [21/Jan/2026:11:06:18 +0300] "GET /wp-content/plugins/elementor/assets/css/frontend.min.css?ver=3.34.2 HTTP/2" 200 6575 "-" "Mozilla/5.0 (compatible; AhrefsBot/7.0; +http://ahrefs.com/robot/)"
51.195.215.119 - - [21/Jan/2026:11:06:19 +0300] "GET /wp-content/uploads/elementor/css/post-80.css?ver=1768964685 HTTP/2" 200 449 "-" "Mozilla/5.0 (compatible; AhrefsBot/7.0; +http://ahrefs.com/robot/)"
165.245.142.222 - - [21/Jan/2026:11:03:12 +0300] "GET /wp-login.php?redirect_to=https%3A%2F%2Feliteewallet.com%2Fwp-admin%2Findex.php&reauth=1 HTTP/1.1" 200 2208 "https://eliteewallet.com/wp-login.php" "Mozilla/5.0 (Windows NT 10.0; Win64; x64) AppleWebKit/605.1.15 (KHTML, like Gecko) Version/14.0.3 Safari/605.1.15"
165.245.142.222 - - [21/Jan/2026:11:03:16 +0300] "GET /wp-admin/index.php HTTP/1.1" 302 0 "https://eliteewallet.com/wp-login.php" "Mozilla/5.0 (Windows NT 10.0; Win64; x64) AppleWebKit/605.1.15 (KHTML, like Gecko) Version/14.0.3 Safari/605.1.15"
57.128.52.136 - - [21/Jan/2026:11:03:23 +0300] "POST /wp-admin/admin-ajax.php?action=as_async_request_queue_runner&nonce=417d41a8d6 HTTP/1.1" 200 0 "-" "WordPress/6.9; https://eliteewallet.com"
57.128.52.136 - - [21/Jan/2026:11:03:38 +0300] "POST /wp-admin/admin-ajax.php?action=as_async_request_queue_runner&nonce=417d41a8d6 HTTP/1.1" 200 0 "-" "WordPress/6.9; https://eliteewallet.com"
216.244.66.194 - - [21/Jan/2026:11:06:05 +0300] "GET /weekend-loans/ HTTP/1.1" 200 74209 "-" "Mozilla/5.0 (compatible; DotBot/1.2; +https://opensiteexplorer.org/dotbot; help@moz.com)"
198.244.226.175 - - [21/Jan/2026:11:06:17 +0300] "GET /wp-content/plugins/the-plus-addons-for-elementor-page-builder/includes/user-experience/update-popup/tp-update-plugin-popup.js?ver=6.4.61768982539 HTTP/2" 200 753 "-" "Mozilla/5.0 (compatible; AhrefsBot/7.0; +http://ahrefs.com/robot/)"
114.119.135.196 - - [21/Jan/2026:11:29:58 +0300] "GET /author/makena/ HTTP/1.1" 200 14423 "https://eliteewallet.com/ufaq/whats-the-loan-duration/" "Mozilla/5.0 (Linux; Android 7.0;) AppleWebKit/537.36 (KHTML, like Gecko) Mobile Safari/537.36 (compatible; PetalBot;+https://webmaster.petalsearch.com/site/petalbot)"
69.171.231.116 - - [21/Jan/2026:11:21:21 +0300] "GET /robots.txt HTTP/2" 200 117 "-" "facebookexternalhit/1.1 (+http://www.facebook.com/externalhit_uatext.php)"
57.128.52.136 - - [21/Jan/2026:11:25:52 +0300] "POST /wp-cron.php?doing_wp_cron=1768983952.5077691078186035156250 HTTP/1.1" 200 0 "-" "WordPress/6.9; https://eliteewallet.com"
114.119.135.196 - - [21/Jan/2026:11:25:48 +0300] "GET /ufaq/how-soon-can-i-get-the-loan/ HTTP/1.1" 200 16090 "https://eliteewallet.com/ufaq-category/loans/" "Mozilla/5.0 (Linux; Android 7.0;) AppleWebKit/537.36 (KHTML, like Gecko) Mobile Safari/537.36 (compatible; PetalBot;+https://webmaster.petalsearch.com/site/petalbot)"
114.119.154.189 - - [21/Jan/2026:11:27:10 +0300] "GET /services/ HTTP/1.1" 200 13873 "https://eliteewallet.com/car-financing-loan/" "Mozilla/5.0 (Linux; Android 7.0;) AppleWebKit/537.36 (KHTML, like Gecko) Mobile Safari/537.36 (compatible; PetalBot;+https://webmaster.petalsearch.com/site/petalbot)"
114.119.155.200 - - [21/Jan/2026:11:28:34 +0300] "GET /buy-off-loans/ HTTP/1.1" 200 17654 "https://eliteewallet.com/car-financing-loan/" "Mozilla/5.0 (Linux; Android 7.0;) AppleWebKit/537.36 (KHTML, like Gecko) Mobile Safari/537.36 (compatible; PetalBot;+https://webmaster.petalsearch.com/site/petalbot)"
170.106.65.93 - - [21/Jan/2026:11:45:39 +0300] "GET / HTTP/1.1" 200 35789 "http://eliteewallet.com" "Mozilla/5.0 (iPhone; CPU iPhone OS 13_2_3 like Mac OS X) AppleWebKit/605.1.15 (KHTML, like Gecko) Version/13.0.3 Mobile/15E148 Safari/604.1"
209.87.169.105 - - [21/Jan/2026:11:46:12 +0300] "POST /wp-login.php HTTP/1.1" 200 6591 "-" "Mozilla/5.0"
213.232.122.88 - - [21/Jan/2026:11:41:05 +0300] "GET /xmlrpc.php HTTP/1.1" 403 787 "-" "Mozilla/5.0 (X11; Linux x86_64) AppleWebKit/537.36 (KHTML, like Gecko) Chrome/143.0.0.0 Safari/537.36"
213.232.122.88 - - [21/Jan/2026:11:41:06 +0300] "GET /wp-login.php HTTP/1.1" 200 1976 "-" "Mozilla/5.0 (X11; Linux x86_64) AppleWebKit/537.36 (KHTML, like Gecko) Chrome/143.0.0.0 Safari/537.36"
57.128.52.136 - - [21/Jan/2026:11:46:19 +0300] "POST /wp-cron.php?doing_wp_cron=1768985179.5452249050140380859375 HTTP/1.1" 200 0 "-" "WordPress/6.9; https://eliteewallet.com"
178.33.162.49 - - [21/Jan/2026:12:14:07 +0300] "POST /wp-login.php HTTP/1.1" 200 2358 "-" "Mozilla/5.0 (Windows NT 10.0; Win64; x64; rv:85.0) Gecko/20100101 Firefox/85.0"
57.128.52.136 - - [21/Jan/2026:12:14:16 +0300] "POST /wp-cron.php?doing_wp_cron=1768986855.8216340541839599609375 HTTP/1.1" 200 0 "-" "WordPress/6.9; https://eliteewallet.com"
57.128.52.136 - - [21/Jan/2026:12:32:37 +0300] "POST /wp-cron.php?doing_wp_cron=1768987957.4746220111846923828125 HTTP/1.1" 200 0 "-" "WordPress/6.9; https://eliteewallet.com"
124.156.226.179 - - [21/Jan/2026:12:37:48 +0300] "GET / HTTP/1.1" 301 0 "http://www.eliteewallet.com" "Mozilla/5.0 (iPhone; CPU iPhone OS 13_2_3 like Mac OS X) AppleWebKit/605.1.15 (KHTML, like Gecko) Version/13.0.3 Mobile/15E148 Safari/604.1"
207.46.13.92 - - [21/Jan/2026:12:26:31 +0300] "GET /wp-sitemap.xml HTTP/2" 200 203 "-" "Mozilla/5.0 AppleWebKit/537.36 (KHTML, like Gecko; compatible; bingbot/2.0; +http://www.bing.com/bingbot.htm) Chrome/116.0.1938.76 Safari/537.36"
209.87.169.109 - - [21/Jan/2026:12:32:30 +0300] "POST /wp-login.php HTTP/1.1" 200 6591 "-" "Mozilla/5.0"
57.128.52.136 - - [21/Jan/2026:12:37:50 +0300] "POST /wp-cron.php?doing_wp_cron=1768988270.0213129520416259765625 HTTP/1.1" 200 0 "-" "WordPress/6.9; https://eliteewallet.com"
124.156.226.179 - - [21/Jan/2026:12:37:52 +0300] "GET / HTTP/1.1" 200 35789 "https://www.eliteewallet.com/" "Mozilla/5.0 (iPhone; CPU iPhone OS 13_2_3 like Mac OS X) AppleWebKit/605.1.15 (KHTML, like Gecko) Version/13.0.3 Mobile/15E148 Safari/604.1"
91.202.4.80 - - [21/Jan/2026:12:41:26 +0300] "GET /cjfuns.php HTTP/1.1" 404 12248 "-" "Mozilla/4.0 (compatible; MSIE 6.0; Windows NT 5.1; SV1)"
57.128.52.136 - - [21/Jan/2026:13:01:20 +0300] "POST /wp-cron.php?doing_wp_cron=1768989679.6029379367828369140625 HTTP/1.1" 200 0 "-" "WordPress/6.9; https://eliteewallet.com"
43.173.179.243 - - [21/Jan/2026:13:05:39 +0300] "GET /wp-includes/js/jquery/jquery.min.js?ver=3.7.1 HTTP/1.1" 200 30412 "https://eliteewallet.com/ufaq/what-is-your-interest-rate-per-annum/" "Mozilla/5.0 (Windows NT 10.0; Win64; x64) AppleWebKit/537.36 (KHTML, like Gecko) Chrome/108.0.0.0 Safari/537.36"
43.173.179.114 - - [21/Jan/2026:13:05:39 +0300] "GET /wp-content/uploads/elementor/css/post-80.css?ver=1768964685 HTTP/1.1" 200 523 "https://eliteewallet.com/ufaq/what-is-your-interest-rate-per-annum/" "Mozilla/5.0 (Windows NT 10.0; Win64; x64) AppleWebKit/537.36 (KHTML, like Gecko) Chrome/108.0.0.0 Safari/537.36"
43.173.179.93 - - [21/Jan/2026:13:05:40 +0300] "GET /wp-includes/js/jquery/ui/core.min.js?ver=1.13.3 HTTP/1.1" 200 7104 "https://eliteewallet.com/ufaq/what-is-your-interest-rate-per-annum/" "Mozilla/5.0 (Windows NT 10.0; Win64; x64) AppleWebKit/537.36 (KHTML, like Gecko) Chrome/108.0.0.0 Safari/537.36"
43.173.172.239 - - [21/Jan/2026:13:05:42 +0300] "GET /wp-content/themes/blocksy/static/bundle/641.656abb12c469e8c7581a.js HTTP/1.1" 200 192 "https://eliteewallet.com/ufaq/what-is-your-interest-rate-per-annum/" "Mozilla/5.0 (Windows NT 10.0; Win64; x64) AppleWebKit/537.36 (KHTML, like Gecko) Chrome/108.0.0.0 Safari/537.36"
43.173.172.117 - - [21/Jan/2026:13:05:43 +0300] "GET /wp-content/themes/blocksy/static/bundle/643.ddb47b33901d81e343c8.js HTTP/1.1" 200 727 "https://eliteewallet.com/ufaq/what-is-your-interest-rate-per-annum/" "Mozilla/5.0 (Windows NT 10.0; Win64; x64) AppleWebKit/537.36 (KHTML, like Gecko) Chrome/108.0.0.0 Safari/537.36"
4.197.162.185 - - [21/Jan/2026:13:05:59 +0300] "GET /2.php HTTP/1.1" 404 12246 "-" "Mozilla/5.0 (Windows NT 10.0; Win64; x64) AppleWebKit/537.36 (KHTML, like Gecko) Chrome/120.0.0.0 Safari/537.36"
4.197.162.185 - - [21/Jan/2026:13:06:02 +0300] "GET /ALFA_DATA/alfacgiapi/ HTTP/1.1" 404 12247 "-" "Mozilla/5.0 (Windows NT 10.0; Win64; x64) AppleWebKit/537.36 (KHTML, like Gecko) Chrome/120.0.0.0 Safari/537.36"
4.197.162.185 - - [21/Jan/2026:13:06:07 +0300] "GET /a.php HTTP/1.1" 404 12248 "-" "Mozilla/5.0 (Windows NT 10.0; Win64; x64) AppleWebKit/537.36 (KHTML, like Gecko) Chrome/120.0.0.0 Safari/537.36"
4.197.162.185 - - [21/Jan/2026:13:06:09 +0300] "GET /aaa.php HTTP/1.1" 404 12246 "-" "Mozilla/5.0 (Windows NT 10.0; Win64; x64) AppleWebKit/537.36 (KHTML, like Gecko) Chrome/120.0.0.0 Safari/537.36"
4.197.162.185 - - [21/Jan/2026:13:06:14 +0300] "GET /ab.php HTTP/1.1" 404 12247 "-" "Mozilla/5.0 (Windows NT 10.0; Win64; x64) AppleWebKit/537.36 (KHTML, like Gecko) Chrome/120.0.0.0 Safari/537.36"
4.197.162.185 - - [21/Jan/2026:13:06:16 +0300] "GET /about.php HTTP/1.1" 404 12247 "-" "Mozilla/5.0 (Windows NT 10.0; Win64; x64) AppleWebKit/537.36 (KHTML, like Gecko) Chrome/120.0.0.0 Safari/537.36"
4.197.162.185 - - [21/Jan/2026:13:06:19 +0300] "GET /admin/upload/css.php HTTP/1.1" 404 12246 "-" "Mozilla/5.0 (Windows NT 10.0; Win64; x64) AppleWebKit/537.36 (KHTML, like Gecko) Chrome/120.0.0.0 Safari/537.36"
4.197.162.185 - - [21/Jan/2026:13:06:22 +0300] "GET /alfa.php HTTP/1.1" 404 12247 "-" "Mozilla/5.0 (Windows NT 10.0; Win64; x64) AppleWebKit/537.36 (KHTML, like Gecko) Chrome/120.0.0.0 Safari/537.36"
4.197.162.185 - - [21/Jan/2026:13:06:25 +0300] "GET /api.php HTTP/1.1" 404 12247 "-" "Mozilla/5.0 (Windows NT 10.0; Win64; x64) AppleWebKit/537.36 (KHTML, like Gecko) Chrome/120.0.0.0 Safari/537.36"
4.197.162.185 - - [21/Jan/2026:13:06:27 +0300] "GET /auth.php HTTP/1.1" 404 12246 "-" "Mozilla/5.0 (Windows NT 10.0; Win64; x64) AppleWebKit/537.36 (KHTML, like Gecko) Chrome/120.0.0.0 Safari/537.36"
4.197.162.185 - - [21/Jan/2026:13:06:31 +0300] "GET /bk/index.php HTTP/1.1" 301 0 "-" "Mozilla/5.0 (Windows NT 10.0; Win64; x64) AppleWebKit/537.36 (KHTML, like Gecko) Chrome/120.0.0.0 Safari/537.36"
4.197.162.185 - - [21/Jan/2026:13:06:33 +0300] "GET /classwithtostring.php HTTP/1.1" 404 12247 "-" "Mozilla/5.0 (Windows NT 10.0; Win64; x64) AppleWebKit/537.36 (KHTML, like Gecko) Chrome/120.0.0.0 Safari/537.36"
57.128.52.136 - - [21/Jan/2026:13:06:37 +0300] "POST /wp-cron.php?doing_wp_cron=1768989997.6681029796600341796875 HTTP/1.1" 200 0 "-" "WordPress/6.9; https://eliteewallet.com"
4.197.162.185 - - [21/Jan/2026:13:06:35 +0300] "GET /contents.php/lv.php HTTP/1.1" 404 12248 "-" "Mozilla/5.0 (Windows NT 10.0; Win64; x64) AppleWebKit/537.36 (KHTML, like Gecko) Chrome/120.0.0.0 Safari/537.36"
4.197.162.185 - - [21/Jan/2026:13:06:38 +0300] "GET /css/index.php HTTP/1.1" 301 0 "-" "Mozilla/5.0 (Windows NT 10.0; Win64; x64) AppleWebKit/537.36 (KHTML, like Gecko) Chrome/120.0.0.0 Safari/537.36"
4.197.162.185 - - [21/Jan/2026:13:06:41 +0300] "GET /default.php HTTP/1.1" 404 12246 "-" "Mozilla/5.0 (Windows NT 10.0; Win64; x64) AppleWebKit/537.36 (KHTML, like Gecko) Chrome/120.0.0.0 Safari/537.36"
4.197.162.185 - - [21/Jan/2026:13:06:44 +0300] "GET /en-us/2021/04/30/php-community-sidesteps-its-third-supply-chain-attack-in-three-years/ HTTP/1.1" 404 12246 "-" "Mozilla/5.0 (Windows NT 10.0; Win64; x64) AppleWebKit/537.36 (KHTML, like Gecko) Chrome/120.0.0.0 Safari/537.36"
4.197.162.185 - - [21/Jan/2026:13:06:46 +0300] "GET /en/wp-includes/ID3/index.php HTTP/1.1" 301 0 "-" "Mozilla/5.0 (Windows NT 10.0; Win64; x64) AppleWebKit/537.36 (KHTML, like Gecko) Chrome/120.0.0.0 Safari/537.36"
4.197.162.185 - - [21/Jan/2026:13:06:48 +0300] "GET /favicon.php HTTP/1.1" 404 12246 "-" "Mozilla/5.0 (Windows NT 10.0; Win64; x64) AppleWebKit/537.36 (KHTML, like Gecko) Chrome/120.0.0.0 Safari/537.36"
4.197.162.185 - - [21/Jan/2026:13:06:51 +0300] "GET /hehe.php HTTP/1.1" 404 12246 "-" "Mozilla/5.0 (Windows NT 10.0; Win64; x64) AppleWebKit/537.36 (KHTML, like Gecko) Chrome/120.0.0.0 Safari/537.36"
4.197.162.185 - - [21/Jan/2026:13:06:53 +0300] "GET /include/ HTTP/1.1" 404 12246 "-" "Mozilla/5.0 (Windows NT 10.0; Win64; x64) AppleWebKit/537.36 (KHTML, like Gecko) Chrome/120.0.0.0 Safari/537.36"
4.197.162.185 - - [21/Jan/2026:13:06:56 +0300] "GET /index.php/feed/atom/ HTTP/1.1" 301 0 "-" "Mozilla/5.0 (Windows NT 10.0; Win64; x64) AppleWebKit/537.36 (KHTML, like Gecko) Chrome/120.0.0.0 Safari/537.36"
4.197.162.185 - - [21/Jan/2026:13:06:59 +0300] "GET /info.php HTTP/1.1" 404 12246 "-" "Mozilla/5.0 (Windows NT 10.0; Win64; x64) AppleWebKit/537.36 (KHTML, like Gecko) Chrome/120.0.0.0 Safari/537.36"
4.197.162.185 - - [21/Jan/2026:13:07:02 +0300] "GET /k.php HTTP/1.1" 404 12246 "-" "Mozilla/5.0 (Windows NT 10.0; Win64; x64) AppleWebKit/537.36 (KHTML, like Gecko) Chrome/120.0.0.0 Safari/537.36"
4.197.162.185 - - [21/Jan/2026:13:07:05 +0300] "GET /lock360.php HTTP/1.1" 404 12246 "-" "Mozilla/5.0 (Windows NT 10.0; Win64; x64) AppleWebKit/537.36 (KHTML, like Gecko) Chrome/120.0.0.0 Safari/537.36"
4.197.162.185 - - [21/Jan/2026:13:07:09 +0300] "GET /log.php HTTP/1.1" 404 12246 "-" "Mozilla/5.0 (Windows NT 10.0; Win64; x64) AppleWebKit/537.36 (KHTML, like Gecko) Chrome/120.0.0.0 Safari/537.36"
4.197.162.185 - - [21/Jan/2026:13:07:13 +0300] "GET /man.php HTTP/1.1" 404 12246 "-" "Mozilla/5.0 (Windows NT 10.0; Win64; x64) AppleWebKit/537.36 (KHTML, like Gecko) Chrome/120.0.0.0 Safari/537.36"
4.197.162.185 - - [21/Jan/2026:13:07:16 +0300] "GET /modules/mod_footer/tmpl/index.php HTTP/1.1" 301 0 "-" "Mozilla/5.0 (Windows NT 10.0; Win64; x64) AppleWebKit/537.36 (KHTML, like Gecko) Chrome/120.0.0.0 Safari/537.36"
4.197.162.185 - - [21/Jan/2026:13:07:18 +0300] "GET /post.php HTTP/1.1" 404 12246 "-" "Mozilla/5.0 (Windows NT 10.0; Win64; x64) AppleWebKit/537.36 (KHTML, like Gecko) Chrome/120.0.0.0 Safari/537.36"
4.197.162.185 - - [21/Jan/2026:13:07:21 +0300] "GET /private/ HTTP/1.1" 404 12246 "-" "Mozilla/5.0 (Windows NT 10.0; Win64; x64) AppleWebKit/537.36 (KHTML, like Gecko) Chrome/120.0.0.0 Safari/537.36"
4.197.162.185 - - [21/Jan/2026:13:07:23 +0300] "GET /root.php HTTP/1.1" 404 12246 "-" "Mozilla/5.0 (Windows NT 10.0; Win64; x64) AppleWebKit/537.36 (KHTML, like Gecko) Chrome/120.0.0.0 Safari/537.36"
4.197.162.185 - - [21/Jan/2026:13:07:25 +0300] "GET /shellv3.php HTTP/1.1" 404 12246 "-" "Mozilla/5.0 (Windows NT 10.0; Win64; x64) AppleWebKit/537.36 (KHTML, like Gecko) Chrome/120.0.0.0 Safari/537.36"
4.197.162.185 - - [21/Jan/2026:13:07:28 +0300] "GET /simple/function.php HTTP/1.1" 404 12246 "-" "Mozilla/5.0 (Windows NT 10.0; Win64; x64) AppleWebKit/537.36 (KHTML, like Gecko) Chrome/120.0.0.0 Safari/537.36"
4.197.162.185 - - [21/Jan/2026:13:07:31 +0300] "GET /system.php HTTP/1.1" 404 12247 "-" "Mozilla/5.0 (Windows NT 10.0; Win64; x64) AppleWebKit/537.36 (KHTML, like Gecko) Chrome/120.0.0.0 Safari/537.36"
4.197.162.185 - - [21/Jan/2026:13:07:34 +0300] "GET /test.php HTTP/1.1" 404 12246 "-" "Mozilla/5.0 (Windows NT 10.0; Win64; x64) AppleWebKit/537.36 (KHTML, like Gecko) Chrome/120.0.0.0 Safari/537.36"
57.128.52.136 - - [21/Jan/2026:13:07:39 +0300] "POST /wp-cron.php?doing_wp_cron=1768990059.0568640232086181640625 HTTP/1.1" 200 0 "-" "WordPress/6.9; https://eliteewallet.com"
4.197.162.185 - - [21/Jan/2026:13:07:37 +0300] "GET /theme.php HTTP/1.1" 404 12247 "-" "Mozilla/5.0 (Windows NT 10.0; Win64; x64) AppleWebKit/537.36 (KHTML, like Gecko) Chrome/120.0.0.0 Safari/537.36"
4.197.162.185 - - [21/Jan/2026:13:07:39 +0300] "GET /wp-activat.php HTTP/1.1" 404 12246 "-" "Mozilla/5.0 (Windows NT 10.0; Win64; x64) AppleWebKit/537.36 (KHTML, like Gecko) Chrome/120.0.0.0 Safari/537.36"
4.197.162.185 - - [21/Jan/2026:13:07:43 +0300] "GET /wp-admin.php HTTP/1.1" 404 12246 "-" "Mozilla/5.0 (Windows NT 10.0; Win64; x64) AppleWebKit/537.36 (KHTML, like Gecko) Chrome/120.0.0.0 Safari/537.36"
4.197.162.185 - - [21/Jan/2026:13:07:46 +0300] "GET /wp-admin/images/ HTTP/1.1" 403 787 "-" "Mozilla/5.0 (Windows NT 10.0; Win64; x64) AppleWebKit/537.36 (KHTML, like Gecko) Chrome/120.0.0.0 Safari/537.36"
4.197.162.185 - - [21/Jan/2026:13:07:46 +0300] "GET /wp-admin/images/admin.php HTTP/1.1" 404 12246 "-" "Mozilla/5.0 (Windows NT 10.0; Win64; x64) AppleWebKit/537.36 (KHTML, like Gecko) Chrome/120.0.0.0 Safari/537.36"
4.197.162.185 - - [21/Jan/2026:13:07:49 +0300] "GET /wp-admin/includes/moon.php HTTP/1.1" 404 12246 "-" "Mozilla/5.0 (Windows NT 10.0; Win64; x64) AppleWebKit/537.36 (KHTML, like Gecko) Chrome/120.0.0.0 Safari/537.36"
4.197.162.185 - - [21/Jan/2026:13:07:51 +0300] "GET /wp-admin/maint/edit.php HTTP/1.1" 404 12246 "-" "Mozilla/5.0 (Windows NT 10.0; Win64; x64) AppleWebKit/537.36 (KHTML, like Gecko) Chrome/120.0.0.0 Safari/537.36"
4.197.162.185 - - [21/Jan/2026:13:07:53 +0300] "GET /wp-blog.php HTTP/1.1" 404 12246 "-" "Mozilla/5.0 (Windows NT 10.0; Win64; x64) AppleWebKit/537.36 (KHTML, like Gecko) Chrome/120.0.0.0 Safari/537.36"
4.197.162.185 - - [21/Jan/2026:13:07:56 +0300] "GET /wp-conf.php HTTP/1.1" 404 12246 "-" "Mozilla/5.0 (Windows NT 10.0; Win64; x64) AppleWebKit/537.36 (KHTML, like Gecko) Chrome/120.0.0.0 Safari/537.36"
4.197.162.185 - - [21/Jan/2026:13:07:57 +0300] "GET /wp-content/1.php HTTP/1.1" 404 12246 "-" "Mozilla/5.0 (Windows NT 10.0; Win64; x64) AppleWebKit/537.36 (KHTML, like Gecko) Chrome/120.0.0.0 Safari/537.36"
4.197.162.185 - - [21/Jan/2026:13:08:00 +0300] "GET /wp-content/plugins/WordPressCore/ HTTP/1.1" 404 12246 "-" "Mozilla/5.0 (Windows NT 10.0; Win64; x64) AppleWebKit/537.36 (KHTML, like Gecko) Chrome/120.0.0.0 Safari/537.36"
4.197.162.185 - - [21/Jan/2026:13:08:04 +0300] "GET /wp-content/plugins/ioxi/ioxi/ HTTP/1.1" 404 12246 "-" "Mozilla/5.0 (Windows NT 10.0; Win64; x64) AppleWebKit/537.36 (KHTML, like Gecko) Chrome/120.0.0.0 Safari/537.36"
4.197.162.185 - - [21/Jan/2026:13:08:07 +0300] "GET /wp-content/themes/404.php HTTP/1.1" 404 12246 "-" "Mozilla/5.0 (Windows NT 10.0; Win64; x64) AppleWebKit/537.36 (KHTML, like Gecko) Chrome/120.0.0.0 Safari/537.36"
4.197.162.185 - - [21/Jan/2026:13:08:12 +0300] "GET /wp-content/uploads/2018/03/ HTTP/1.1" 404 12246 "-" "Mozilla/5.0 (Windows NT 10.0; Win64; x64) AppleWebKit/537.36 (KHTML, like Gecko) Chrome/120.0.0.0 Safari/537.36"
4.197.162.185 - - [21/Jan/2026:13:08:15 +0300] "GET /wp-content/uploads/2022/07/ HTTP/1.1" 404 12246 "-" "Mozilla/5.0 (Windows NT 10.0; Win64; x64) AppleWebKit/537.36 (KHTML, like Gecko) Chrome/120.0.0.0 Safari/537.36"
4.197.162.185 - - [21/Jan/2026:13:08:18 +0300] "GET /wp-content/uploads/2023/03/ HTTP/1.1" 404 12248 "-" "Mozilla/5.0 (Windows NT 10.0; Win64; x64) AppleWebKit/537.36 (KHTML, like Gecko) Chrome/120.0.0.0 Safari/537.36"
4.197.162.185 - - [21/Jan/2026:13:08:21 +0300] "GET /wp-content/uploads/autoload_classmap.php HTTP/1.1" 404 12246 "-" "Mozilla/5.0 (Windows NT 10.0; Win64; x64) AppleWebKit/537.36 (KHTML, like Gecko) Chrome/120.0.0.0 Safari/537.36"
4.197.162.185 - - [21/Jan/2026:13:08:24 +0300] "GET /wp-content/uploads/wp.php HTTP/1.1" 404 12246 "-" "Mozilla/5.0 (Windows NT 10.0; Win64; x64) AppleWebKit/537.36 (KHTML, like Gecko) Chrome/120.0.0.0 Safari/537.36"
4.197.162.185 - - [21/Jan/2026:13:08:28 +0300] "GET /wp-file.php HTTP/1.1" 404 12246 "-" "Mozilla/5.0 (Windows NT 10.0; Win64; x64) AppleWebKit/537.36 (KHTML, like Gecko) Chrome/120.0.0.0 Safari/537.36"
4.197.162.185 - - [21/Jan/2026:13:08:31 +0300] "GET /wp-include.php HTTP/1.1" 404 12246 "-" "Mozilla/5.0 (Windows NT 10.0; Win64; x64) AppleWebKit/537.36 (KHTML, like Gecko) Chrome/120.0.0.0 Safari/537.36"
4.197.162.185 - - [21/Jan/2026:13:08:33 +0300] "GET /wp-includes/Requests/library/index.php HTTP/1.1" 301 0 "-" "Mozilla/5.0 (Windows NT 10.0; Win64; x64) AppleWebKit/537.36 (KHTML, like Gecko) Chrome/120.0.0.0 Safari/537.36"
4.197.162.185 - - [21/Jan/2026:13:08:36 +0300] "GET /wp-includes/blocks/group/ HTTP/1.1" 403 787 "-" "Mozilla/5.0 (Windows NT 10.0; Win64; x64) AppleWebKit/537.36 (KHTML, like Gecko) Chrome/120.0.0.0 Safari/537.36"
4.197.162.185 - - [21/Jan/2026:13:08:36 +0300] "GET /wp-includes/blocks/post-author/ HTTP/1.1" 403 787 "-" "Mozilla/5.0 (Windows NT 10.0; Win64; x64) AppleWebKit/537.36 (KHTML, like Gecko) Chrome/120.0.0.0 Safari/537.36"
4.197.162.185 - - [21/Jan/2026:13:08:36 +0300] "GET /wp-includes/css/index.php HTTP/1.1" 301 0 "-" "Mozilla/5.0 (Windows NT 10.0; Win64; x64) AppleWebKit/537.36 (KHTML, like Gecko) Chrome/120.0.0.0 Safari/537.36"
57.128.52.136 - - [21/Jan/2026:13:08:41 +0300] "POST /wp-cron.php?doing_wp_cron=1768990121.3741059303283691406250 HTTP/1.1" 200 0 "-" "WordPress/6.9; https://eliteewallet.com"
4.197.162.185 - - [21/Jan/2026:13:08:38 +0300] "GET /wp-includes/header.php HTTP/1.1" 404 12247 "-" "Mozilla/5.0 (Windows NT 10.0; Win64; x64) AppleWebKit/537.36 (KHTML, like Gecko) Chrome/120.0.0.0 Safari/537.36"
4.197.162.185 - - [21/Jan/2026:13:08:41 +0300] "GET /wp-includes/js/tinymce/skins/lightgray/ HTTP/1.1" 403 787 "-" "Mozilla/5.0 (Windows NT 10.0; Win64; x64) AppleWebKit/537.36 (KHTML, like Gecko) Chrome/120.0.0.0 Safari/537.36"
4.197.162.185 - - [21/Jan/2026:13:08:42 +0300] "GET /wp-includes/js/tinymce/themes/inlite/ HTTP/1.1" 403 787 "-" "Mozilla/5.0 (Windows NT 10.0; Win64; x64) AppleWebKit/537.36 (KHTML, like Gecko) Chrome/120.0.0.0 Safari/537.36"
4.197.162.185 - - [21/Jan/2026:13:08:42 +0300] "GET /wp-includes/mani.php HTTP/1.1" 404 12246 "-" "Mozilla/5.0 (Windows NT 10.0; Win64; x64) AppleWebKit/537.36 (KHTML, like Gecko) Chrome/120.0.0.0 Safari/537.36"
4.197.162.185 - - [21/Jan/2026:13:08:46 +0300] "GET /wp-includes/sodium_compat/ HTTP/1.1" 403 787 "-" "Mozilla/5.0 (Windows NT 10.0; Win64; x64) AppleWebKit/537.36 (KHTML, like Gecko) Chrome/120.0.0.0 Safari/537.36"
4.197.162.185 - - [21/Jan/2026:13:08:47 +0300] "GET /wp-includes/theme-compat/ HTTP/1.1" 403 787 "-" "Mozilla/5.0 (Windows NT 10.0; Win64; x64) AppleWebKit/537.36 (KHTML, like Gecko) Chrome/120.0.0.0 Safari/537.36"
4.197.162.185 - - [21/Jan/2026:13:08:47 +0300] "GET /wp-logs.php HTTP/1.1" 404 12246 "-" "Mozilla/5.0 (Windows NT 10.0; Win64; x64) AppleWebKit/537.36 (KHTML, like Gecko) Chrome/120.0.0.0 Safari/537.36"
4.197.162.185 - - [21/Jan/2026:13:08:49 +0300] "GET /xmlrpc.php HTTP/1.1" 403 787 "-" "Mozilla/5.0 (Windows NT 10.0; Win64; x64) AppleWebKit/537.36 (KHTML, like Gecko) Chrome/120.0.0.0 Safari/537.36"
4.197.162.185 - - [21/Jan/2026:13:08:49 +0300] "GET /wp-includes/ID3/index.php HTTP/1.1" 301 0 "-" "Mozilla/5.0 (Windows NT 10.0; Win64; x64) AppleWebKit/537.36 (KHTML, like Gecko) Chrome/120.0.0.0 Safari/537.36"
4.197.162.185 - - [21/Jan/2026:13:08:52 +0300] "GET /wp-includes/fonts/ HTTP/1.1" 403 787 "-" "Mozilla/5.0 (Windows NT 10.0; Win64; x64) AppleWebKit/537.36 (KHTML, like Gecko) Chrome/120.0.0.0 Safari/537.36"
4.197.162.185 - - [21/Jan/2026:13:08:52 +0300] "GET /wp/wp-admin/includes/ HTTP/1.1" 404 12246 "-" "Mozilla/5.0 (Windows NT 10.0; Win64; x64) AppleWebKit/537.36 (KHTML, like Gecko) Chrome/120.0.0.0 Safari/537.36"
4.197.162.185 - - [21/Jan/2026:13:08:55 +0300] "GET /wp-admin/admin-ajax.php HTTP/1.1" 400 5 "-" "Mozilla/5.0 (Windows NT 10.0; Win64; x64) AppleWebKit/537.36 (KHTML, like Gecko) Chrome/120.0.0.0 Safari/537.36"
4.197.162.185 - - [21/Jan/2026:13:08:58 +0300] "GET /wp-admin/css/colors/modern/ HTTP/1.1" 403 787 "-" "Mozilla/5.0 (Windows NT 10.0; Win64; x64) AppleWebKit/537.36 (KHTML, like Gecko) Chrome/120.0.0.0 Safari/537.36"
4.197.162.185 - - [21/Jan/2026:13:08:58 +0300] "GET /wp-admin/js/about.php HTTP/1.1" 404 12248 "-" "Mozilla/5.0 (Windows NT 10.0; Win64; x64) AppleWebKit/537.36 (KHTML, like Gecko) Chrome/120.0.0.0 Safari/537.36"
4.197.162.185 - - [21/Jan/2026:13:09:00 +0300] "GET /wp-admin/network/ HTTP/1.1" 302 0 "-" "Mozilla/5.0 (Windows NT 10.0; Win64; x64) AppleWebKit/537.36 (KHTML, like Gecko) Chrome/120.0.0.0 Safari/537.36"
4.197.162.185 - - [21/Jan/2026:13:09:03 +0300] "GET /wp-includes/customize/ HTTP/1.1" 403 787 "-" "Mozilla/5.0 (Windows NT 10.0; Win64; x64) AppleWebKit/537.36 (KHTML, like Gecko) Chrome/120.0.0.0 Safari/537.36"
4.197.162.185 - - [21/Jan/2026:13:09:03 +0300] "GET /WSO.php HTTP/1.1" 404 12246 "-" "Mozilla/5.0 (Windows NT 10.0; Win64; x64) AppleWebKit/537.36 (KHTML, like Gecko) Chrome/120.0.0.0 Safari/537.36"
4.197.162.185 - - [21/Jan/2026:13:09:06 +0300] "GET /wp-includes/css/ HTTP/1.1" 403 787 "-" "Mozilla/5.0 (Windows NT 10.0; Win64; x64) AppleWebKit/537.36 (KHTML, like Gecko) Chrome/120.0.0.0 Safari/537.36"
4.197.162.185 - - [21/Jan/2026:13:09:06 +0300] "GET /templates/beez3/error.php HTTP/1.1" 404 12246 "-" "Mozilla/5.0 (Windows NT 10.0; Win64; x64) AppleWebKit/537.36 (KHTML, like Gecko) Chrome/120.0.0.0 Safari/537.36"
4.197.162.185 - - [21/Jan/2026:13:09:09 +0300] "GET /wp-admin/css/colors/blue/atomlib.php HTTP/1.1" 404 12246 "-" "Mozilla/5.0 (Windows NT 10.0; Win64; x64) AppleWebKit/537.36 (KHTML, like Gecko) Chrome/120.0.0.0 Safari/537.36"
4.197.162.185 - - [21/Jan/2026:13:09:12 +0300] "GET /wp-includes/ID3/autoload_classmap.php HTTP/1.1" 404 12246 "-" "Mozilla/5.0 (Windows NT 10.0; Win64; x64) AppleWebKit/537.36 (KHTML, like Gecko) Chrome/120.0.0.0 Safari/537.36"
4.197.162.185 - - [21/Jan/2026:13:09:15 +0300] "GET /wp-includes/css/dist/ HTTP/1.1" 403 787 "-" "Mozilla/5.0 (Windows NT 10.0; Win64; x64) AppleWebKit/537.36 (KHTML, like Gecko) Chrome/120.0.0.0 Safari/537.36"
4.197.162.185 - - [21/Jan/2026:13:09:15 +0300] "GET /wp-includes/images/crystal/ HTTP/1.1" 403 787 "-" "Mozilla/5.0 (Windows NT 10.0; Win64; x64) AppleWebKit/537.36 (KHTML, like Gecko) Chrome/120.0.0.0 Safari/537.36"
4.197.162.185 - - [21/Jan/2026:13:09:15 +0300] "GET /wp-admin/css/ HTTP/1.1" 403 787 "-" "Mozilla/5.0 (Windows NT 10.0; Win64; x64) AppleWebKit/537.36 (KHTML, like Gecko) Chrome/120.0.0.0 Safari/537.36"
4.197.162.185 - - [21/Jan/2026:13:09:16 +0300] "GET /wp-admin/wp-conflg.php HTTP/1.1" 404 12246 "-" "Mozilla/5.0 (Windows NT 10.0; Win64; x64) AppleWebKit/537.36 (KHTML, like Gecko) Chrome/120.0.0.0 Safari/537.36"
4.197.162.185 - - [21/Jan/2026:13:09:18 +0300] "GET /wp-includes/ID3/file.php HTTP/1.1" 404 12246 "-" "Mozilla/5.0 (Windows NT 10.0; Win64; x64) AppleWebKit/537.36 (KHTML, like Gecko) Chrome/120.0.0.0 Safari/537.36"
4.197.162.185 - - [21/Jan/2026:13:09:22 +0300] "GET /wp-includes/autoload_classmap.php HTTP/1.1" 404 12246 "-" "Mozilla/5.0 (Windows NT 10.0; Win64; x64) AppleWebKit/537.36 (KHTML, like Gecko) Chrome/120.0.0.0 Safari/537.36"
4.197.162.185 - - [21/Jan/2026:13:09:24 +0300] "GET /admin/uploads/ HTTP/1.1" 404 12246 "-" "Mozilla/5.0 (Windows NT 10.0; Win64; x64) AppleWebKit/537.36 (KHTML, like Gecko) Chrome/120.0.0.0 Safari/537.36"
4.197.162.185 - - [21/Jan/2026:13:09:26 +0300] "GET /wp-content/cong.php HTTP/1.1" 404 12246 "-" "Mozilla/5.0 (Windows NT 10.0; Win64; x64) AppleWebKit/537.36 (KHTML, like Gecko) Chrome/120.0.0.0 Safari/537.36"
4.197.162.185 - - [21/Jan/2026:13:09:29 +0300] "GET /wp-includes/ID3/ HTTP/1.1" 403 787 "-" "Mozilla/5.0 (Windows NT 10.0; Win64; x64) AppleWebKit/537.36 (KHTML, like Gecko) Chrome/120.0.0.0 Safari/537.36"
4.197.162.185 - - [21/Jan/2026:13:09:29 +0300] "GET /wp-includes/images/media/ HTTP/1.1" 403 787 "-" "Mozilla/5.0 (Windows NT 10.0; Win64; x64) AppleWebKit/537.36 (KHTML, like Gecko) Chrome/120.0.0.0 Safari/537.36"
4.197.162.185 - - [21/Jan/2026:13:09:29 +0300] "GET /wp-admin/admin.php HTTP/1.1" 302 0 "-" "Mozilla/5.0 (Windows NT 10.0; Win64; x64) AppleWebKit/537.36 (KHTML, like Gecko) Chrome/120.0.0.0 Safari/537.36"
4.197.162.185 - - [21/Jan/2026:13:09:31 +0300] "GET /wp-content/languages/chosen.php HTTP/1.1" 404 12246 "-" "Mozilla/5.0 (Windows NT 10.0; Win64; x64) AppleWebKit/537.36 (KHTML, like Gecko) Chrome/120.0.0.0 Safari/537.36"
4.197.162.185 - - [21/Jan/2026:13:09:34 +0300] "GET /wp-content/plugins/ HTTP/1.1" 200 0 "-" "Mozilla/5.0 (Windows NT 10.0; Win64; x64) AppleWebKit/537.36 (KHTML, like Gecko) Chrome/120.0.0.0 Safari/537.36"
57.128.52.136 - - [21/Jan/2026:13:09:37 +0300] "POST /wp-cron.php?doing_wp_cron=1768990177.0055630207061767578125 HTTP/1.1" 200 0 "-" "WordPress/6.9; https://eliteewallet.com"
4.197.162.185 - - [21/Jan/2026:13:09:34 +0300] "GET /wp-content/uploads/2024/index.php HTTP/1.1" 301 0 "-" "Mozilla/5.0 (Windows NT 10.0; Win64; x64) AppleWebKit/537.36 (KHTML, like Gecko) Chrome/120.0.0.0 Safari/537.36"
4.197.162.185 - - [21/Jan/2026:13:09:37 +0300] "GET /goods.php HTTP/1.1" 404 12246 "-" "Mozilla/5.0 (Windows NT 10.0; Win64; x64) AppleWebKit/537.36 (KHTML, like Gecko) Chrome/120.0.0.0 Safari/537.36"
4.197.162.185 - - [21/Jan/2026:13:09:41 +0300] "GET /plugins/ HTTP/1.1" 404 12246 "-" "Mozilla/5.0 (Windows NT 10.0; Win64; x64) AppleWebKit/537.36 (KHTML, like Gecko) Chrome/120.0.0.0 Safari/537.36"
4.197.162.185 - - [21/Jan/2026:13:09:44 +0300] "GET /wp-admin/js/widgets/index.php HTTP/1.1" 301 0 "-" "Mozilla/5.0 (Windows NT 10.0; Win64; x64) AppleWebKit/537.36 (KHTML, like Gecko) Chrome/120.0.0.0 Safari/537.36"
4.197.162.185 - - [21/Jan/2026:13:09:46 +0300] "GET /wp-content/themes/wp-pridmag/init.php HTTP/1.1" 404 12246 "-" "Mozilla/5.0 (Windows NT 10.0; Win64; x64) AppleWebKit/537.36 (KHTML, like Gecko) Chrome/120.0.0.0 Safari/537.36"
4.197.162.185 - - [21/Jan/2026:13:09:48 +0300] "GET /cgi-bin/wp-2019.php HTTP/1.1" 404 12248 "-" "Mozilla/5.0 (Windows NT 10.0; Win64; x64) AppleWebKit/537.36 (KHTML, like Gecko) Chrome/120.0.0.0 Safari/537.36"
4.197.162.185 - - [21/Jan/2026:13:09:50 +0300] "GET /wp-admin/setup-config.php HTTP/1.1" 409 1041 "-" "Mozilla/5.0 (Windows NT 10.0; Win64; x64) AppleWebKit/537.36 (KHTML, like Gecko) Chrome/120.0.0.0 Safari/537.36"
4.197.162.185 - - [21/Jan/2026:13:09:51 +0300] "GET /wp-content/file.php HTTP/1.1" 404 12247 "-" "Mozilla/5.0 (Windows NT 10.0; Win64; x64) AppleWebKit/537.36 (KHTML, like Gecko) Chrome/120.0.0.0 Safari/537.36"
4.197.162.185 - - [21/Jan/2026:13:09:54 +0300] "GET /edit.php HTTP/1.1" 404 12246 "-" "Mozilla/5.0 (Windows NT 10.0; Win64; x64) AppleWebKit/537.36 (KHTML, like Gecko) Chrome/120.0.0.0 Safari/537.36"
4.197.162.185 - - [21/Jan/2026:13:09:56 +0300] "GET /file5.php HTTP/1.1" 404 12246 "-" "Mozilla/5.0 (Windows NT 10.0; Win64; x64) AppleWebKit/537.36 (KHTML, like Gecko) Chrome/120.0.0.0 Safari/537.36"
4.197.162.185 - - [21/Jan/2026:13:10:00 +0300] "GET /wp-includes/images/smilies/index.php HTTP/1.1" 301 0 "-" "Mozilla/5.0 (Windows NT 10.0; Win64; x64) AppleWebKit/537.36 (KHTML, like Gecko) Chrome/120.0.0.0 Safari/537.36"
4.197.162.185 - - [21/Jan/2026:13:10:02 +0300] "GET /wp-admin/ HTTP/1.1" 302 0 "-" "Mozilla/5.0 (Windows NT 10.0; Win64; x64) AppleWebKit/537.36 (KHTML, like Gecko) Chrome/120.0.0.0 Safari/537.36"
4.197.162.185 - - [21/Jan/2026:13:10:05 +0300] "GET /wp-includes/ HTTP/1.1" 403 787 "-" "Mozilla/5.0 (Windows NT 10.0; Win64; x64) AppleWebKit/537.36 (KHTML, like Gecko) Chrome/120.0.0.0 Safari/537.36"
4.197.162.185 - - [21/Jan/2026:13:10:06 +0300] "GET /aa.php HTTP/1.1" 404 12246 "-" "Mozilla/5.0 (Windows NT 10.0; Win64; x64) AppleWebKit/537.36 (KHTML, like Gecko) Chrome/120.0.0.0 Safari/537.36"
4.197.162.185 - - [21/Jan/2026:13:10:09 +0300] "GET /wp-admin/css/colors/blue/index.php HTTP/1.1" 301 0 "-" "Mozilla/5.0 (Windows NT 10.0; Win64; x64) AppleWebKit/537.36 (KHTML, like Gecko) Chrome/120.0.0.0 Safari/537.36"
4.197.162.185 - - [21/Jan/2026:13:10:12 +0300] "GET /wp-includes/blocks/ HTTP/1.1" 200 6 "-" "Mozilla/5.0 (Windows NT 10.0; Win64; x64) AppleWebKit/537.36 (KHTML, like Gecko) Chrome/120.0.0.0 Safari/537.36"
4.197.162.185 - - [21/Jan/2026:13:10:12 +0300] "GET /wp-content/index.php HTTP/1.1" 200 0 "-" "Mozilla/5.0 (Windows NT 10.0; Win64; x64) AppleWebKit/537.36 (KHTML, like Gecko) Chrome/120.0.0.0 Safari/537.36"
4.197.162.185 - - [21/Jan/2026:13:10:12 +0300] "GET /wp-content/plugins/seoplugins/index.php HTTP/1.1" 301 0 "-" "Mozilla/5.0 (Windows NT 10.0; Win64; x64) AppleWebKit/537.36 (KHTML, like Gecko) Chrome/120.0.0.0 Safari/537.36"
4.197.162.185 - - [21/Jan/2026:13:10:15 +0300] "GET /.well-known/ HTTP/1.1" 403 787 "-" "Mozilla/5.0 (Windows NT 10.0; Win64; x64) AppleWebKit/537.36 (KHTML, like Gecko) Chrome/120.0.0.0 Safari/537.36"
4.197.162.185 - - [21/Jan/2026:13:10:16 +0300] "GET /modules/file.php HTTP/1.1" 404 12246 "-" "Mozilla/5.0 (Windows NT 10.0; Win64; x64) AppleWebKit/537.36 (KHTML, like Gecko) Chrome/120.0.0.0 Safari/537.36"
4.197.162.185 - - [21/Jan/2026:13:10:19 +0300] "GET /wp-admin/css/colors/coffee/ HTTP/1.1" 403 787 "-" "Mozilla/5.0 (Windows NT 10.0; Win64; x64) AppleWebKit/537.36 (KHTML, like Gecko) Chrome/120.0.0.0 Safari/537.36"
4.197.162.185 - - [21/Jan/2026:13:10:20 +0300] "GET /wp-admin/css/colors/sunrise/ HTTP/1.1" 403 787 "-" "Mozilla/5.0 (Windows NT 10.0; Win64; x64) AppleWebKit/537.36 (KHTML, like Gecko) Chrome/120.0.0.0 Safari/537.36"
4.197.162.185 - - [21/Jan/2026:13:10:20 +0300] "GET /autoload_classmap.php HTTP/1.1" 404 12246 "-" "Mozilla/5.0 (Windows NT 10.0; Win64; x64) AppleWebKit/537.36 (KHTML, like Gecko) Chrome/120.0.0.0 Safari/537.36"
4.197.162.185 - - [21/Jan/2026:13:10:22 +0300] "GET /public/index.php HTTP/1.1" 301 0 "-" "Mozilla/5.0 (Windows NT 10.0; Win64; x64) AppleWebKit/537.36 (KHTML, like Gecko) Chrome/120.0.0.0 Safari/537.36"
4.197.162.185 - - [21/Jan/2026:13:10:27 +0300] "GET /wp-admin/network/index.php HTTP/1.1" 302 0 "-" "Mozilla/5.0 (Windows NT 10.0; Win64; x64) AppleWebKit/537.36 (KHTML, like Gecko) Chrome/120.0.0.0 Safari/537.36"
4.197.162.185 - - [21/Jan/2026:13:10:29 +0300] "GET /wp-content/uploads/2022/ HTTP/1.1" 404 12246 "-" "Mozilla/5.0 (Windows NT 10.0; Win64; x64) AppleWebKit/537.36 (KHTML, like Gecko) Chrome/120.0.0.0 Safari/537.36"
4.197.162.185 - - [21/Jan/2026:13:10:33 +0300] "GET /wp-content/uploads/json.php HTTP/1.1" 404 12249 "-" "Mozilla/5.0 (Windows NT 10.0; Win64; x64) AppleWebKit/537.36 (KHTML, like Gecko) Chrome/120.0.0.0 Safari/537.36"
4.197.162.185 - - [21/Jan/2026:13:10:34 +0300] "GET /wp-includes/SimplePie/ HTTP/1.1" 403 787 "-" "Mozilla/5.0 (Windows NT 10.0; Win64; x64) AppleWebKit/537.36 (KHTML, like Gecko) Chrome/120.0.0.0 Safari/537.36"
57.128.52.136 - - [21/Jan/2026:13:10:38 +0300] "POST /wp-cron.php?doing_wp_cron=1768990238.2957990169525146484375 HTTP/1.1" 200 0 "-" "WordPress/6.9; https://eliteewallet.com"
4.197.162.185 - - [21/Jan/2026:13:10:35 +0300] "GET /wp-includes/customize/chosen.php HTTP/1.1" 404 12248 "-" "Mozilla/5.0 (Windows NT 10.0; Win64; x64) AppleWebKit/537.36 (KHTML, like Gecko) Chrome/120.0.0.0 Safari/537.36"
4.197.162.185 - - [21/Jan/2026:13:10:38 +0300] "GET /wp-includes/shell20211028.php HTTP/1.1" 404 12246 "-" "Mozilla/5.0 (Windows NT 10.0; Win64; x64) AppleWebKit/537.36 (KHTML, like Gecko) Chrome/120.0.0.0 Safari/537.36"
4.197.162.185 - - [21/Jan/2026:13:10:41 +0300] "GET /index/function.php HTTP/1.1" 404 12246 "-" "Mozilla/5.0 (Windows NT 10.0; Win64; x64) AppleWebKit/537.36 (KHTML, like Gecko) Chrome/120.0.0.0 Safari/537.36"
4.197.162.185 - - [21/Jan/2026:13:10:44 +0300] "GET /wp-admin/css/colors/midnight/ HTTP/1.1" 403 787 "-" "Mozilla/5.0 (Windows NT 10.0; Win64; x64) AppleWebKit/537.36 (KHTML, like Gecko) Chrome/120.0.0.0 Safari/537.36"
4.197.162.185 - - [21/Jan/2026:13:10:44 +0300] "GET /wp-content/style-css.php HTTP/1.1" 404 12246 "-" "Mozilla/5.0 (Windows NT 10.0; Win64; x64) AppleWebKit/537.36 (KHTML, like Gecko) Chrome/120.0.0.0 Safari/537.36"
4.197.162.185 - - [21/Jan/2026:13:10:51 +0300] "GET /wp-includes/Requests/ HTTP/1.1" 403 787 "-" "Mozilla/5.0 (Windows NT 10.0; Win64; x64) AppleWebKit/537.36 (KHTML, like Gecko) Chrome/120.0.0.0 Safari/537.36"
4.197.162.185 - - [21/Jan/2026:13:10:51 +0300] "GET /wp-includes/pomo/ HTTP/1.1" 403 787 "-" "Mozilla/5.0 (Windows NT 10.0; Win64; x64) AppleWebKit/537.36 (KHTML, like Gecko) Chrome/120.0.0.0 Safari/537.36"
4.197.162.185 - - [21/Jan/2026:13:10:52 +0300] "GET /file.php HTTP/1.1" 404 12246 "-" "Mozilla/5.0 (Windows NT 10.0; Win64; x64) AppleWebKit/537.36 (KHTML, like Gecko) Chrome/120.0.0.0 Safari/537.36"
4.197.162.185 - - [21/Jan/2026:13:10:55 +0300] "GET /wp-admin/css/colors/light/ HTTP/1.1" 403 787 "-" "Mozilla/5.0 (Windows NT 10.0; Win64; x64) AppleWebKit/537.36 (KHTML, like Gecko) Chrome/120.0.0.0 Safari/537.36"
4.197.162.185 - - [21/Jan/2026:13:10:55 +0300] "GET /wp-includes/certificates/ HTTP/1.1" 403 787 "-" "Mozilla/5.0 (Windows NT 10.0; Win64; x64) AppleWebKit/537.36 (KHTML, like Gecko) Chrome/120.0.0.0 Safari/537.36"
4.197.162.185 - - [21/Jan/2026:13:10:55 +0300] "GET /wp-admin/css/colors/index.php HTTP/1.1" 301 0 "-" "Mozilla/5.0 (Windows NT 10.0; Win64; x64) AppleWebKit/537.36 (KHTML, like Gecko) Chrome/120.0.0.0 Safari/537.36"
4.197.162.185 - - [21/Jan/2026:13:10:59 +0300] "GET /wp-admin/css/colors/blue/about.php HTTP/1.1" 404 12246 "-" "Mozilla/5.0 (Windows NT 10.0; Win64; x64) AppleWebKit/537.36 (KHTML, like Gecko) Chrome/120.0.0.0 Safari/537.36"
4.197.162.185 - - [21/Jan/2026:13:11:02 +0300] "GET /wp-content/alfa.php HTTP/1.1" 404 12246 "-" "Mozilla/5.0 (Windows NT 10.0; Win64; x64) AppleWebKit/537.36 (KHTML, like Gecko) Chrome/120.0.0.0 Safari/537.36"
4.197.162.185 - - [21/Jan/2026:13:11:06 +0300] "GET /inputs.php HTTP/1.1" 404 12248 "-" "Mozilla/5.0 (Windows NT 10.0; Win64; x64) AppleWebKit/537.36 (KHTML, like Gecko) Chrome/120.0.0.0 Safari/537.36"
4.197.162.185 - - [21/Jan/2026:13:11:08 +0300] "GET /wp-admin/js/widgets/cloud.php HTTP/1.1" 404 12246 "-" "Mozilla/5.0 (Windows NT 10.0; Win64; x64) AppleWebKit/537.36 (KHTML, like Gecko) Chrome/120.0.0.0 Safari/537.36"
4.197.162.185 - - [21/Jan/2026:13:11:12 +0300] "GET /wp-content/about.php HTTP/1.1" 404 12248 "-" "Mozilla/5.0 (Windows NT 10.0; Win64; x64) AppleWebKit/537.36 (KHTML, like Gecko) Chrome/120.0.0.0 Safari/537.36"
4.197.162.185 - - [21/Jan/2026:13:11:16 +0300] "GET /1.php HTTP/1.1" 404 12246 "-" "Mozilla/5.0 (Windows NT 10.0; Win64; x64) AppleWebKit/537.36 (KHTML, like Gecko) Chrome/120.0.0.0 Safari/537.36"
4.197.162.185 - - [21/Jan/2026:13:11:19 +0300] "GET /admin/controller/extension/extension/ultra.php HTTP/1.1" 404 12246 "-" "Mozilla/5.0 (Windows NT 10.0; Win64; x64) AppleWebKit/537.36 (KHTML, like Gecko) Chrome/120.0.0.0 Safari/537.36"
4.197.162.185 - - [21/Jan/2026:13:11:21 +0300] "GET /wp-admin/images/index.php HTTP/1.1" 301 0 "-" "Mozilla/5.0 (Windows NT 10.0; Win64; x64) AppleWebKit/537.36 (KHTML, like Gecko) Chrome/120.0.0.0 Safari/537.36"
4.197.162.185 - - [21/Jan/2026:13:11:23 +0300] "GET /wp-includes/block-supports/ HTTP/1.1" 403 787 "-" "Mozilla/5.0 (Windows NT 10.0; Win64; x64) AppleWebKit/537.36 (KHTML, like Gecko) Chrome/120.0.0.0 Safari/537.36"
4.197.162.185 - - [21/Jan/2026:13:11:24 +0300] "GET /wp-content/themes/twentytwenty/404.php HTTP/1.1" 404 12246 "-" "Mozilla/5.0 (Windows NT 10.0; Win64; x64) AppleWebKit/537.36 (KHTML, like Gecko) Chrome/120.0.0.0 Safari/537.36"
4.197.162.185 - - [21/Jan/2026:13:11:27 +0300] "GET /wp-content/upgrade/ HTTP/1.1" 403 787 "-" "Mozilla/5.0 (Windows NT 10.0; Win64; x64) AppleWebKit/537.36 (KHTML, like Gecko) Chrome/120.0.0.0 Safari/537.36"
4.197.162.185 - - [21/Jan/2026:13:11:27 +0300] "GET /wp-admin/images/cloud.php HTTP/1.1" 404 12246 "-" "Mozilla/5.0 (Windows NT 10.0; Win64; x64) AppleWebKit/537.36 (KHTML, like Gecko) Chrome/120.0.0.0 Safari/537.36"
4.197.162.185 - - [21/Jan/2026:13:11:29 +0300] "GET /wp-admin/user/ HTTP/1.1" 302 0 "-" "Mozilla/5.0 (Windows NT 10.0; Win64; x64) AppleWebKit/537.36 (KHTML, like Gecko) Chrome/120.0.0.0 Safari/537.36"
57.128.52.136 - - [21/Jan/2026:13:11:37 +0300] "POST /wp-cron.php?doing_wp_cron=1768990297.2369248867034912109375 HTTP/1.1" 200 0 "-" "WordPress/6.9; https://eliteewallet.com"
4.197.162.185 - - [21/Jan/2026:13:11:33 +0300] "GET /wp-admin/user/chosen.php HTTP/1.1" 404 12248 "-" "Mozilla/5.0 (Windows NT 10.0; Win64; x64) AppleWebKit/537.36 (KHTML, like Gecko) Chrome/120.0.0.0 Safari/537.36"
4.197.162.185 - - [21/Jan/2026:13:11:37 +0300] "GET /wp-content/admin.php HTTP/1.1" 404 12246 "-" "Mozilla/5.0 (Windows NT 10.0; Win64; x64) AppleWebKit/537.36 (KHTML, like Gecko) Chrome/120.0.0.0 Safari/537.36"
57.128.52.136 - - [21/Jan/2026:13:11:32 +0300] "POST /wp-admin/admin-ajax.php?action=as_async_request_queue_runner&nonce=417d41a8d6 HTTP/1.1" 200 0 "-" "WordPress/6.9; https://eliteewallet.com"
4.197.162.185 - - [21/Jan/2026:13:11:42 +0300] "GET /wp-includes/file.php HTTP/1.1" 404 12246 "-" "Mozilla/5.0 (Windows NT 10.0; Win64; x64) AppleWebKit/537.36 (KHTML, like Gecko) Chrome/120.0.0.0 Safari/537.36"
4.197.162.185 - - [21/Jan/2026:13:11:44 +0300] "GET /admin/admin.php HTTP/1.1" 404 12246 "-" "Mozilla/5.0 (Windows NT 10.0; Win64; x64) AppleWebKit/537.36 (KHTML, like Gecko) Chrome/120.0.0.0 Safari/537.36"
4.197.162.185 - - [21/Jan/2026:13:11:47 +0300] "GET /wp-includes/assets/index.php HTTP/1.1" 301 0 "-" "Mozilla/5.0 (Windows NT 10.0; Win64; x64) AppleWebKit/537.36 (KHTML, like Gecko) Chrome/120.0.0.0 Safari/537.36"
4.197.162.185 - - [21/Jan/2026:13:11:52 +0300] "GET /wp-includes/images/smilies/about.php HTTP/1.1" 404 12246 "-" "Mozilla/5.0 (Windows NT 10.0; Win64; x64) AppleWebKit/537.36 (KHTML, like Gecko) Chrome/120.0.0.0 Safari/537.36"
4.197.162.185 - - [21/Jan/2026:13:11:54 +0300] "GET /wp-includes/sitemaps/providers/ HTTP/1.1" 403 787 "-" "Mozilla/5.0 (Windows NT 10.0; Win64; x64) AppleWebKit/537.36 (KHTML, like Gecko) Chrome/120.0.0.0 Safari/537.36"
4.197.162.185 - - [21/Jan/2026:13:11:55 +0300] "GET /wp-content/themes/ HTTP/1.1" 200 0 "-" "Mozilla/5.0 (Windows NT 10.0; Win64; x64) AppleWebKit/537.36 (KHTML, like Gecko) Chrome/120.0.0.0 Safari/537.36"
4.197.162.185 - - [21/Jan/2026:13:11:55 +0300] "GET /wp-includes/block-patterns/ HTTP/1.1" 403 787 "-" "Mozilla/5.0 (Windows NT 10.0; Win64; x64) AppleWebKit/537.36 (KHTML, like Gecko) Chrome/120.0.0.0 Safari/537.36"
4.197.162.185 - - [21/Jan/2026:13:11:55 +0300] "GET /aspera/faspex/ HTTP/1.1" 404 12246 "-" "Mozilla/5.0 (Windows NT 10.0; Win64; x64) AppleWebKit/537.36 (KHTML, like Gecko) Chrome/120.0.0.0 Safari/537.36"
4.197.162.185 - - [21/Jan/2026:13:11:58 +0300] "GET /cgi-bin/ HTTP/1.1" 403 787 "-" "Mozilla/5.0 (Windows NT 10.0; Win64; x64) AppleWebKit/537.36 (KHTML, like Gecko) Chrome/120.0.0.0 Safari/537.36"
4.197.162.185 - - [21/Jan/2026:13:11:59 +0300] "GET /flower.php HTTP/1.1" 404 12246 "-" "Mozilla/5.0 (Windows NT 10.0; Win64; x64) AppleWebKit/537.36 (KHTML, like Gecko) Chrome/120.0.0.0 Safari/537.36"
4.197.162.185 - - [21/Jan/2026:13:12:03 +0300] "GET /wp-admin/js/ HTTP/1.1" 403 787 "-" "Mozilla/5.0 (Windows NT 10.0; Win64; x64) AppleWebKit/537.36 (KHTML, like Gecko) Chrome/120.0.0.0 Safari/537.36"
4.197.162.185 - - [21/Jan/2026:13:12:04 +0300] "GET /.well-known/gecko-litespeed.php HTTP/1.1" 404 12246 "-" "Mozilla/5.0 (Windows NT 10.0; Win64; x64) AppleWebKit/537.36 (KHTML, like Gecko) Chrome/120.0.0.0 Safari/537.36"
4.197.162.185 - - [21/Jan/2026:13:12:09 +0300] "GET /admin/function.php HTTP/1.1" 404 12246 "-" "Mozilla/5.0 (Windows NT 10.0; Win64; x64) AppleWebKit/537.36 (KHTML, like Gecko) Chrome/120.0.0.0 Safari/537.36"
4.197.162.185 - - [21/Jan/2026:13:12:14 +0300] "GET /wp-admin/network/chosen.php HTTP/1.1" 404 12246 "-" "Mozilla/5.0 (Windows NT 10.0; Win64; x64) AppleWebKit/537.36 (KHTML, like Gecko) Chrome/120.0.0.0 Safari/537.36"
4.197.162.185 - - [21/Jan/2026:13:12:20 +0300] "GET /wp-content/plugins/hellopress/wp_filemanager.php HTTP/1.1" 404 12246 "-" "Mozilla/5.0 (Windows NT 10.0; Win64; x64) AppleWebKit/537.36 (KHTML, like Gecko) Chrome/120.0.0.0 Safari/537.36"
4.197.162.185 - - [21/Jan/2026:13:12:22 +0300] "GET /wp-content/uploads/ HTTP/1.1" 403 787 "-" "Mozilla/5.0 (Windows NT 10.0; Win64; x64) AppleWebKit/537.36 (KHTML, like Gecko) Chrome/120.0.0.0 Safari/537.36"
