4.197.162.185 - - [21/Jan/2026:13:12:23 +0300] "GET /wp-includes/assets/admin.php HTTP/1.1" 404 12248 "-" "Mozilla/5.0 (Windows NT 10.0; Win64; x64) AppleWebKit/537.36 (KHTML, like Gecko) Chrome/120.0.0.0 Safari/537.36"
4.197.162.185 - - [21/Jan/2026:13:12:26 +0300] "GET /wp-includes/images/ HTTP/1.1" 403 787 "-" "Mozilla/5.0 (Windows NT 10.0; Win64; x64) AppleWebKit/537.36 (KHTML, like Gecko) Chrome/120.0.0.0 Safari/537.36"
4.197.162.185 - - [21/Jan/2026:13:12:26 +0300] "GET /.well-known/classwithtostring.php HTTP/1.1" 404 12246 "-" "Mozilla/5.0 (Windows NT 10.0; Win64; x64) AppleWebKit/537.36 (KHTML, like Gecko) Chrome/120.0.0.0 Safari/537.36"
4.197.162.185 - - [21/Jan/2026:13:12:29 +0300] "GET /anonse/lock360.php HTTP/1.1" 404 12246 "-" "Mozilla/5.0 (Windows NT 10.0; Win64; x64) AppleWebKit/537.36 (KHTML, like Gecko) Chrome/120.0.0.0 Safari/537.36"
4.197.162.185 - - [21/Jan/2026:13:12:31 +0300] "GET /cgi-bin/wp-login.php HTTP/1.1" 404 12246 "-" "Mozilla/5.0 (Windows NT 10.0; Win64; x64) AppleWebKit/537.36 (KHTML, like Gecko) Chrome/120.0.0.0 Safari/537.36"
57.128.52.136 - - [21/Jan/2026:13:12:37 +0300] "POST /wp-cron.php?doing_wp_cron=1768990357.6800289154052734375000 HTTP/1.1" 200 0 "-" "WordPress/6.9; https://eliteewallet.com"
4.197.162.185 - - [21/Jan/2026:13:12:35 +0300] "GET /wp-admin/css/colors/ectoplasm/wp-login.php HTTP/1.1" 404 12247 "-" "Mozilla/5.0 (Windows NT 10.0; Win64; x64) AppleWebKit/537.36 (KHTML, like Gecko) Chrome/120.0.0.0 Safari/537.36"
4.197.162.185 - - [21/Jan/2026:13:12:38 +0300] "GET /wp-content/themes/about.php HTTP/1.1" 404 12246 "-" "Mozilla/5.0 (Windows NT 10.0; Win64; x64) AppleWebKit/537.36 (KHTML, like Gecko) Chrome/120.0.0.0 Safari/537.36"
4.197.162.185 - - [21/Jan/2026:13:12:40 +0300] "GET /wp-content/uploads/2021/ HTTP/1.1" 404 12246 "-" "Mozilla/5.0 (Windows NT 10.0; Win64; x64) AppleWebKit/537.36 (KHTML, like Gecko) Chrome/120.0.0.0 Safari/537.36"
4.197.162.185 - - [21/Jan/2026:13:12:43 +0300] "GET /wp-includes/html-api/ HTTP/1.1" 403 787 "-" "Mozilla/5.0 (Windows NT 10.0; Win64; x64) AppleWebKit/537.36 (KHTML, like Gecko) Chrome/120.0.0.0 Safari/537.36"
4.197.162.185 - - [21/Jan/2026:13:12:44 +0300] "GET /assets/images/doc.php HTTP/1.1" 404 12246 "-" "Mozilla/5.0 (Windows NT 10.0; Win64; x64) AppleWebKit/537.36 (KHTML, like Gecko) Chrome/120.0.0.0 Safari/537.36"
4.197.162.185 - - [21/Jan/2026:13:12:47 +0300] "GET /ioxi-o.php HTTP/1.1" 404 12246 "-" "Mozilla/5.0 (Windows NT 10.0; Win64; x64) AppleWebKit/537.36 (KHTML, like Gecko) Chrome/120.0.0.0 Safari/537.36"
4.197.162.185 - - [21/Jan/2026:13:12:49 +0300] "GET /radio.php HTTP/1.1" 404 12246 "-" "Mozilla/5.0 (Windows NT 10.0; Win64; x64) AppleWebKit/537.36 (KHTML, like Gecko) Chrome/120.0.0.0 Safari/537.36"
4.197.162.185 - - [21/Jan/2026:13:12:51 +0300] "GET /wp-admin/js/widgets/about.php HTTP/1.1" 404 12246 "-" "Mozilla/5.0 (Windows NT 10.0; Win64; x64) AppleWebKit/537.36 (KHTML, like Gecko) Chrome/120.0.0.0 Safari/537.36"
4.197.162.185 - - [21/Jan/2026:13:12:54 +0300] "GET /wp-admin/includes/cloud.php HTTP/1.1" 404 12246 "-" "Mozilla/5.0 (Windows NT 10.0; Win64; x64) AppleWebKit/537.36 (KHTML, like Gecko) Chrome/120.0.0.0 Safari/537.36"
4.197.162.185 - - [21/Jan/2026:13:12:56 +0300] "GET /wp-admin/includes/index.php HTTP/1.1" 301 0 "-" "Mozilla/5.0 (Windows NT 10.0; Win64; x64) AppleWebKit/537.36 (KHTML, like Gecko) Chrome/120.0.0.0 Safari/537.36"
4.197.162.185 - - [21/Jan/2026:13:12:58 +0300] "GET /wp-admin/js/widgets/ HTTP/1.1" 403 787 "-" "Mozilla/5.0 (Windows NT 10.0; Win64; x64) AppleWebKit/537.36 (KHTML, like Gecko) Chrome/120.0.0.0 Safari/537.36"
4.197.162.185 - - [21/Jan/2026:13:12:58 +0300] "GET /wp-content/ HTTP/1.1" 200 0 "-" "Mozilla/5.0 (Windows NT 10.0; Win64; x64) AppleWebKit/537.36 (KHTML, like Gecko) Chrome/120.0.0.0 Safari/537.36"
4.197.162.185 - - [21/Jan/2026:13:12:58 +0300] "GET /admin.php HTTP/1.1" 404 12248 "-" "Mozilla/5.0 (Windows NT 10.0; Win64; x64) AppleWebKit/537.36 (KHTML, like Gecko) Chrome/120.0.0.0 Safari/537.36"
4.197.162.185 - - [21/Jan/2026:13:13:00 +0300] "GET /functions.php HTTP/1.1" 404 12246 "-" "Mozilla/5.0 (Windows NT 10.0; Win64; x64) AppleWebKit/537.36 (KHTML, like Gecko) Chrome/120.0.0.0 Safari/537.36"
4.197.162.185 - - [21/Jan/2026:13:13:04 +0300] "GET /modules/ HTTP/1.1" 404 12246 "-" "Mozilla/5.0 (Windows NT 10.0; Win64; x64) AppleWebKit/537.36 (KHTML, like Gecko) Chrome/120.0.0.0 Safari/537.36"
4.197.162.185 - - [21/Jan/2026:13:13:06 +0300] "GET /wp-admin/css/colors/ocean/ HTTP/1.1" 403 787 "-" "Mozilla/5.0 (Windows NT 10.0; Win64; x64) AppleWebKit/537.36 (KHTML, like Gecko) Chrome/120.0.0.0 Safari/537.36"
4.197.162.185 - - [21/Jan/2026:13:13:06 +0300] "GET /admin/upload/ HTTP/1.1" 404 12246 "-" "Mozilla/5.0 (Windows NT 10.0; Win64; x64) AppleWebKit/537.36 (KHTML, like Gecko) Chrome/120.0.0.0 Safari/537.36"
4.197.162.185 - - [21/Jan/2026:13:13:09 +0300] "GET /ccx/index.php HTTP/1.1" 301 0 "-" "Mozilla/5.0 (Windows NT 10.0; Win64; x64) AppleWebKit/537.36 (KHTML, like Gecko) Chrome/120.0.0.0 Safari/537.36"
90.156.142.31 - - [21/Jan/2026:13:31:58 +0300] "POST /wp-login.php HTTP/1.1" 200 2358 "-" "Mozilla/5.0 (Windows NT 10.0; Win64; x64; rv:52.0) Gecko/20100101 Firefox/52.0"
57.128.52.136 - - [21/Jan/2026:13:46:33 +0300] "POST /wp-cron.php?doing_wp_cron=1768992393.5166690349578857421875 HTTP/1.1" 200 0 "-" "WordPress/6.9; https://eliteewallet.com"
91.202.4.80 - - [21/Jan/2026:13:51:03 +0300] "GET /wp-themes.php HTTP/1.1" 404 12247 "-" "Mozilla/4.0 (compatible; MSIE 6.0; Windows NT 5.1; SV1)"
27.46.75.5 - - [21/Jan/2026:14:02:02 +0300] "GET /robots.txt HTTP/1.1" 200 111 "-" "Mozilla/5.0 (Windows NT 10.0; WOW64) AppleWebKit/537.36 (KHTML, like Gecko) Chrome/92.0.4162.75 Safari/537.36 QIHU 360SE"
69.171.231.29 - - [21/Jan/2026:14:03:38 +0300] "GET /robots.txt HTTP/2" 200 117 "-" "facebookexternalhit/1.1 (+http://www.facebook.com/externalhit_uatext.php)"
114.5.219.143 - - [21/Jan/2026:14:04:27 +0300] "GET /weekend-loans/embed/ HTTP/1.1" 200 17377 "-" "Mozilla/5.0 (Macintosh; Intel Mac OS X 10_15_7) AppleWebKit/537.36 (KHTML, like Gecko) Chrome/96.0.4664.45 Safari/537.36"
57.128.52.136 - - [21/Jan/2026:14:05:09 +0300] "POST /wp-cron.php?doing_wp_cron=1768993509.4905450344085693359375 HTTP/1.1" 200 0 "-" "WordPress/6.9; https://eliteewallet.com"
57.128.52.136 - - [21/Jan/2026:12:41:29 +0300] "POST /wp-cron.php?doing_wp_cron=1768988488.8939599990844726562500 HTTP/1.1" 200 0 "-" "WordPress/6.9; https://eliteewallet.com"
44.209.89.189 - - [21/Jan/2026:12:50:00 +0300] "GET /services/ HTTP/1.1" 200 13873 "-" "Mozilla/5.0 AppleWebKit/537.36 (KHTML, like Gecko; compatible; Amazonbot/0.1; +https://developer.amazon.com/support/amazonbot) Chrome/119.0.6045.214 Safari/537.36"
106.119.167.146 - - [21/Jan/2026:13:01:11 +0300] "GET / HTTP/1.1" 301 0 "http://www.eliteewallet.com" "Mozilla/5.0 (iPhone; CPU iPhone OS 13_2_3 like Mac OS X) AppleWebKit/605.1.15 (KHTML, like Gecko) Version/13.0.3 Mobile/15E148 Safari/604.1"
57.128.52.136 - - [21/Jan/2026:13:05:38 +0300] "POST /wp-cron.php?doing_wp_cron=1768989938.2665688991546630859375 HTTP/1.1" 200 0 "-" "WordPress/6.9; https://eliteewallet.com"
43.173.179.175 - - [21/Jan/2026:13:05:35 +0300] "GET /ufaq/what-is-your-interest-rate-per-annum/ HTTP/1.1" 200 16148 "-" "Mozilla/5.0 (Windows NT 10.0; Win64; x64) AppleWebKit/537.36 (KHTML, like Gecko) Chrome/108.0.0.0 Safari/537.36"
43.173.173.21 - - [21/Jan/2026:13:05:39 +0300] "GET /wp-includes/js/jquery/jquery-migrate.min.js?ver=3.4.1 HTTP/1.1" 200 4870 "https://eliteewallet.com/ufaq/what-is-your-interest-rate-per-annum/" "Mozilla/5.0 (Windows NT 10.0; Win64; x64) AppleWebKit/537.36 (KHTML, like Gecko) Chrome/108.0.0.0 Safari/537.36"
43.163.23.223 - - [21/Jan/2026:13:05:39 +0300] "GET /wp-content/plugins/elementor/assets/css/frontend.min.css?ver=3.34.2 HTTP/1.1" 200 7229 "https://eliteewallet.com/ufaq/what-is-your-interest-rate-per-annum/" "Mozilla/5.0 (Windows NT 10.0; Win64; x64) AppleWebKit/537.36 (KHTML, like Gecko) Chrome/108.0.0.0 Safari/537.36"
43.173.179.149 - - [21/Jan/2026:13:05:39 +0300] "GET /wp-content/plugins/the-plus-addons-for-elementor-page-builder/includes/user-experience/update-popup/tp-update-plugin-popup.js?ver=6.4.61768989937 HTTP/1.1" 200 898 "https://eliteewallet.com/ufaq/what-is-your-interest-rate-per-annum/" "Mozilla/5.0 (Windows NT 10.0; Win64; x64) AppleWebKit/537.36 (KHTML, like Gecko) Chrome/108.0.0.0 Safari/537.36"
57.128.52.136 - - [21/Jan/2026:13:18:50 +0300] "POST /wp-cron.php?doing_wp_cron=1768990730.4032471179962158203125 HTTP/1.1" 200 0 "-" "WordPress/6.9; https://eliteewallet.com"
209.87.169.97 - - [21/Jan/2026:13:18:48 +0300] "POST /wp-login.php HTTP/1.1" 200 6591 "-" "Mozilla/5.0"
40.67.183.179 - - [21/Jan/2026:13:22:55 +0300] "GET / HTTP/2" 200 31199 "-" "Mozilla/5.0 AppleWebKit/537.36 (KHTML, like Gecko); compatible; ChatGPT-User/1.0; +https://openai.com/bot"
57.128.52.136 - - [21/Jan/2026:13:32:00 +0300] "POST /wp-cron.php?doing_wp_cron=1768991520.1502680778503417968750 HTTP/1.1" 200 0 "-" "WordPress/6.9; https://eliteewallet.com"
88.134.110.36 - - [21/Jan/2026:13:46:26 +0300] "GET /robots.txt HTTP/1.1" 200 117 "-" "Mozilla/5.0 (compatible; MJ12bot/v1.4.8; http://mj12bot.com/)"
88.134.110.36 - - [21/Jan/2026:13:46:37 +0300] "GET / HTTP/1.1" 301 0 "-" "Mozilla/5.0 (compatible; MJ12bot/v1.4.8; http://mj12bot.com/)"
88.134.110.36 - - [21/Jan/2026:13:46:40 +0300] "GET /robots.txt HTTP/1.1" 200 117 "-" "Mozilla/5.0 (compatible; MJ12bot/v1.4.8; http://mj12bot.com/)"
88.134.110.36 - - [21/Jan/2026:13:46:41 +0300] "GET / HTTP/1.1" 200 31199 "-" "Mozilla/5.0 (compatible; MJ12bot/v1.4.8; http://mj12bot.com/)"
57.128.52.136 - - [21/Jan/2026:13:51:06 +0300] "POST /wp-cron.php?doing_wp_cron=1768992666.2314319610595703125000 HTTP/1.1" 200 0 "-" "WordPress/6.9; https://eliteewallet.com"
52.230.163.46 - - [21/Jan/2026:13:58:30 +0300] "GET / HTTP/2" 200 31199 "-" "Mozilla/5.0 AppleWebKit/537.36 (KHTML, like Gecko); compatible; ChatGPT-User/1.0; +https://openai.com/bot"
57.128.52.136 - - [21/Jan/2026:14:04:30 +0300] "POST /wp-cron.php?doing_wp_cron=1768993469.7655160427093505859375 HTTP/1.1" 200 0 "-" "WordPress/6.9; https://eliteewallet.com"
209.87.169.83 - - [21/Jan/2026:14:05:08 +0300] "POST /wp-login.php HTTP/1.1" 200 6591 "-" "Mozilla/5.0"
4.194.34.171 - - [21/Jan/2026:14:37:07 +0300] "GET /aa.php HTTP/1.1" 404 12247 "-" "Mozilla/5.0 (Windows NT 10.0; Win64; x64) AppleWebKit/537.36 (KHTML, like Gecko) Chrome/120.0.0.0 Safari/537.36"
4.194.34.171 - - [21/Jan/2026:14:37:12 +0300] "GET /about.php HTTP/1.1" 404 12247 "-" "Mozilla/5.0 (Windows NT 10.0; Win64; x64) AppleWebKit/537.36 (KHTML, like Gecko) Chrome/120.0.0.0 Safari/537.36"
4.194.34.171 - - [21/Jan/2026:14:37:15 +0300] "GET /adminfuns.php HTTP/1.1" 404 12247 "-" "Mozilla/5.0 (Windows NT 10.0; Win64; x64) AppleWebKit/537.36 (KHTML, like Gecko) Chrome/120.0.0.0 Safari/537.36"
4.194.34.171 - - [21/Jan/2026:14:37:17 +0300] "GET /bolt.php HTTP/1.1" 404 12247 "-" "Mozilla/5.0 (Windows NT 10.0; Win64; x64) AppleWebKit/537.36 (KHTML, like Gecko) Chrome/120.0.0.0 Safari/537.36"
4.194.34.171 - - [21/Jan/2026:14:37:19 +0300] "GET /buy.php HTTP/1.1" 404 12246 "-" "Mozilla/5.0 (Windows NT 10.0; Win64; x64) AppleWebKit/537.36 (KHTML, like Gecko) Chrome/120.0.0.0 Safari/537.36"
4.194.34.171 - - [21/Jan/2026:14:37:21 +0300] "GET /goods.php HTTP/1.1" 404 12247 "-" "Mozilla/5.0 (Windows NT 10.0; Win64; x64) AppleWebKit/537.36 (KHTML, like Gecko) Chrome/120.0.0.0 Safari/537.36"
4.194.34.171 - - [21/Jan/2026:14:37:23 +0300] "GET /deepseek_d.php HTTP/1.1" 404 12247 "-" "Mozilla/5.0 (Windows NT 10.0; Win64; x64) AppleWebKit/537.36 (KHTML, like Gecko) Chrome/120.0.0.0 Safari/537.36"
4.194.34.171 - - [21/Jan/2026:14:37:25 +0300] "GET /file.php HTTP/1.1" 404 12247 "-" "Mozilla/5.0 (Windows NT 10.0; Win64; x64) AppleWebKit/537.36 (KHTML, like Gecko) Chrome/120.0.0.0 Safari/537.36"
4.194.34.171 - - [21/Jan/2026:14:37:28 +0300] "GET /ioxi-o.php HTTP/1.1" 404 12247 "-" "Mozilla/5.0 (Windows NT 10.0; Win64; x64) AppleWebKit/537.36 (KHTML, like Gecko) Chrome/120.0.0.0 Safari/537.36"
4.194.34.171 - - [21/Jan/2026:14:37:30 +0300] "GET /modules/ HTTP/1.1" 404 12246 "-" "Mozilla/5.0 (Windows NT 10.0; Win64; x64) AppleWebKit/537.36 (KHTML, like Gecko) Chrome/120.0.0.0 Safari/537.36"
4.194.34.171 - - [21/Jan/2026:14:37:32 +0300] "GET /test1.php HTTP/1.1" 404 12249 "-" "Mozilla/5.0 (Windows NT 10.0; Win64; x64) AppleWebKit/537.36 (KHTML, like Gecko) Chrome/120.0.0.0 Safari/537.36"
4.194.34.171 - - [21/Jan/2026:14:37:35 +0300] "GET /elp.php HTTP/1.1" 404 12247 "-" "Mozilla/5.0 (Windows NT 10.0; Win64; x64) AppleWebKit/537.36 (KHTML, like Gecko) Chrome/120.0.0.0 Safari/537.36"
4.194.34.171 - - [21/Jan/2026:14:37:38 +0300] "GET /wp-admin/images/ HTTP/1.1" 403 787 "-" "Mozilla/5.0 (Windows NT 10.0; Win64; x64) AppleWebKit/537.36 (KHTML, like Gecko) Chrome/120.0.0.0 Safari/537.36"
4.194.34.171 - - [21/Jan/2026:14:37:38 +0300] "GET /wp-includes/Text/ HTTP/1.1" 403 787 "-" "Mozilla/5.0 (Windows NT 10.0; Win64; x64) AppleWebKit/537.36 (KHTML, like Gecko) Chrome/120.0.0.0 Safari/537.36"
4.194.34.171 - - [21/Jan/2026:14:37:38 +0300] "GET /wp-includes/assets/ HTTP/1.1" 403 787 "-" "Mozilla/5.0 (Windows NT 10.0; Win64; x64) AppleWebKit/537.36 (KHTML, like Gecko) Chrome/120.0.0.0 Safari/537.36"
4.194.34.171 - - [21/Jan/2026:14:37:39 +0300] "GET /xmlrpc.php HTTP/1.1" 403 787 "-" "Mozilla/5.0 (Windows NT 10.0; Win64; x64) AppleWebKit/537.36 (KHTML, like Gecko) Chrome/120.0.0.0 Safari/537.36"
4.194.34.171 - - [21/Jan/2026:14:37:39 +0300] "GET /inputs.php HTTP/1.1" 404 12247 "-" "Mozilla/5.0 (Windows NT 10.0; Win64; x64) AppleWebKit/537.36 (KHTML, like Gecko) Chrome/120.0.0.0 Safari/537.36"
4.194.34.171 - - [21/Jan/2026:14:37:42 +0300] "GET /classsmtps.php HTTP/1.1" 404 12247 "-" "Mozilla/5.0 (Windows NT 10.0; Win64; x64) AppleWebKit/537.36 (KHTML, like Gecko) Chrome/120.0.0.0 Safari/537.36"
4.194.34.171 - - [21/Jan/2026:14:37:44 +0300] "GET /wp-trackback.php HTTP/1.1" 404 91 "-" "Mozilla/5.0 (Windows NT 10.0; Win64; x64) AppleWebKit/537.36 (KHTML, like Gecko) Chrome/120.0.0.0 Safari/537.36"
4.194.34.171 - - [21/Jan/2026:14:37:46 +0300] "GET /wp-cron.php HTTP/1.1" 200 0 "-" "Mozilla/5.0 (Windows NT 10.0; Win64; x64) AppleWebKit/537.36 (KHTML, like Gecko) Chrome/120.0.0.0 Safari/537.36"
4.194.34.171 - - [21/Jan/2026:14:37:46 +0300] "GET /wp-load.php HTTP/1.1" 200 0 "-" "Mozilla/5.0 (Windows NT 10.0; Win64; x64) AppleWebKit/537.36 (KHTML, like Gecko) Chrome/120.0.0.0 Safari/537.36"
4.194.34.171 - - [21/Jan/2026:14:37:49 +0300] "GET /wp-mail.php HTTP/1.1" 403 958 "-" "Mozilla/5.0 (Windows NT 10.0; Win64; x64) AppleWebKit/537.36 (KHTML, like Gecko) Chrome/120.0.0.0 Safari/537.36"
57.128.52.136 - - [21/Jan/2026:14:37:52 +0300] "POST /wp-cron.php?doing_wp_cron=1768995472.6786129474639892578125 HTTP/1.1" 200 0 "-" "WordPress/6.9; https://eliteewallet.com"
4.194.34.171 - - [21/Jan/2026:14:37:51 +0300] "GET /wp-activate.php HTTP/1.1" 302 0 "-" "Mozilla/5.0 (Windows NT 10.0; Win64; x64) AppleWebKit/537.36 (KHTML, like Gecko) Chrome/120.0.0.0 Safari/537.36"
4.194.34.171 - - [21/Jan/2026:14:37:52 +0300] "GET /plugins.php HTTP/1.1" 404 12247 "-" "Mozilla/5.0 (Windows NT 10.0; Win64; x64) AppleWebKit/537.36 (KHTML, like Gecko) Chrome/120.0.0.0 Safari/537.36"
4.194.34.171 - - [21/Jan/2026:14:37:55 +0300] "GET /admin.php HTTP/1.1" 404 12249 "-" "Mozilla/5.0 (Windows NT 10.0; Win64; x64) AppleWebKit/537.36 (KHTML, like Gecko) Chrome/120.0.0.0 Safari/537.36"
4.194.34.171 - - [21/Jan/2026:14:37:57 +0300] "GET /atomlib.php HTTP/1.1" 404 12249 "-" "Mozilla/5.0 (Windows NT 10.0; Win64; x64) AppleWebKit/537.36 (KHTML, like Gecko) Chrome/120.0.0.0 Safari/537.36"
4.194.34.171 - - [21/Jan/2026:14:37:59 +0300] "GET /simple.php HTTP/1.1" 404 12246 "-" "Mozilla/5.0 (Windows NT 10.0; Win64; x64) AppleWebKit/537.36 (KHTML, like Gecko) Chrome/120.0.0.0 Safari/537.36"
4.194.34.171 - - [21/Jan/2026:14:38:02 +0300] "GET /log.php HTTP/1.1" 404 12248 "-" "Mozilla/5.0 (Windows NT 10.0; Win64; x64) AppleWebKit/537.36 (KHTML, like Gecko) Chrome/120.0.0.0 Safari/537.36"
4.194.34.171 - - [21/Jan/2026:14:38:04 +0300] "GET /lufix.php HTTP/1.1" 404 12247 "-" "Mozilla/5.0 (Windows NT 10.0; Win64; x64) AppleWebKit/537.36 (KHTML, like Gecko) Chrome/120.0.0.0 Safari/537.36"
4.194.34.171 - - [21/Jan/2026:14:38:06 +0300] "GET /content.php HTTP/1.1" 404 12247 "-" "Mozilla/5.0 (Windows NT 10.0; Win64; x64) AppleWebKit/537.36 (KHTML, like Gecko) Chrome/120.0.0.0 Safari/537.36"
4.194.34.171 - - [21/Jan/2026:14:38:08 +0300] "GET /wp.php HTTP/1.1" 404 12247 "-" "Mozilla/5.0 (Windows NT 10.0; Win64; x64) AppleWebKit/537.36 (KHTML, like Gecko) Chrome/120.0.0.0 Safari/537.36"
4.194.34.171 - - [21/Jan/2026:14:38:10 +0300] "GET /wp-conflg.php HTTP/1.1" 404 12246 "-" "Mozilla/5.0 (Windows NT 10.0; Win64; x64) AppleWebKit/537.36 (KHTML, like Gecko) Chrome/120.0.0.0 Safari/537.36"
4.194.34.171 - - [21/Jan/2026:14:38:12 +0300] "GET /404.php HTTP/1.1" 404 12247 "-" "Mozilla/5.0 (Windows NT 10.0; Win64; x64) AppleWebKit/537.36 (KHTML, like Gecko) Chrome/120.0.0.0 Safari/537.36"
4.194.34.171 - - [21/Jan/2026:14:38:14 +0300] "GET /updates.php HTTP/1.1" 404 12247 "-" "Mozilla/5.0 (Windows NT 10.0; Win64; x64) AppleWebKit/537.36 (KHTML, like Gecko) Chrome/120.0.0.0 Safari/537.36"
4.194.34.171 - - [21/Jan/2026:14:38:17 +0300] "GET /radio.php HTTP/1.1" 404 12249 "-" "Mozilla/5.0 (Windows NT 10.0; Win64; x64) AppleWebKit/537.36 (KHTML, like Gecko) Chrome/120.0.0.0 Safari/537.36"
4.194.34.171 - - [21/Jan/2026:14:38:20 +0300] "GET /xmrlpc.php HTTP/1.1" 404 12246 "-" "Mozilla/5.0 (Windows NT 10.0; Win64; x64) AppleWebKit/537.36 (KHTML, like Gecko) Chrome/120.0.0.0 Safari/537.36"
4.194.34.171 - - [21/Jan/2026:14:38:22 +0300] "GET /moon.php HTTP/1.1" 404 12247 "-" "Mozilla/5.0 (Windows NT 10.0; Win64; x64) AppleWebKit/537.36 (KHTML, like Gecko) Chrome/120.0.0.0 Safari/537.36"
4.194.34.171 - - [21/Jan/2026:14:38:24 +0300] "GET /blog.php HTTP/1.1" 404 12247 "-" "Mozilla/5.0 (Windows NT 10.0; Win64; x64) AppleWebKit/537.36 (KHTML, like Gecko) Chrome/120.0.0.0 Safari/537.36"
4.194.34.171 - - [21/Jan/2026:14:38:25 +0300] "GET /themes.php HTTP/1.1" 404 12247 "-" "Mozilla/5.0 (Windows NT 10.0; Win64; x64) AppleWebKit/537.36 (KHTML, like Gecko) Chrome/120.0.0.0 Safari/537.36"
198.98.57.217 - - [21/Jan/2026:14:18:04 +0300] "GET /wp-login.php HTTP/1.1" 200 6178 "-" "Mozilla/5.0 (X11; Linux x86_64) AppleWebKit/537.36 (KHTML, like Gecko) Ubuntu Chromium/34.0.1847.116 Chrome/34.0.1847.116 Safari/537.36"
198.98.57.217 - - [21/Jan/2026:14:18:04 +0300] "POST /wp-login.php HTTP/1.1" 200 6609 "-" "Mozilla/5.0 (X11; Linux x86_64) AppleWebKit/537.36 (KHTML, like Gecko) Ubuntu Chromium/34.0.1847.116 Chrome/34.0.1847.116 Safari/537.36"
57.128.52.136 - - [21/Jan/2026:14:21:36 +0300] "POST /wp-cron.php?doing_wp_cron=1768994496.3978080749511718750000 HTTP/1.1" 200 0 "-" "WordPress/6.9; https://eliteewallet.com"
114.119.135.196 - - [21/Jan/2026:14:21:35 +0300] "GET /wp-sitemap-taxonomies-category-1.xml HTTP/1.1" 200 195 "-" "Mozilla/5.0 (Linux; Android 7.0;) AppleWebKit/537.36 (KHTML, like Gecko) Mobile Safari/537.36 (compatible; PetalBot;+https://webmaster.petalsearch.com/site/petalbot)"
57.128.52.136 - - [21/Jan/2026:14:30:39 +0300] "POST /wp-cron.php?doing_wp_cron=1768995039.7762439250946044921875 HTTP/1.1" 200 0 "-" "WordPress/6.9; https://eliteewallet.com"
57.128.52.136 - - [21/Jan/2026:14:18:07 +0300] "POST /wp-cron.php?doing_wp_cron=1768994287.5732131004333496093750 HTTP/1.1" 200 0 "-" "WordPress/6.9; https://eliteewallet.com"
45.157.54.18 - - [21/Jan/2026:14:18:33 +0300] "POST /xmlrpc.php HTTP/2" 403 787 "-" "Mozilla/5.0 (Windows NT 10.0; Win64; x64) AppleWebKit/537.36 (KHTML, like Gecko) Chrome/127.0.0.0 Safari/537.36"
57.128.52.136 - - [21/Jan/2026:14:37:12 +0300] "POST /wp-cron.php?doing_wp_cron=1768995432.4067730903625488281250 HTTP/1.1" 200 0 "-" "WordPress/6.9; https://eliteewallet.com"
57.128.52.136 - - [21/Jan/2026:14:37:58 +0300] "POST /wp-cron.php?doing_wp_cron=1768995478.8321590423583984375000 HTTP/1.1" 200 0 "-" "WordPress/6.9; https://eliteewallet.com"
4.194.34.171 - - [21/Jan/2026:14:38:27 +0300] "GET /ini.php HTTP/1.1" 404 12247 "-" "Mozilla/5.0 (Windows NT 10.0; Win64; x64) AppleWebKit/537.36 (KHTML, like Gecko) Chrome/120.0.0.0 Safari/537.36"
4.194.34.171 - - [21/Jan/2026:14:38:29 +0300] "GET /as.php HTTP/1.1" 404 12246 "-" "Mozilla/5.0 (Windows NT 10.0; Win64; x64) AppleWebKit/537.36 (KHTML, like Gecko) Chrome/120.0.0.0 Safari/537.36"
4.194.34.171 - - [21/Jan/2026:14:38:31 +0300] "GET /ws.php HTTP/1.1" 404 12246 "-" "Mozilla/5.0 (Windows NT 10.0; Win64; x64) AppleWebKit/537.36 (KHTML, like Gecko) Chrome/120.0.0.0 Safari/537.36"
4.194.34.171 - - [21/Jan/2026:14:38:33 +0300] "GET /dropdown.php HTTP/1.1" 404 12247 "-" "Mozilla/5.0 (Windows NT 10.0; Win64; x64) AppleWebKit/537.36 (KHTML, like Gecko) Chrome/120.0.0.0 Safari/537.36"
57.128.52.136 - - [21/Jan/2026:14:38:37 +0300] "POST /wp-cron.php?doing_wp_cron=1768995517.3885200023651123046875 HTTP/1.1" 200 0 "-" "WordPress/6.9; https://eliteewallet.com"
4.194.34.171 - - [21/Jan/2026:14:38:35 +0300] "GET /makeasmtp.php HTTP/1.1" 404 12248 "-" "Mozilla/5.0 (Windows NT 10.0; Win64; x64) AppleWebKit/537.36 (KHTML, like Gecko) Chrome/120.0.0.0 Safari/537.36"
4.194.34.171 - - [21/Jan/2026:14:38:37 +0300] "GET /alfanew.php HTTP/1.1" 404 12248 "-" "Mozilla/5.0 (Windows NT 10.0; Win64; x64) AppleWebKit/537.36 (KHTML, like Gecko) Chrome/120.0.0.0 Safari/537.36"
4.194.34.171 - - [21/Jan/2026:14:38:40 +0300] "GET /fw.php HTTP/1.1" 404 12246 "-" "Mozilla/5.0 (Windows NT 10.0; Win64; x64) AppleWebKit/537.36 (KHTML, like Gecko) Chrome/120.0.0.0 Safari/537.36"
4.194.34.171 - - [21/Jan/2026:14:38:42 +0300] "GET /install.php HTTP/1.1" 404 12248 "-" "Mozilla/5.0 (Windows NT 10.0; Win64; x64) AppleWebKit/537.36 (KHTML, like Gecko) Chrome/120.0.0.0 Safari/537.36"
4.194.34.171 - - [21/Jan/2026:14:38:45 +0300] "GET /chosen.php HTTP/1.1" 404 12247 "-" "Mozilla/5.0 (Windows NT 10.0; Win64; x64) AppleWebKit/537.36 (KHTML, like Gecko) Chrome/120.0.0.0 Safari/537.36"
57.128.52.136 - - [21/Jan/2026:14:51:35 +0300] "POST /wp-cron.php?doing_wp_cron=1768996295.2323660850524902343750 HTTP/1.1" 200 0 "-" "WordPress/6.9; https://eliteewallet.com"
57.128.52.136 - - [21/Jan/2026:14:48:05 +0300] "POST /wp-cron.php?doing_wp_cron=1768996084.6757469177246093750000 HTTP/1.1" 200 0 "-" "WordPress/6.9; https://eliteewallet.com"
114.119.148.60 - - [21/Jan/2026:14:47:56 +0300] "GET /category/uncategorized/ HTTP/1.1" 200 13917 "https://eliteewallet.com/services/" "Mozilla/5.0 (Linux; Android 7.0;) AppleWebKit/537.36 (KHTML, like Gecko) Mobile Safari/537.36 (compatible; PetalBot;+https://webmaster.petalsearch.com/site/petalbot)"
209.87.169.119 - - [21/Jan/2026:14:51:32 +0300] "POST /wp-login.php HTTP/1.1" 200 6591 "-" "Mozilla/5.0"
57.128.52.136 - - [21/Jan/2026:14:52:17 +0300] "POST /wp-cron.php?doing_wp_cron=1768996337.7320919036865234375000 HTTP/1.1" 200 0 "-" "WordPress/6.9; https://eliteewallet.com"
64.111.22.172 - - [21/Jan/2026:14:52:16 +0300] "POST /wp-login.php HTTP/1.1" 200 2361 "-" "Mozilla/5.0 (Windows NT 10.0; Win64; x64; rv:74.0) Gecko/20100101 Firefox/74.0"
20.169.78.200 - - [21/Jan/2026:14:55:42 +0300] "GET / HTTP/2" 200 31199 "-" "Mozilla/5.0 AppleWebKit/537.36 (KHTML, like Gecko); compatible; ChatGPT-User/1.0; +https://openai.com/bot"
57.128.52.136 - - [21/Jan/2026:15:06:00 +0300] "POST /wp-cron.php?doing_wp_cron=1768997159.9728319644927978515625 HTTP/1.1" 200 0 "-" "WordPress/6.9; https://eliteewallet.com"
185.191.171.17 - - [21/Jan/2026:15:05:57 +0300] "GET /ufaq/how-are-you-going-to-pay-me/ HTTP/1.1" 200 16083 "-" "Mozilla/5.0 (compatible; SemrushBot/7~bl; +http://www.semrush.com/bot.html)"
45.3.51.37 - - [21/Jan/2026:15:16:06 +0300] "GET /contact/ HTTP/1.1" 200 16260 "-" "Mozilla/5.0 (Linux x86_64; rv:114.0) Gecko/20100101 Firefox/114.0"
57.128.52.136 - - [21/Jan/2026:15:16:10 +0300] "POST /wp-cron.php?doing_wp_cron=1768997769.5505290031433105468750 HTTP/1.1" 200 0 "-" "WordPress/6.9; https://eliteewallet.com"
45.3.51.37 - - [21/Jan/2026:15:16:07 +0300] "POST /contact/ HTTP/1.1" 200 16418 "https://eliteewallet.com/contact/" "Mozilla/5.0 (Linux x86_64; rv:114.0) Gecko/20100101 Firefox/114.0"
85.208.96.200 - - [21/Jan/2026:15:05:56 +0300] "GET /robots.txt HTTP/1.1" 200 111 "-" "Mozilla/5.0 (compatible; SemrushBot/7~bl; +http://www.semrush.com/bot.html)"
209.87.169.125 - - [21/Jan/2026:15:38:43 +0300] "POST /wp-login.php HTTP/1.1" 200 6591 "-" "Mozilla/5.0"
57.128.52.136 - - [21/Jan/2026:16:02:12 +0300] "POST /wp-cron.php?doing_wp_cron=1769000532.0592598915100097656250 HTTP/1.1" 200 0 "-" "WordPress/6.9; https://eliteewallet.com"
137.74.192.205 - - [21/Jan/2026:16:02:05 +0300] "POST /wp-login.php HTTP/1.1" 200 2360 "-" "Mozilla/5.0 (Windows NT 10.0; Win64; x64; rv:64.0) Gecko/20100101 Firefox/64.0"
103.7.226.91 - - [21/Jan/2026:16:05:56 +0300] "POST /xmlrpc.php HTTP/1.1" 403 787 "-" "Mozilla/5.0 (Windows NT 10.0; Win64; x64) AppleWebKit/537.36 (KHTML, like Gecko) Chrome/130.0.0.0 Safari/537.36 Edg/130.0.2849.52"
103.7.226.91 - - [21/Jan/2026:16:05:57 +0300] "POST /xmlrpc.php HTTP/1.1" 403 787 "-" "Mozilla/5.0 (Windows NT 10.0; Win64; x64) AppleWebKit/537.36 (KHTML, like Gecko) Chrome/130.0.0.0 Safari/537.36 Edg/130.0.2849.52"
43.159.139.59 - - [21/Jan/2026:16:06:08 +0300] "POST /xmlrpc.php HTTP/1.1" 403 787 "-" "Mozilla/5.0 (Windows NT 10.0; Win64; x64; rv:131.0) Gecko/20100101 Firefox/131.0.1"
129.152.12.94 - - [21/Jan/2026:16:06:31 +0300] "POST /xmlrpc.php HTTP/1.1" 403 787 "-" "Mozilla/5.0 (Windows NT 10.0; Win64; x64) AppleWebKit/537.36 (KHTML, like Gecko) Chrome/130.0.6723.91 Safari/537.36"
129.152.12.94 - - [21/Jan/2026:16:06:32 +0300] "POST /xmlrpc.php HTTP/1.1" 403 787 "-" "Mozilla/5.0 (Windows NT 10.0; Win64; x64) AppleWebKit/537.36 (KHTML, like Gecko) Chrome/130.0.6723.91 Safari/537.36"
152.32.235.239 - - [21/Jan/2026:16:06:56 +0300] "POST /xmlrpc.php HTTP/1.1" 403 787 "-" "Mozilla/5.0 (Windows NT 10.0; Win64; x64) AppleWebKit/537.36 (KHTML, like Gecko) Chrome/130.0.6723.40 Safari/537.36"
152.32.235.239 - - [21/Jan/2026:16:06:57 +0300] "POST /xmlrpc.php HTTP/1.1" 403 787 "-" "Mozilla/5.0 (Windows NT 10.0; Win64; x64) AppleWebKit/537.36 (KHTML, like Gecko) Chrome/130.0.6723.40 Safari/537.36"
57.128.52.136 - - [21/Jan/2026:15:38:47 +0300] "POST /wp-cron.php?doing_wp_cron=1768999127.6488730907440185546875 HTTP/1.1" 200 0 "-" "WordPress/6.9; https://eliteewallet.com"
44.207.207.36 - - [21/Jan/2026:15:40:39 +0300] "GET /weekend-loans/ HTTP/1.1" 200 17373 "-" "Mozilla/5.0 AppleWebKit/537.36 (KHTML, like Gecko; compatible; Amazonbot/0.1; +https://developer.amazon.com/support/amazonbot) Chrome/119.0.6045.214 Safari/537.36"
52.205.113.104 - - [21/Jan/2026:15:40:43 +0300] "GET /hello-world/ HTTP/1.1" 200 15568 "-" "Mozilla/5.0 AppleWebKit/537.36 (KHTML, like Gecko; compatible; Amazonbot/0.1; +https://developer.amazon.com/support/amazonbot) Chrome/119.0.6045.214 Safari/537.36"
43.159.139.59 - - [21/Jan/2026:16:06:09 +0300] "POST /xmlrpc.php HTTP/1.1" 403 787 "-" "Mozilla/5.0 (Windows NT 10.0; Win64; x64; rv:131.0) Gecko/20100101 Firefox/131.0.1"
185.187.75.18 - - [21/Jan/2026:16:06:28 +0300] "POST /xmlrpc.php HTTP/1.1" 403 787 "-" "Mozilla/5.0 (Windows NT 10.0; Win64; x64; rv:131.0) Gecko/20100101 Firefox/131.0"
185.187.75.18 - - [21/Jan/2026:16:06:29 +0300] "POST /xmlrpc.php HTTP/1.1" 403 787 "-" "Mozilla/5.0 (Windows NT 10.0; Win64; x64; rv:131.0) Gecko/20100101 Firefox/131.0"
57.128.52.136 - - [21/Jan/2026:16:12:36 +0300] "POST /wp-cron.php?doing_wp_cron=1769001156.6023190021514892578125 HTTP/1.1" 200 0 "-" "WordPress/6.9; https://eliteewallet.com"
40.77.167.78 - - [21/Jan/2026:16:12:35 +0300] "GET /wp-sitemap-posts-page-1.xml HTTP/2" 200 388 "-" "Mozilla/5.0 AppleWebKit/537.36 (KHTML, like Gecko; compatible; bingbot/2.0; +http://www.bing.com/bingbot.htm) Chrome/116.0.1938.76 Safari/537.36"
34.233.49.163 - - [21/Jan/2026:16:41:16 +0300] "GET / HTTP/1.1" 200 31199 "-" "Mozilla/5.0 (Windows NT 10.0; Win64; x64) AppleWebKit/537.36 (KHTML, like Gecko) Chrome/120.0.0.0 Safari/537.36"
45.94.31.129 - - [21/Jan/2026:16:56:59 +0300] "GET / HTTP/1.1" 200 175964 "-" "Mozlila/5.0 (Linux; Android 7.0; SM-G892A Bulid/NRD90M; wv) AppleWebKit/537.36 (KHTML, like Gecko) Version/4.0 Chrome/60.0.3112.107 Moblie Safari/537.36"
45.94.31.129 - - [21/Jan/2026:16:57:07 +0300] "GET /wp-content/plugins/apikey/apikey.php?test=hello HTTP/1.1" 503 807 "-" "Mozlila/5.0 (Linux; Android 7.0; SM-G892A Bulid/NRD90M; wv) AppleWebKit/537.36 (KHTML, like Gecko) Version/4.0 Chrome/60.0.3112.107 Moblie Safari/537.36"
45.94.31.129 - - [21/Jan/2026:16:57:41 +0300] "GET /plugins/content/apismtp/apismtp.php?test=hello HTTP/1.1" 500 2431 "-" "Mozlila/5.0 (Linux; Android 7.0; SM-G892A Bulid/NRD90M; wv) AppleWebKit/537.36 (KHTML, like Gecko) Version/4.0 Chrome/60.0.3112.107 Moblie Safari/537.36"
57.128.52.136 - - [21/Jan/2026:16:57:44 +0300] "POST /wp-cron.php?doing_wp_cron=1769003861.9526588916778564453125 HTTP/1.1" 200 0 "-" "WordPress/6.9; https://eliteewallet.com"
45.94.31.129 - - [21/Jan/2026:16:56:59 +0300] "POST /ALFA_DATA/alfacgiapi/perl.alfa HTTP/1.1" 404 64917 "www.google.com" "Mozlila/5.0 (Linux; Android 7.0; SM-G892A Bulid/NRD90M; wv) AppleWebKit/537.36 (KHTML, like Gecko) Version/4.0 Chrome/60.0.3112.107 Moblie Safari/537.36"
45.94.31.129 - - [21/Jan/2026:16:56:59 +0300] "GET /wp-content/plugins/apikey/apikey.php?test=hello HTTP/1.1" 404 64985 "-" "Mozlila/5.0 (Linux; Android 7.0; SM-G892A Bulid/NRD90M; wv) AppleWebKit/537.36 (KHTML, like Gecko) Version/4.0 Chrome/60.0.3112.107 Moblie Safari/537.36"
45.94.31.129 - - [21/Jan/2026:16:57:16 +0300] "GET /wp-content/plugins/apikey/apikey.php?test=hello HTTP/1.1" 404 64985 "-" "Mozlila/5.0 (Linux; Android 7.0; SM-G892A Bulid/NRD90M; wv) AppleWebKit/537.36 (KHTML, like Gecko) Version/4.0 Chrome/60.0.3112.107 Moblie Safari/537.36"
45.94.31.129 - - [21/Jan/2026:16:57:45 +0300] "POST /alfacgiapi/perl.alfa HTTP/1.1" 404 64917 "www.google.com" "Mozlila/5.0 (Linux; Android 7.0; SM-G892A Bulid/NRD90M; wv) AppleWebKit/537.36 (KHTML, like Gecko) Version/4.0 Chrome/60.0.3112.107 Moblie Safari/537.36"
45.94.31.129 - - [21/Jan/2026:16:57:15 +0300] "GET /wp-content/themes/seotheme/db.php?u HTTP/1.1" 404 64985 "www.google.com" "Mozlila/5.0 (Linux; Android 7.0; SM-G892A Bulid/NRD90M; wv) AppleWebKit/537.36 (KHTML, like Gecko) Version/4.0 Chrome/60.0.3112.107 Moblie Safari/537.36"
45.94.31.129 - - [21/Jan/2026:16:57:24 +0300] "GET /wp-content/plugins/apikey/apikey.php?test=hello HTTP/1.1" 404 64985 "-" "Mozlila/5.0 (Linux; Android 7.0; SM-G892A Bulid/NRD90M; wv) AppleWebKit/537.36 (KHTML, like Gecko) Version/4.0 Chrome/60.0.3112.107 Moblie Safari/537.36"
45.94.31.129 - - [21/Jan/2026:16:57:50 +0300] "GET /wp-content/plugins/apikey/apikey.php.suspected?test=hello HTTP/1.1" 404 64985 "-" "Mozlila/5.0 (Linux; Android 7.0; SM-G892A Bulid/NRD90M; wv) AppleWebKit/537.36 (KHTML, like Gecko) Version/4.0 Chrome/60.0.3112.107 Moblie Safari/537.36"
45.94.31.129 - - [21/Jan/2026:16:57:42 +0300] "GET /wp-content/plugins/apikey/apikey.php.suspected?test=hello HTTP/1.1" 404 64985 "-" "Mozlila/5.0 (Linux; Android 7.0; SM-G892A Bulid/NRD90M; wv) AppleWebKit/537.36 (KHTML, like Gecko) Version/4.0 Chrome/60.0.3112.107 Moblie Safari/537.36"
45.94.31.129 - - [21/Jan/2026:16:58:01 +0300] "GET /wp-content/plugins/apikey/apikey.php.suspected?test=hello HTTP/1.1" 404 64985 "-" "Mozlila/5.0 (Linux; Android 7.0; SM-G892A Bulid/NRD90M; wv) AppleWebKit/537.36 (KHTML, like Gecko) Version/4.0 Chrome/60.0.3112.107 Moblie Safari/537.36"
45.94.31.129 - - [21/Jan/2026:16:58:10 +0300] "GET /wp-content/plugins/apikey/apikey.php.suspected?test=hello HTTP/1.1" 404 64985 "-" "Mozlila/5.0 (Linux; Android 7.0; SM-G892A Bulid/NRD90M; wv) AppleWebKit/537.36 (KHTML, like Gecko) Version/4.0 Chrome/60.0.3112.107 Moblie Safari/537.36"
57.128.52.136 - - [21/Jan/2026:16:27:32 +0300] "POST /wp-cron.php?doing_wp_cron=1769002052.3442659378051757812500 HTTP/1.1" 200 0 "-" "WordPress/6.9; https://eliteewallet.com"
209.87.169.95 - - [21/Jan/2026:16:27:27 +0300] "POST /wp-login.php HTTP/1.1" 200 6591 "-" "Mozilla/5.0"
52.230.164.188 - - [21/Jan/2026:16:51:13 +0300] "GET / HTTP/2" 200 31199 "-" "Mozilla/5.0 AppleWebKit/537.36 (KHTML, like Gecko); compatible; ChatGPT-User/1.0; +https://openai.com/bot"
45.94.31.129 - - [21/Jan/2026:16:57:24 +0300] "GET /wp-content/plugins/fix/up.php HTTP/1.1" 500 2431 "-" "Mozilla/5.0 (Windows NT 10.0; Win64; x64) AppleWebKit/537.36 (KHTML, like Gecko) Chrome/85.0.4183.102 Safari/537.36"
45.94.31.129 - - [21/Jan/2026:16:57:24 +0300] "GET /wp-content/themes/seotheme/db.php?u HTTP/1.1" 500 2431 "www.google.com" "Mozlila/5.0 (Linux; Android 7.0; SM-G892A Bulid/NRD90M; wv) AppleWebKit/537.36 (KHTML, like Gecko) Version/4.0 Chrome/60.0.3112.107 Moblie Safari/537.36"
45.94.31.129 - - [21/Jan/2026:16:57:24 +0300] "GET /wp-content/themes/seotheme/db.php?u HTTP/1.1" 500 2431 "www.google.com" "Mozlila/5.0 (Linux; Android 7.0; SM-G892A Bulid/NRD90M; wv) AppleWebKit/537.36 (KHTML, like Gecko) Version/4.0 Chrome/60.0.3112.107 Moblie Safari/537.36"
45.94.31.129 - - [21/Jan/2026:16:56:59 +0300] "POST /wp-plain.php HTTP/1.1" 404 64917 "www.google.com" "Mozilla/5.0 (Linux; Android 7.0; SM-G892A Bulid/NRD90M; wv) AppleWebKit/537.36 (KHTML, like Gecko) Version/4.0 Chrome/60.0.3112.107 Moblie Safari/537.36"
45.94.31.129 - - [21/Jan/2026:16:56:59 +0300] "GET /wp-content/plugins/fix/up.php HTTP/1.1" 404 64985 "-" "Mozilla/5.0 (Windows NT 10.0; Win64; x64) AppleWebKit/537.36 (KHTML, like Gecko) Chrome/85.0.4183.102 Safari/537.36"
45.94.31.129 - - [21/Jan/2026:16:57:07 +0300] "GET /wp-content/themes/seotheme/db.php?u HTTP/1.1" 404 64985 "www.google.com" "Mozlila/5.0 (Linux; Android 7.0; SM-G892A Bulid/NRD90M; wv) AppleWebKit/537.36 (KHTML, like Gecko) Version/4.0 Chrome/60.0.3112.107 Moblie Safari/537.36"
45.94.31.129 - - [21/Jan/2026:16:56:59 +0300] "GET /wp-content/themes/seotheme/db.php?u HTTP/1.1" 404 64985 "www.google.com" "Mozlila/5.0 (Linux; Android 7.0; SM-G892A Bulid/NRD90M; wv) AppleWebKit/537.36 (KHTML, like Gecko) Version/4.0 Chrome/60.0.3112.107 Moblie Safari/537.36"
45.94.31.129 - - [21/Jan/2026:16:57:15 +0300] "GET /wp-content/plugins/fix/up.php HTTP/1.1" 404 64985 "-" "Mozilla/5.0 (Windows NT 10.0; Win64; x64) AppleWebKit/537.36 (KHTML, like Gecko) Chrome/85.0.4183.102 Safari/537.36"
45.94.31.129 - - [21/Jan/2026:16:57:33 +0300] "GET /wp-content/plugins/apikey/apikey.php?test=hello HTTP/1.1" 404 64985 "-" "Mozlila/5.0 (Linux; Android 7.0; SM-G892A Bulid/NRD90M; wv) AppleWebKit/537.36 (KHTML, like Gecko) Version/4.0 Chrome/60.0.3112.107 Moblie Safari/537.36"
45.94.31.129 - - [21/Jan/2026:16:57:07 +0300] "GET /wp-content/plugins/fix/up.php HTTP/1.1" 404 64985 "-" "Mozilla/5.0 (Windows NT 10.0; Win64; x64) AppleWebKit/537.36 (KHTML, like Gecko) Chrome/85.0.4183.102 Safari/537.36"
45.94.31.129 - - [21/Jan/2026:16:58:19 +0300] "GET /wp-content/plugins/apikey/apikey.php.suspected?test=hello HTTP/1.1" 404 64985 "-" "Mozlila/5.0 (Linux; Android 7.0; SM-G892A Bulid/NRD90M; wv) AppleWebKit/537.36 (KHTML, like Gecko) Version/4.0 Chrome/60.0.3112.107 Moblie Safari/537.36"
45.94.31.129 - - [21/Jan/2026:16:58:19 +0300] "GET /plugins/content/apismtp/apismtp.php.suspected?test=hello HTTP/1.1" 404 64985 "-" "Mozlila/5.0 (Linux; Android 7.0; SM-G892A Bulid/NRD90M; wv) AppleWebKit/537.36 (KHTML, like Gecko) Version/4.0 Chrome/60.0.3112.107 Moblie Safari/537.36"
57.128.52.136 - - [21/Jan/2026:17:12:59 +0300] "POST /wp-cron.php?doing_wp_cron=1769004779.6918621063232421875000 HTTP/1.1" 200 0 "-" "WordPress/6.9; https://eliteewallet.com"
57.128.52.136 - - [21/Jan/2026:17:14:27 +0300] "POST /wp-cron.php?doing_wp_cron=1769004867.6436769962310791015625 HTTP/1.1" 200 0 "-" "WordPress/6.9; https://eliteewallet.com"
57.128.52.136 - - [21/Jan/2026:17:09:48 +0300] "POST /wp-cron.php?doing_wp_cron=1769004587.6640110015869140625000 HTTP/1.1" 200 0 "-" "WordPress/6.9; https://eliteewallet.com"
20.205.60.253 - - [21/Jan/2026:17:09:45 +0300] "GET //wp-content/plugins/fix/up.php HTTP/1.1" 301 0 "-" "Mozilla/5.0 (Windows NT 10.0; Win64; x64) AppleWebKit/537.36 (KHTML, like Gecko) Chrome/85.0.4183.102 Safari/537.36"
20.205.60.253 - - [21/Jan/2026:17:09:48 +0300] "GET /wp-content/plugins/fix/up.php HTTP/1.1" 404 13763 "-" "Mozilla/5.0 (Windows NT 10.0; Win64; x64) AppleWebKit/537.36 (KHTML, like Gecko) Chrome/85.0.4183.102 Safari/537.36"
74.208.92.254 - - [21/Jan/2026:17:12:57 +0300] "POST /wp-login.php HTTP/1.1" 200 2361 "-" "Mozilla/5.0 (Windows NT 10.0; Win64; x64; rv:81.0) Gecko/20100101 Firefox/81.0"
209.87.169.109 - - [21/Jan/2026:17:14:26 +0300] "POST /wp-login.php HTTP/1.1" 200 6591 "-" "Mozilla/5.0"
57.128.52.136 - - [21/Jan/2026:17:19:53 +0300] "POST /wp-admin/admin-ajax.php?action=as_async_request_queue_runner&nonce=1ee81f1e13 HTTP/1.1" 200 0 "-" "WordPress/6.9; https://eliteewallet.com"
57.128.52.136 - - [21/Jan/2026:17:20:13 +0300] "POST /wp-admin/admin-ajax.php?action=as_async_request_queue_runner&nonce=1ee81f1e13 HTTP/1.1" 200 0 "-" "WordPress/6.9; https://eliteewallet.com"
202.8.43.169 - - [21/Jan/2026:17:28:00 +0300] "GET /wp-content/themes/blocksy/static/bundle/forminator.min.css?ver=2.1.25 HTTP/2" 200 1038 "https://eliteewallet.com/" "Mozilla/5.0 (compatible; AhrefsBot/7.0; +http://ahrefs.com/robot/)"
202.8.43.169 - - [21/Jan/2026:17:28:00 +0300] "GET /wp-content/themes/blocksy/static/bundle/page-title.min.css?ver=2.1.25 HTTP/2" 200 415 "https://eliteewallet.com/" "Mozilla/5.0 (compatible; AhrefsBot/7.0; +http://ahrefs.com/robot/)"
202.8.43.169 - - [21/Jan/2026:17:28:00 +0300] "GET /wp-content/themes/blocksy/static/bundle/elementor-frontend.min.css?ver=2.1.25 HTTP/2" 200 308 "https://eliteewallet.com/" "Mozilla/5.0 (compatible; AhrefsBot/7.0; +http://ahrefs.com/robot/)"
202.8.43.169 - - [21/Jan/2026:17:28:00 +0300] "GET /wp-content/plugins/elementor/assets/lib/animations/styles/slideInDown.min.css?ver=3.34.2 HTTP/2" 200 153 "https://eliteewallet.com/" "Mozilla/5.0 (compatible; AhrefsBot/7.0; +http://ahrefs.com/robot/)"
202.8.43.169 - - [21/Jan/2026:17:28:00 +0300] "GET /wp-content/plugins/elementor/assets/lib/animations/styles/fadeInLeft.min.css?ver=3.34.2 HTTP/2" 200 137 "https://eliteewallet.com/" "Mozilla/5.0 (compatible; AhrefsBot/7.0; +http://ahrefs.com/robot/)"
202.8.43.169 - - [21/Jan/2026:17:28:00 +0300] "GET /wp-content/plugins/elementor/assets/lib/animations/styles/fadeInDown.min.css?ver=3.34.2 HTTP/2" 200 137 "https://eliteewallet.com/" "Mozilla/5.0 (compatible; AhrefsBot/7.0; +http://ahrefs.com/robot/)"
202.8.43.169 - - [21/Jan/2026:17:28:00 +0300] "GET /wp-content/plugins/elementor/assets/lib/animations/styles/slideInUp.min.css?ver=3.34.2 HTTP/2" 200 146 "https://eliteewallet.com/" "Mozilla/5.0 (compatible; AhrefsBot/7.0; +http://ahrefs.com/robot/)"
202.8.43.169 - - [21/Jan/2026:17:28:00 +0300] "GET /wp-content/plugins/elementor/assets/lib/animations/styles/slideInLeft.min.css?ver=3.34.2 HTTP/2" 200 153 "https://eliteewallet.com/" "Mozilla/5.0 (compatible; AhrefsBot/7.0; +http://ahrefs.com/robot/)"
202.8.43.169 - - [21/Jan/2026:17:28:00 +0300] "GET /wp-content/uploads/elementor/css/post-81.css?ver=1768966285 HTTP/2" 200 3289 "https://eliteewallet.com/" "Mozilla/5.0 (compatible; AhrefsBot/7.0; +http://ahrefs.com/robot/)"
202.8.43.169 - - [21/Jan/2026:17:28:00 +0300] "GET /wp-content/plugins/elementor/assets/css/widget-counter.min.css?ver=3.34.2 HTTP/2" 200 208 "https://eliteewallet.com/" "Mozilla/5.0 (compatible; AhrefsBot/7.0; +http://ahrefs.com/robot/)"
202.8.43.169 - - [21/Jan/2026:17:28:00 +0300] "GET /wp-content/plugins/elementor/assets/lib/animations/styles/rotateInUpRight.min.css?ver=3.34.2 HTTP/2" 200 116 "https://eliteewallet.com/" "Mozilla/5.0 (compatible; AhrefsBot/7.0; +http://ahrefs.com/robot/)"
202.8.43.169 - - [21/Jan/2026:17:28:00 +0300] "GET /wp-content/plugins/elementor/assets/css/widget-google_maps.min.css?ver=3.34.2 HTTP/2" 200 94 "https://eliteewallet.com/" "Mozilla/5.0 (compatible; AhrefsBot/7.0; +http://ahrefs.com/robot/)"
202.8.43.169 - - [21/Jan/2026:17:28:00 +0300] "GET /wp-content/uploads/elementor/css/post-80.css?ver=1768964685 HTTP/2" 200 449 "https://eliteewallet.com/" "Mozilla/5.0 (compatible; AhrefsBot/7.0; +http://ahrefs.com/robot/)"
202.8.43.169 - - [21/Jan/2026:17:28:00 +0300] "GET /wp-content/uploads/blocksy/css/global.css?ver=33467 HTTP/2" 200 2588 "https://eliteewallet.com/" "Mozilla/5.0 (compatible; AhrefsBot/7.0; +http://ahrefs.com/robot/)"
202.8.43.169 - - [21/Jan/2026:17:28:00 +0300] "GET /wp-content/uploads/theplus-addons/theplus-post-81.min.css?ver=1768966285 HTTP/2" 200 8096 "https://eliteewallet.com/" "Mozilla/5.0 (compatible; AhrefsBot/7.0; +http://ahrefs.com/robot/)"
202.8.43.169 - - [21/Jan/2026:17:28:00 +0300] "GET /wp-content/plugins/elementor/assets/lib/animations/styles/rotateInDownRight.min.css?ver=3.34.2 HTTP/2" 200 113 "https://eliteewallet.com/" "Mozilla/5.0 (compatible; AhrefsBot/7.0; +http://ahrefs.com/robot/)"
202.8.43.169 - - [21/Jan/2026:17:28:00 +0300] "GET /wp-content/plugins/elementor/assets/lib/animations/styles/fadeIn.min.css?ver=3.34.2 HTTP/2" 200 77 "https://eliteewallet.com/" "Mozilla/5.0 (compatible; AhrefsBot/7.0; +http://ahrefs.com/robot/)"
202.8.43.169 - - [21/Jan/2026:17:28:00 +0300] "GET /wp-content/plugins/elementor/assets/css/widget-heading.min.css?ver=3.34.2 HTTP/2" 200 126 "https://eliteewallet.com/" "Mozilla/5.0 (compatible; AhrefsBot/7.0; +http://ahrefs.com/robot/)"
202.8.43.169 - - [21/Jan/2026:17:28:00 +0300] "GET /wp-content/plugins/elementor/assets/css/frontend.min.css?ver=3.34.2 HTTP/2" 200 6575 "https://eliteewallet.com/" "Mozilla/5.0 (compatible; AhrefsBot/7.0; +http://ahrefs.com/robot/)"
202.8.43.169 - - [21/Jan/2026:17:28:00 +0300] "GET /wp-content/plugins/elementor/assets/css/widget-image.min.css?ver=3.34.2 HTTP/2" 200 96 "https://eliteewallet.com/" "Mozilla/5.0 (compatible; AhrefsBot/7.0; +http://ahrefs.com/robot/)"
202.8.43.169 - - [21/Jan/2026:17:28:00 +0300] "GET /wp-content/plugins/elementor/assets/lib/animations/styles/rubberBand.min.css?ver=3.34.2 HTTP/2" 200 121 "https://eliteewallet.com/" "Mozilla/5.0 (compatible; AhrefsBot/7.0; +http://ahrefs.com/robot/)"
202.8.43.169 - - [21/Jan/2026:17:28:00 +0300] "GET /wp-content/plugins/elementor/assets/lib/animations/styles/fadeInUp.min.css?ver=3.34.2 HTTP/2" 200 130 "https://eliteewallet.com/" "Mozilla/5.0 (compatible; AhrefsBot/7.0; +http://ahrefs.com/robot/)"
202.8.43.169 - - [21/Jan/2026:17:28:00 +0300] "GET /wp-content/plugins/elementor/assets/lib/animations/styles/rotateInUpLeft.min.css?ver=3.34.2 HTTP/2" 200 117 "https://eliteewallet.com/" "Mozilla/5.0 (compatible; AhrefsBot/7.0; +http://ahrefs.com/robot/)"
202.8.43.169 - - [21/Jan/2026:17:28:00 +0300] "GET /wp-content/themes/blocksy/static/bundle/main.min.css?ver=2.1.25 HTTP/2" 200 17613 "https://eliteewallet.com/" "Mozilla/5.0 (compatible; AhrefsBot/7.0; +http://ahrefs.com/robot/)"
202.8.43.169 - - [21/Jan/2026:17:28:01 +0300] "GET /wp-content/plugins/elementor/assets/js/webpack.runtime.min.js?ver=3.34.2 HTTP/2" 200 2255 "https://eliteewallet.com/" "Mozilla/5.0 (compatible; AhrefsBot/7.0; +http://ahrefs.com/robot/)"
202.8.43.169 - - [21/Jan/2026:17:28:01 +0300] "GET /wp-content/plugins/elementor/assets/js/frontend-modules.min.js?ver=3.34.2 HTTP/2" 200 24623 "https://eliteewallet.com/" "Mozilla/5.0 (compatible; AhrefsBot/7.0; +http://ahrefs.com/robot/)"
202.8.43.169 - - [21/Jan/2026:17:28:01 +0300] "GET /wp-content/plugins/the-plus-addons-for-elementor-page-builder/includes/user-experience/update-popup/tp-update-plugin-popup.js?ver=6.4.61768966285 HTTP/2" 200 753 "https://eliteewallet.com/" "Mozilla/5.0 (compatible; AhrefsBot/7.0; +http://ahrefs.com/robot/)"
5.189.187.80 - - [21/Jan/2026:17:19:51 +0300] "GET /wp-login.php HTTP/1.1" 200 1976 "https://www.linkedin.com/" "Mozilla/5.0 (Windows NT 10.0; Win64; x64) Gecko/20100101 Firefox/118.0.2"
5.189.187.80 - - [21/Jan/2026:17:19:51 +0300] "GET /wp-login.php HTTP/1.1" 200 1976 "https://www.reddit.com/" "Mozilla/5.0 (Macintosh; Intel Mac OS X 11_7_2) AppleWebKit/605.1.15 (KHTML, like Gecko) Version/17.1 Safari/605.1.15"
57.128.52.136 - - [21/Jan/2026:17:19:54 +0300] "POST /wp-cron.php?doing_wp_cron=1769005194.4097089767456054687500 HTTP/1.1" 200 0 "-" "WordPress/6.9; https://eliteewallet.com"
5.189.187.80 - - [21/Jan/2026:17:19:51 +0300] "GET /wp-admin/ HTTP/1.1" 302 0 "-" "Mozilla/5.0 (X11; Ubuntu; Linux x86_64) AppleWebKit/537.36 (KHTML, like Gecko) Chrome/121.0.6167.85 Safari/537.36"
5.189.187.80 - - [21/Jan/2026:17:19:54 +0300] "GET /wp-login.php?redirect_to=https%3A%2F%2Feliteewallet.com%2Fwp-admin%2F&reauth=1 HTTP/1.1" 200 1978 "-" "Mozilla/5.0 (X11; Ubuntu; Linux x86_64) AppleWebKit/537.36 (KHTML, like Gecko) Chrome/121.0.6167.85 Safari/537.36"
216.24.219.197 - - [21/Jan/2026:17:19:57 +0300] "GET /txets.php HTTP/2" 404 13764 "http://eliteewallet.com/txets.php" "Go-http-client/2.0"
216.24.219.197 - - [21/Jan/2026:17:20:00 +0300] "GET /wp-content/txets.php HTTP/2" 404 13763 "http://eliteewallet.com/wp-content/txets.php" "Go-http-client/2.0"
216.24.219.197 - - [21/Jan/2026:17:20:03 +0300] "GET /wp-admin/txets.php HTTP/2" 404 13764 "http://eliteewallet.com/wp-admin/txets.php" "Go-http-client/2.0"
198.244.242.56 - - [21/Jan/2026:17:28:00 +0300] "GET / HTTP/2" 200 31199 "-" "Mozilla/5.0 (compatible; AhrefsBot/7.0; +http://ahrefs.com/robot/)"
51.195.215.225 - - [21/Jan/2026:17:31:35 +0300] "GET /wp-content/plugins/elementor/assets/css/widget-heading.min.css?ver=3.34.2 HTTP/2" 200 126 "-" "Mozilla/5.0 (compatible; AhrefsBot/7.0; +http://ahrefs.com/robot/)"
198.244.168.106 - - [21/Jan/2026:17:31:36 +0300] "GET /wp-content/plugins/elementor/assets/lib/animations/styles/fadeInDown.min.css?ver=3.34.2 HTTP/2" 200 137 "-" "Mozilla/5.0 (compatible; AhrefsBot/7.0; +http://ahrefs.com/robot/)"
51.195.244.130 - - [21/Jan/2026:17:31:37 +0300] "GET /wp-content/plugins/elementor/assets/lib/animations/styles/rotateInUpRight.min.css?ver=3.34.2 HTTP/2" 200 116 "-" "Mozilla/5.0 (compatible; AhrefsBot/7.0; +http://ahrefs.com/robot/)"
51.89.129.121 - - [21/Jan/2026:17:31:38 +0300] "GET /wp-content/plugins/elementor/assets/lib/animations/styles/fadeInLeft.min.css?ver=3.34.2 HTTP/2" 200 137 "-" "Mozilla/5.0 (compatible; AhrefsBot/7.0; +http://ahrefs.com/robot/)"
51.195.244.228 - - [21/Jan/2026:17:31:40 +0300] "GET /wp-content/plugins/elementor/assets/lib/animations/styles/fadeInUp.min.css?ver=3.34.2 HTTP/2" 200 130 "-" "Mozilla/5.0 (compatible; AhrefsBot/7.0; +http://ahrefs.com/robot/)"
51.195.183.70 - - [21/Jan/2026:17:31:41 +0300] "GET /wp-content/plugins/the-plus-addons-for-elementor-page-builder/includes/user-experience/update-popup/tp-update-plugin-popup.js?ver=6.4.61768966285 HTTP/2" 200 753 "-" "Mozilla/5.0 (compatible; AhrefsBot/7.0; +http://ahrefs.com/robot/)"
54.38.147.196 - - [21/Jan/2026:17:31:43 +0300] "GET /wp-content/uploads/theplus-addons/theplus-post-81.min.css?ver=1768966285 HTTP/2" 200 8096 "-" "Mozilla/5.0 (compatible; AhrefsBot/7.0; +http://ahrefs.com/robot/)"
198.244.242.54 - - [21/Jan/2026:17:31:44 +0300] "GET /wp-content/plugins/elementor/assets/css/widget-counter.min.css?ver=3.34.2 HTTP/2" 200 208 "-" "Mozilla/5.0 (compatible; AhrefsBot/7.0; +http://ahrefs.com/robot/)"
198.244.240.166 - - [21/Jan/2026:17:31:46 +0300] "GET /wp-content/plugins/elementor/assets/css/widget-image.min.css?ver=3.34.2 HTTP/2" 200 96 "-" "Mozilla/5.0 (compatible; AhrefsBot/7.0; +http://ahrefs.com/robot/)"
54.38.147.190 - - [21/Jan/2026:17:31:47 +0300] "GET /wp-content/plugins/elementor/assets/lib/animations/styles/fadeIn.min.css?ver=3.34.2 HTTP/2" 200 77 "-" "Mozilla/5.0 (compatible; AhrefsBot/7.0; +http://ahrefs.com/robot/)"
202.8.43.169 - - [21/Jan/2026:17:28:01 +0300] "GET /wp-content/plugins/smart-slider-3/Public/SmartSlider3/Widget/Arrow/ArrowImage/Assets/dist/w-arrow-image.min.js?ver=c397fa89 HTTP/2" 200 561 "https://eliteewallet.com/" "Mozilla/5.0 (compatible; AhrefsBot/7.0; +http://ahrefs.com/robot/)"
202.8.43.169 - - [21/Jan/2026:17:28:01 +0300] "GET /wp-content/uploads/theplus-addons/theplus-post-81.min.js?ver=1768966285 HTTP/2" 200 27216 "https://eliteewallet.com/" "Mozilla/5.0 (compatible; AhrefsBot/7.0; +http://ahrefs.com/robot/)"
202.8.43.169 - - [21/Jan/2026:17:28:01 +0300] "GET /wp-content/plugins/smart-slider-3/Public/SmartSlider3/Application/Frontend/Assets/dist/smartslider-frontend.min.js?ver=c397fa89 HTTP/2" 200 25970 "https://eliteewallet.com/" "Mozilla/5.0 (compatible; AhrefsBot/7.0; +http://ahrefs.com/robot/)"
202.8.43.169 - - [21/Jan/2026:17:28:01 +0300] "GET /wp-content/plugins/elementor/assets/js/frontend.min.js?ver=3.34.2 HTTP/2" 200 10035 "https://eliteewallet.com/" "Mozilla/5.0 (compatible; AhrefsBot/7.0; +http://ahrefs.com/robot/)"
202.8.43.169 - - [21/Jan/2026:17:28:01 +0300] "GET /wp-content/themes/blocksy/static/bundle/main.js?ver=2.1.25 HTTP/2" 200 9640 "https://eliteewallet.com/" "Mozilla/5.0 (compatible; AhrefsBot/7.0; +http://ahrefs.com/robot/)"
202.8.43.169 - - [21/Jan/2026:17:28:01 +0300] "GET /wp-content/themes/blocksy/static/bundle/907.1390f43c75fed76e2bb4.js HTTP/2" 200 1927 "https://eliteewallet.com/" "Mozilla/5.0 (compatible; AhrefsBot/7.0; +http://ahrefs.com/robot/)"
43.167.232.38 - - [21/Jan/2026:17:29:02 +0300] "GET / HTTP/1.1" 200 35789 "http://eliteewallet.com" "Mozilla/5.0 (iPhone; CPU iPhone OS 13_2_3 like Mac OS X) AppleWebKit/605.1.15 (KHTML, like Gecko) Version/13.0.3 Mobile/15E148 Safari/604.1"
51.195.183.233 - - [21/Jan/2026:17:31:37 +0300] "GET /wp-content/plugins/elementor/assets/css/widget-google_maps.min.css?ver=3.34.2 HTTP/2" 200 94 "-" "Mozilla/5.0 (compatible; AhrefsBot/7.0; +http://ahrefs.com/robot/)"
51.89.129.230 - - [21/Jan/2026:17:31:38 +0300] "GET /wp-content/uploads/elementor/css/post-81.css?ver=1768966285 HTTP/2" 200 3289 "-" "Mozilla/5.0 (compatible; AhrefsBot/7.0; +http://ahrefs.com/robot/)"
