91.98.176.11 - - [20/Jan/2026:06:57:40 +0300] "GET /wp-content/themes/blocksy/static/bundle/page-title.min.css?ver=2.1.25 HTTP/2" 200 415 "https://eliteewallet.com/buy-off-loans/" "Mozilla/5.0 (Windows NT 10.0; Win64; x64) AppleWebKit/537.36 (KHTML, like Gecko) Chrome/131.0.0.0 Safari/537.36"
91.98.176.11 - - [20/Jan/2026:06:57:40 +0300] "GET /wp-content/themes/blocksy/static/bundle/forminator.min.css?ver=2.1.25 HTTP/2" 200 1038 "https://eliteewallet.com/buy-off-loans/" "Mozilla/5.0 (Windows NT 10.0; Win64; x64) AppleWebKit/537.36 (KHTML, like Gecko) Chrome/131.0.0.0 Safari/537.36"
91.98.176.11 - - [20/Jan/2026:06:57:40 +0300] "GET /wp-content/themes/blocksy/static/bundle/elementor-frontend.min.css?ver=2.1.25 HTTP/2" 200 308 "https://eliteewallet.com/buy-off-loans/" "Mozilla/5.0 (Windows NT 10.0; Win64; x64) AppleWebKit/537.36 (KHTML, like Gecko) Chrome/131.0.0.0 Safari/537.36"
91.98.176.11 - - [20/Jan/2026:06:57:40 +0300] "GET /wp-content/plugins/elementor/assets/lib/eicons/css/elementor-icons.min.css?ver=5.34.0 HTTP/2" 200 4025 "https://eliteewallet.com/buy-off-loans/" "Mozilla/5.0 (Windows NT 10.0; Win64; x64) AppleWebKit/537.36 (KHTML, like Gecko) Chrome/131.0.0.0 Safari/537.36"
91.98.176.11 - - [20/Jan/2026:06:57:40 +0300] "GET /wp-content/plugins/elementor/assets/css/widget-icon-list.min.css?ver=3.24.3 HTTP/2" 200 928 "https://eliteewallet.com/buy-off-loans/" "Mozilla/5.0 (Windows NT 10.0; Win64; x64) AppleWebKit/537.36 (KHTML, like Gecko) Chrome/131.0.0.0 Safari/537.36"
91.98.176.11 - - [20/Jan/2026:06:57:40 +0300] "GET /wp-content/plugins/elementor/assets/css/widget-social-icons.min.css?ver=3.24.0 HTTP/2" 200 1039 "https://eliteewallet.com/buy-off-loans/" "Mozilla/5.0 (Windows NT 10.0; Win64; x64) AppleWebKit/537.36 (KHTML, like Gecko) Chrome/131.0.0.0 Safari/537.36"
91.98.176.11 - - [20/Jan/2026:06:57:40 +0300] "GET /wp-content/plugins/elementor/assets/lib/font-awesome/css/brands.css?ver=5.15.3 HTTP/2" 200 296 "https://eliteewallet.com/buy-off-loans/" "Mozilla/5.0 (Windows NT 10.0; Win64; x64) AppleWebKit/537.36 (KHTML, like Gecko) Chrome/131.0.0.0 Safari/537.36"
91.98.176.11 - - [20/Jan/2026:06:57:40 +0300] "GET /wp-content/plugins/elementor/assets/lib/font-awesome/css/solid.css?ver=5.15.3 HTTP/2" 200 296 "https://eliteewallet.com/buy-off-loans/" "Mozilla/5.0 (Windows NT 10.0; Win64; x64) AppleWebKit/537.36 (KHTML, like Gecko) Chrome/131.0.0.0 Safari/537.36"
91.98.176.11 - - [20/Jan/2026:06:57:40 +0300] "GET /wp-content/uploads/elementor/google-fonts/css/tenorsans.css?ver=1742272663 HTTP/2" 200 408 "https://eliteewallet.com/buy-off-loans/" "Mozilla/5.0 (Windows NT 10.0; Win64; x64) AppleWebKit/537.36 (KHTML, like Gecko) Chrome/131.0.0.0 Safari/537.36"
91.98.176.11 - - [20/Jan/2026:06:57:40 +0300] "GET /wp-content/uploads/elementor/google-fonts/css/roboto.css?ver=1742272704 HTTP/2" 200 1875 "https://eliteewallet.com/buy-off-loans/" "Mozilla/5.0 (Windows NT 10.0; Win64; x64) AppleWebKit/537.36 (KHTML, like Gecko) Chrome/131.0.0.0 Safari/537.36"
91.98.176.11 - - [20/Jan/2026:06:57:40 +0300] "GET /wp-includes/js/jquery/jquery-migrate.min.js?ver=3.4.1 HTTP/2" 200 4678 "https://eliteewallet.com/buy-off-loans/" "Mozilla/5.0 (Windows NT 10.0; Win64; x64) AppleWebKit/537.36 (KHTML, like Gecko) Chrome/131.0.0.0 Safari/537.36"
91.98.176.11 - - [20/Jan/2026:06:57:40 +0300] "GET /wp-content/uploads/2024/06/ELITE_WALLET_PNG_LOGO-removebg-preview.png HTTP/2" 200 50664 "https://eliteewallet.com/buy-off-loans/" "Mozilla/5.0 (Windows NT 10.0; Win64; x64) AppleWebKit/537.36 (KHTML, like Gecko) Chrome/131.0.0.0 Safari/537.36"
91.98.176.11 - - [20/Jan/2026:06:57:40 +0300] "GET /wp-content/uploads/2025/09/Get-approved-Celebrity-Credit-can-boost-your-credit-score-and-get-you-approved-for-loans-Find-out-more-by-calling-702998-5252.jpeg HTTP/2" 200 21753 "https://eliteewallet.com/buy-off-loans/" "Mozilla/5.0 (Windows NT 10.0; Win64; x64) AppleWebKit/537.36 (KHTML, like Gecko) Chrome/131.0.0.0 Safari/537.36"
91.98.176.11 - - [20/Jan/2026:06:57:40 +0300] "GET /wp-content/plugins/elementor/assets/js/webpack.runtime.min.js?ver=3.34.1 HTTP/2" 200 2255 "https://eliteewallet.com/buy-off-loans/" "Mozilla/5.0 (Windows NT 10.0; Win64; x64) AppleWebKit/537.36 (KHTML, like Gecko) Chrome/131.0.0.0 Safari/537.36"
91.98.176.11 - - [20/Jan/2026:06:57:40 +0300] "GET /wp-content/plugins/elementor/assets/lib/font-awesome/css/fontawesome.css?ver=5.15.3 HTTP/2" 200 12526 "https://eliteewallet.com/buy-off-loans/" "Mozilla/5.0 (Windows NT 10.0; Win64; x64) AppleWebKit/537.36 (KHTML, like Gecko) Chrome/131.0.0.0 Safari/537.36"
91.98.176.11 - - [20/Jan/2026:06:57:40 +0300] "GET /wp-content/themes/blocksy/static/bundle/main.min.css?ver=2.1.25 HTTP/2" 200 17613 "https://eliteewallet.com/buy-off-loans/" "Mozilla/5.0 (Windows NT 10.0; Win64; x64) AppleWebKit/537.36 (KHTML, like Gecko) Chrome/131.0.0.0 Safari/537.36"
91.98.176.11 - - [20/Jan/2026:06:57:40 +0300] "GET /wp-includes/js/jquery/jquery.min.js?ver=3.7.1 HTTP/2" 200 29744 "https://eliteewallet.com/buy-off-loans/" "Mozilla/5.0 (Windows NT 10.0; Win64; x64) AppleWebKit/537.36 (KHTML, like Gecko) Chrome/131.0.0.0 Safari/537.36"
91.98.176.11 - - [20/Jan/2026:06:57:40 +0300] "GET /wp-content/plugins/elementor/assets/js/frontend-modules.min.js?ver=3.34.1 HTTP/2" 200 24281 "https://eliteewallet.com/buy-off-loans/" "Mozilla/5.0 (Windows NT 10.0; Win64; x64) AppleWebKit/537.36 (KHTML, like Gecko) Chrome/131.0.0.0 Safari/537.36"
91.98.176.11 - - [20/Jan/2026:06:57:40 +0300] "GET /wp-includes/js/jquery/ui/core.min.js?ver=1.13.3 HTTP/2" 200 6812 "https://eliteewallet.com/buy-off-loans/" "Mozilla/5.0 (Windows NT 10.0; Win64; x64) AppleWebKit/537.36 (KHTML, like Gecko) Chrome/131.0.0.0 Safari/537.36"
91.98.176.11 - - [20/Jan/2026:06:57:40 +0300] "GET /wp-content/plugins/elementor/assets/js/frontend.min.js?ver=3.34.1 HTTP/2" 200 10035 "https://eliteewallet.com/buy-off-loans/" "Mozilla/5.0 (Windows NT 10.0; Win64; x64) AppleWebKit/537.36 (KHTML, like Gecko) Chrome/131.0.0.0 Safari/537.36"
91.98.176.11 - - [20/Jan/2026:06:57:40 +0300] "GET /wp-content/uploads/elementor/google-fonts/fonts/tenorsans-bx6anxqunekx06ukixisn3v4cg.woff2 HTTP/2" 200 18588 "https://eliteewallet.com/wp-content/uploads/elementor/google-fonts/css/tenorsans.css?ver=1742272663" "Mozilla/5.0 (Windows NT 10.0; Win64; x64) AppleWebKit/537.36 (KHTML, like Gecko) Chrome/131.0.0.0 Safari/537.36"
91.98.176.11 - - [20/Jan/2026:06:57:40 +0300] "GET /wp-content/plugins/the-plus-addons-for-elementor-page-builder/includes/user-experience/update-popup/tp-update-plugin-popup.js?ver=6.4.61768693954 HTTP/2" 200 753 "https://eliteewallet.com/buy-off-loans/" "Mozilla/5.0 (Windows NT 10.0; Win64; x64) AppleWebKit/537.36 (KHTML, like Gecko) Chrome/131.0.0.0 Safari/537.36"
91.98.176.11 - - [20/Jan/2026:06:57:40 +0300] "GET /wp-content/themes/blocksy/static/bundle/main.js?ver=2.1.25 HTTP/2" 200 9640 "https://eliteewallet.com/buy-off-loans/" "Mozilla/5.0 (Windows NT 10.0; Win64; x64) AppleWebKit/537.36 (KHTML, like Gecko) Chrome/131.0.0.0 Safari/537.36"
91.98.176.11 - - [20/Jan/2026:06:57:40 +0300] "GET /wp-content/themes/blocksy/static/bundle/907.1390f43c75fed76e2bb4.js HTTP/2" 200 1927 "https://eliteewallet.com/buy-off-loans/" "Mozilla/5.0 (Windows NT 10.0; Win64; x64) AppleWebKit/537.36 (KHTML, like Gecko) Chrome/131.0.0.0 Safari/537.36"
91.98.176.11 - - [20/Jan/2026:06:57:40 +0300] "GET /wp-content/themes/blocksy/static/bundle/641.656abb12c469e8c7581a.js HTTP/2" 200 156 "https://eliteewallet.com/buy-off-loans/" "Mozilla/5.0 (Windows NT 10.0; Win64; x64) AppleWebKit/537.36 (KHTML, like Gecko) Chrome/131.0.0.0 Safari/537.36"
91.98.176.11 - - [20/Jan/2026:06:57:41 +0300] "GET /wp-content/plugins/elementor/assets/js/shared-frontend-handlers.03caa53373b56d3bab67.bundle.min.js HTTP/2" 200 2511 "https://eliteewallet.com/buy-off-loans/" "Mozilla/5.0 (Windows NT 10.0; Win64; x64) AppleWebKit/537.36 (KHTML, like Gecko) Chrome/131.0.0.0 Safari/537.36"
91.98.176.11 - - [20/Jan/2026:06:57:41 +0300] "GET /wp-content/plugins/elementor/assets/js/text-editor.45609661e409413f1cef.bundle.min.js HTTP/2" 200 592 "https://eliteewallet.com/buy-off-loans/" "Mozilla/5.0 (Windows NT 10.0; Win64; x64) AppleWebKit/537.36 (KHTML, like Gecko) Chrome/131.0.0.0 Safari/537.36"
91.98.176.11 - - [20/Jan/2026:06:57:41 +0300] "GET /wp-content/uploads/2024/06/cropped-ELITE-WALLET-PNG-LOGO-32x32.png HTTP/2" 200 824 "https://eliteewallet.com/buy-off-loans/" "Mozilla/5.0 (Windows NT 10.0; Win64; x64) AppleWebKit/537.36 (KHTML, like Gecko) Chrome/131.0.0.0 Safari/537.36"
54.146.21.121 - - [20/Jan/2026:06:59:51 +0300] "GET /robots.txt HTTP/1.1" 200 111 "-" "Mozilla/5.0 (Macintosh; Intel Mac OS X 10_15_7) AppleWebKit/537.36 (KHTML, like Gecko) Chrome/108.0.0.0 Safari/537.36"
138.199.136.184 - - [20/Jan/2026:07:02:16 +0300] "GET /check-off-loans/ HTTP/2" 200 16436 "-" "Mozilla/5.0 (Macintosh; Intel Mac OS X 10_15_7) AppleWebKit/537.36 (KHTML, like Gecko) Chrome/131.0.0.0 Safari/537.36"
138.199.136.184 - - [20/Jan/2026:07:02:16 +0300] "GET /wp-content/uploads/blocksy/css/global.css?ver=33467 HTTP/2" 200 2588 "https://eliteewallet.com/check-off-loans/" "Mozilla/5.0 (Macintosh; Intel Mac OS X 10_15_7) AppleWebKit/537.36 (KHTML, like Gecko) Chrome/131.0.0.0 Safari/537.36"
138.199.136.184 - - [20/Jan/2026:07:02:16 +0300] "GET /wp-content/plugins/header-footer-elementor/inc/widgets-css/frontend.css?ver=2.8.1 HTTP/2" 200 8756 "https://eliteewallet.com/check-off-loans/" "Mozilla/5.0 (Macintosh; Intel Mac OS X 10_15_7) AppleWebKit/537.36 (KHTML, like Gecko) Chrome/131.0.0.0 Safari/537.36"
138.199.136.184 - - [20/Jan/2026:07:02:16 +0300] "GET /wp-content/plugins/header-footer-elementor/assets/css/header-footer-elementor.css?ver=2.8.1 HTTP/2" 200 259 "https://eliteewallet.com/check-off-loans/" "Mozilla/5.0 (Macintosh; Intel Mac OS X 10_15_7) AppleWebKit/537.36 (KHTML, like Gecko) Chrome/131.0.0.0 Safari/537.36"
138.199.136.184 - - [20/Jan/2026:07:02:16 +0300] "GET /wp-content/plugins/elementor/assets/css/frontend.min.css?ver=3.34.1 HTTP/2" 200 6584 "https://eliteewallet.com/check-off-loans/" "Mozilla/5.0 (Macintosh; Intel Mac OS X 10_15_7) AppleWebKit/537.36 (KHTML, like Gecko) Chrome/131.0.0.0 Safari/537.36"
138.199.136.184 - - [20/Jan/2026:07:02:16 +0300] "GET /wp-content/uploads/elementor/css/post-80.css?ver=1768616402 HTTP/2" 200 449 "https://eliteewallet.com/check-off-loans/" "Mozilla/5.0 (Macintosh; Intel Mac OS X 10_15_7) AppleWebKit/537.36 (KHTML, like Gecko) Chrome/131.0.0.0 Safari/537.36"
138.199.136.184 - - [20/Jan/2026:07:02:16 +0300] "GET /wp-content/plugins/elementor/assets/css/widget-image.min.css?ver=3.34.1 HTTP/2" 200 96 "https://eliteewallet.com/check-off-loans/" "Mozilla/5.0 (Macintosh; Intel Mac OS X 10_15_7) AppleWebKit/537.36 (KHTML, like Gecko) Chrome/131.0.0.0 Safari/537.36"
138.199.136.184 - - [20/Jan/2026:07:02:16 +0300] "GET /wp-content/plugins/elementor/assets/css/widget-heading.min.css?ver=3.34.1 HTTP/2" 200 126 "https://eliteewallet.com/check-off-loans/" "Mozilla/5.0 (Macintosh; Intel Mac OS X 10_15_7) AppleWebKit/537.36 (KHTML, like Gecko) Chrome/131.0.0.0 Safari/537.36"
138.199.136.184 - - [20/Jan/2026:07:02:16 +0300] "GET /wp-content/plugins/elementor/assets/lib/animations/styles/slideInUp.min.css?ver=3.34.1 HTTP/2" 200 146 "https://eliteewallet.com/check-off-loans/" "Mozilla/5.0 (Macintosh; Intel Mac OS X 10_15_7) AppleWebKit/537.36 (KHTML, like Gecko) Chrome/131.0.0.0 Safari/537.36"
138.199.136.184 - - [20/Jan/2026:07:02:16 +0300] "GET /wp-content/themes/blocksy/static/bundle/main.min.css?ver=2.1.25 HTTP/2" 200 17613 "https://eliteewallet.com/check-off-loans/" "Mozilla/5.0 (Macintosh; Intel Mac OS X 10_15_7) AppleWebKit/537.36 (KHTML, like Gecko) Chrome/131.0.0.0 Safari/537.36"
138.199.136.184 - - [20/Jan/2026:07:02:16 +0300] "GET /wp-content/themes/blocksy/static/bundle/page-title.min.css?ver=2.1.25 HTTP/2" 200 415 "https://eliteewallet.com/check-off-loans/" "Mozilla/5.0 (Macintosh; Intel Mac OS X 10_15_7) AppleWebKit/537.36 (KHTML, like Gecko) Chrome/131.0.0.0 Safari/537.36"
138.199.136.184 - - [20/Jan/2026:07:02:16 +0300] "GET /wp-content/themes/blocksy/static/bundle/forminator.min.css?ver=2.1.25 HTTP/2" 200 1038 "https://eliteewallet.com/check-off-loans/" "Mozilla/5.0 (Macintosh; Intel Mac OS X 10_15_7) AppleWebKit/537.36 (KHTML, like Gecko) Chrome/131.0.0.0 Safari/537.36"
138.199.136.184 - - [20/Jan/2026:07:02:16 +0300] "GET /wp-content/themes/blocksy/static/bundle/elementor-frontend.min.css?ver=2.1.25 HTTP/2" 200 308 "https://eliteewallet.com/check-off-loans/" "Mozilla/5.0 (Macintosh; Intel Mac OS X 10_15_7) AppleWebKit/537.36 (KHTML, like Gecko) Chrome/131.0.0.0 Safari/537.36"
138.199.136.184 - - [20/Jan/2026:07:02:16 +0300] "GET /wp-content/plugins/elementor/assets/lib/eicons/css/elementor-icons.min.css?ver=5.34.0 HTTP/2" 200 4025 "https://eliteewallet.com/check-off-loans/" "Mozilla/5.0 (Macintosh; Intel Mac OS X 10_15_7) AppleWebKit/537.36 (KHTML, like Gecko) Chrome/131.0.0.0 Safari/537.36"
138.199.136.184 - - [20/Jan/2026:07:02:16 +0300] "GET /wp-content/plugins/elementor/assets/css/widget-icon-list.min.css?ver=3.24.3 HTTP/2" 200 928 "https://eliteewallet.com/check-off-loans/" "Mozilla/5.0 (Macintosh; Intel Mac OS X 10_15_7) AppleWebKit/537.36 (KHTML, like Gecko) Chrome/131.0.0.0 Safari/537.36"
138.199.136.184 - - [20/Jan/2026:07:02:16 +0300] "GET /wp-content/plugins/elementor/assets/css/widget-social-icons.min.css?ver=3.24.0 HTTP/2" 200 1039 "https://eliteewallet.com/check-off-loans/" "Mozilla/5.0 (Macintosh; Intel Mac OS X 10_15_7) AppleWebKit/537.36 (KHTML, like Gecko) Chrome/131.0.0.0 Safari/537.36"
138.199.136.184 - - [20/Jan/2026:07:02:16 +0300] "GET /wp-content/plugins/elementor/assets/lib/font-awesome/css/brands.css?ver=5.15.3 HTTP/2" 200 296 "https://eliteewallet.com/check-off-loans/" "Mozilla/5.0 (Macintosh; Intel Mac OS X 10_15_7) AppleWebKit/537.36 (KHTML, like Gecko) Chrome/131.0.0.0 Safari/537.36"
138.199.136.184 - - [20/Jan/2026:07:02:16 +0300] "GET /wp-content/plugins/elementor/assets/lib/font-awesome/css/fontawesome.css?ver=5.15.3 HTTP/2" 200 12526 "https://eliteewallet.com/check-off-loans/" "Mozilla/5.0 (Macintosh; Intel Mac OS X 10_15_7) AppleWebKit/537.36 (KHTML, like Gecko) Chrome/131.0.0.0 Safari/537.36"
138.199.136.184 - - [20/Jan/2026:07:02:16 +0300] "GET /wp-content/plugins/elementor/assets/lib/font-awesome/css/solid.css?ver=5.15.3 HTTP/2" 200 296 "https://eliteewallet.com/check-off-loans/" "Mozilla/5.0 (Macintosh; Intel Mac OS X 10_15_7) AppleWebKit/537.36 (KHTML, like Gecko) Chrome/131.0.0.0 Safari/537.36"
138.199.136.184 - - [20/Jan/2026:07:02:16 +0300] "GET /wp-content/uploads/elementor/google-fonts/css/tenorsans.css?ver=1742272663 HTTP/2" 200 408 "https://eliteewallet.com/check-off-loans/" "Mozilla/5.0 (Macintosh; Intel Mac OS X 10_15_7) AppleWebKit/537.36 (KHTML, like Gecko) Chrome/131.0.0.0 Safari/537.36"
138.199.136.184 - - [20/Jan/2026:07:02:16 +0300] "GET /wp-content/uploads/elementor/google-fonts/css/roboto.css?ver=1742272704 HTTP/2" 200 1875 "https://eliteewallet.com/check-off-loans/" "Mozilla/5.0 (Macintosh; Intel Mac OS X 10_15_7) AppleWebKit/537.36 (KHTML, like Gecko) Chrome/131.0.0.0 Safari/537.36"
138.199.136.184 - - [20/Jan/2026:07:02:16 +0300] "GET /wp-includes/js/jquery/jquery.min.js?ver=3.7.1 HTTP/2" 200 29744 "https://eliteewallet.com/check-off-loans/" "Mozilla/5.0 (Macintosh; Intel Mac OS X 10_15_7) AppleWebKit/537.36 (KHTML, like Gecko) Chrome/131.0.0.0 Safari/537.36"
138.199.136.184 - - [20/Jan/2026:07:02:16 +0300] "GET /wp-content/uploads/elementor/css/post-222.css?ver=1768650515 HTTP/2" 200 427 "https://eliteewallet.com/check-off-loans/" "Mozilla/5.0 (Macintosh; Intel Mac OS X 10_15_7) AppleWebKit/537.36 (KHTML, like Gecko) Chrome/131.0.0.0 Safari/537.36"
138.199.136.184 - - [20/Jan/2026:07:02:16 +0300] "GET /wp-includes/js/jquery/jquery-migrate.min.js?ver=3.4.1 HTTP/2" 200 4678 "https://eliteewallet.com/check-off-loans/" "Mozilla/5.0 (Macintosh; Intel Mac OS X 10_15_7) AppleWebKit/537.36 (KHTML, like Gecko) Chrome/131.0.0.0 Safari/537.36"
138.199.136.184 - - [20/Jan/2026:07:02:16 +0300] "GET /wp-content/uploads/2024/06/ELITE_WALLET_PNG_LOGO-removebg-preview.png HTTP/2" 200 50664 "https://eliteewallet.com/check-off-loans/" "Mozilla/5.0 (Macintosh; Intel Mac OS X 10_15_7) AppleWebKit/537.36 (KHTML, like Gecko) Chrome/131.0.0.0 Safari/537.36"
138.199.136.184 - - [20/Jan/2026:07:02:16 +0300] "GET /wp-content/plugins/elementor/assets/js/webpack.runtime.min.js?ver=3.34.1 HTTP/2" 200 2255 "https://eliteewallet.com/check-off-loans/" "Mozilla/5.0 (Macintosh; Intel Mac OS X 10_15_7) AppleWebKit/537.36 (KHTML, like Gecko) Chrome/131.0.0.0 Safari/537.36"
138.199.136.184 - - [20/Jan/2026:07:02:16 +0300] "GET /wp-content/uploads/2025/09/Financial-Relief-from-Credit-Issues-with-Perfect-Loan-Offer.jpeg HTTP/2" 200 10084 "https://eliteewallet.com/check-off-loans/" "Mozilla/5.0 (Macintosh; Intel Mac OS X 10_15_7) AppleWebKit/537.36 (KHTML, like Gecko) Chrome/131.0.0.0 Safari/537.36"
138.199.136.184 - - [20/Jan/2026:07:02:16 +0300] "GET /wp-content/plugins/elementor/assets/js/frontend-modules.min.js?ver=3.34.1 HTTP/2" 200 24281 "https://eliteewallet.com/check-off-loans/" "Mozilla/5.0 (Macintosh; Intel Mac OS X 10_15_7) AppleWebKit/537.36 (KHTML, like Gecko) Chrome/131.0.0.0 Safari/537.36"
138.199.136.184 - - [20/Jan/2026:07:02:16 +0300] "GET /wp-includes/js/jquery/ui/core.min.js?ver=1.13.3 HTTP/2" 200 6812 "https://eliteewallet.com/check-off-loans/" "Mozilla/5.0 (Macintosh; Intel Mac OS X 10_15_7) AppleWebKit/537.36 (KHTML, like Gecko) Chrome/131.0.0.0 Safari/537.36"
138.199.136.184 - - [20/Jan/2026:07:02:16 +0300] "GET /wp-content/plugins/elementor/assets/js/frontend.min.js?ver=3.34.1 HTTP/2" 200 10035 "https://eliteewallet.com/check-off-loans/" "Mozilla/5.0 (Macintosh; Intel Mac OS X 10_15_7) AppleWebKit/537.36 (KHTML, like Gecko) Chrome/131.0.0.0 Safari/537.36"
138.199.136.184 - - [20/Jan/2026:07:02:16 +0300] "GET /wp-content/plugins/the-plus-addons-for-elementor-page-builder/includes/user-experience/update-popup/tp-update-plugin-popup.js?ver=6.4.61768650515 HTTP/2" 200 753 "https://eliteewallet.com/check-off-loans/" "Mozilla/5.0 (Macintosh; Intel Mac OS X 10_15_7) AppleWebKit/537.36 (KHTML, like Gecko) Chrome/131.0.0.0 Safari/537.36"
138.199.136.184 - - [20/Jan/2026:07:02:16 +0300] "GET /wp-content/themes/blocksy/static/bundle/main.js?ver=2.1.25 HTTP/2" 200 9640 "https://eliteewallet.com/check-off-loans/" "Mozilla/5.0 (Macintosh; Intel Mac OS X 10_15_7) AppleWebKit/537.36 (KHTML, like Gecko) Chrome/131.0.0.0 Safari/537.36"
138.199.136.184 - - [20/Jan/2026:07:02:16 +0300] "GET /wp-content/uploads/elementor/google-fonts/fonts/tenorsans-bx6anxqunekx06ukixisn3v4cg.woff2 HTTP/2" 200 18588 "https://eliteewallet.com/wp-content/uploads/elementor/google-fonts/css/tenorsans.css?ver=1742272663" "Mozilla/5.0 (Macintosh; Intel Mac OS X 10_15_7) AppleWebKit/537.36 (KHTML, like Gecko) Chrome/131.0.0.0 Safari/537.36"
138.199.136.184 - - [20/Jan/2026:07:02:16 +0300] "GET /wp-content/themes/blocksy/static/bundle/907.1390f43c75fed76e2bb4.js HTTP/2" 200 1927 "https://eliteewallet.com/check-off-loans/" "Mozilla/5.0 (Macintosh; Intel Mac OS X 10_15_7) AppleWebKit/537.36 (KHTML, like Gecko) Chrome/131.0.0.0 Safari/537.36"
138.199.136.184 - - [20/Jan/2026:07:02:16 +0300] "GET /wp-content/themes/blocksy/static/bundle/641.656abb12c469e8c7581a.js HTTP/2" 200 156 "https://eliteewallet.com/check-off-loans/" "Mozilla/5.0 (Macintosh; Intel Mac OS X 10_15_7) AppleWebKit/537.36 (KHTML, like Gecko) Chrome/131.0.0.0 Safari/537.36"
138.199.136.184 - - [20/Jan/2026:07:02:16 +0300] "GET /wp-content/plugins/elementor/assets/js/shared-frontend-handlers.03caa53373b56d3bab67.bundle.min.js HTTP/2" 200 2511 "https://eliteewallet.com/check-off-loans/" "Mozilla/5.0 (Macintosh; Intel Mac OS X 10_15_7) AppleWebKit/537.36 (KHTML, like Gecko) Chrome/131.0.0.0 Safari/537.36"
138.199.136.184 - - [20/Jan/2026:07:02:16 +0300] "GET /wp-content/plugins/elementor/assets/js/text-editor.45609661e409413f1cef.bundle.min.js HTTP/2" 200 592 "https://eliteewallet.com/check-off-loans/" "Mozilla/5.0 (Macintosh; Intel Mac OS X 10_15_7) AppleWebKit/537.36 (KHTML, like Gecko) Chrome/131.0.0.0 Safari/537.36"
5.39.1.253 - - [20/Jan/2026:06:37:55 +0300] "GET /car-financing-loan/ HTTP/2" 200 15544 "-" "Mozilla/5.0 (compatible; AhrefsBot/7.0; +http://ahrefs.com/robot/)"
176.31.139.9 - - [20/Jan/2026:06:39:15 +0300] "GET /wp-content/plugins/the-plus-addons-for-elementor-page-builder/includes/user-experience/update-popup/tp-update-plugin-popup.js?ver=6.4.61768691645 HTTP/2" 200 753 "-" "Mozilla/5.0 (compatible; AhrefsBot/7.0; +http://ahrefs.com/robot/)"
176.31.139.3 - - [20/Jan/2026:06:39:15 +0300] "GET /wp-content/uploads/elementor/css/post-224.css?ver=1768691645 HTTP/2" 200 457 "-" "Mozilla/5.0 (compatible; AhrefsBot/7.0; +http://ahrefs.com/robot/)"
54.146.21.121 - - [20/Jan/2026:07:06:19 +0300] "GET / HTTP/1.1" 301 0 "-" "Mozilla/5.0 (Macintosh; Intel Mac OS X 10_15_7) AppleWebKit/537.36 (KHTML, like Gecko) Chrome/108.0.0.0 Safari/537.36"
138.199.136.184 - - [20/Jan/2026:07:02:16 +0300] "GET /wp-content/uploads/2024/06/cropped-ELITE-WALLET-PNG-LOGO-32x32.png HTTP/2" 200 824 "https://eliteewallet.com/check-off-loans/" "Mozilla/5.0 (Macintosh; Intel Mac OS X 10_15_7) AppleWebKit/537.36 (KHTML, like Gecko) Chrome/131.0.0.0 Safari/537.36"
57.128.52.136 - - [20/Jan/2026:07:06:21 +0300] "POST /wp-cron.php?doing_wp_cron=1768881981.1376268863677978515625 HTTP/1.1" 200 0 "-" "WordPress/6.9; https://eliteewallet.com"
54.146.21.121 - - [20/Jan/2026:07:06:21 +0300] "GET / HTTP/1.1" 200 35680 "-" "Mozilla/5.0 (Macintosh; Intel Mac OS X 10_15_7) AppleWebKit/537.36 (KHTML, like Gecko) Chrome/108.0.0.0 Safari/537.36"
205.210.31.33 - - [20/Jan/2026:07:13:13 +0300] "GET / HTTP/1.1" 200 175523 "http://57.128.52.136:80/" "-"
43.173.182.220 - - [20/Jan/2026:07:19:05 +0300] "GET /services/education-loans/ HTTP/1.1" 200 15771 "-" "Mozilla/5.0 (Windows NT 10.0; Win64; x64) AppleWebKit/537.36 (KHTML, like Gecko) Chrome/133.0.0.0 Safari/537.36"
43.173.172.109 - - [20/Jan/2026:07:19:09 +0300] "GET /wp-content/plugins/the-plus-addons-for-elementor-page-builder/includes/user-experience/update-popup/tp-update-plugin-popup.js?ver=6.4.61768660812 HTTP/1.1" 200 898 "https://eliteewallet.com/services/education-loans/" "Mozilla/5.0 (Windows NT 10.0; Win64; x64) AppleWebKit/537.36 (KHTML, like Gecko) Chrome/133.0.0.0 Safari/537.36"
217.15.164.93 - - [20/Jan/2026:07:19:52 +0300] "GET / HTTP/2" 200 35680 "http://eliteewallet.com/" "Go-http-client/2.0"
217.15.164.93 - - [20/Jan/2026:07:19:53 +0300] "GET /wp-includes/css/buttons.css HTTP/2" 200 2489 "http://eliteewallet.com/wp-includes/css/buttons.css" "Go-http-client/2.0"
57.128.52.136 - - [20/Jan/2026:07:22:07 +0300] "POST /wp-cron.php?doing_wp_cron=1768882927.2249879837036132812500 HTTP/1.1" 200 0 "-" "WordPress/6.9; https://eliteewallet.com"
20.215.220.188 - - [20/Jan/2026:07:23:19 +0300] "GET / HTTP/2" 200 31103 "-" "Mozilla/5.0 AppleWebKit/537.36 (KHTML, like Gecko); compatible; ChatGPT-User/1.0; +https://openai.com/bot"
40.77.167.51 - - [20/Jan/2026:07:28:38 +0300] "GET /wp-sitemap-posts-page-1.xml HTTP/2" 200 388 "-" "Mozilla/5.0 AppleWebKit/537.36 (KHTML, like Gecko; compatible; bingbot/2.0; +http://www.bing.com/bingbot.htm) Chrome/116.0.1938.76 Safari/537.36"
57.128.52.136 - - [20/Jan/2026:07:32:25 +0300] "POST /wp-cron.php?doing_wp_cron=1768883545.2586789131164550781250 HTTP/1.1" 200 0 "-" "WordPress/6.9; https://eliteewallet.com"
157.230.98.69 - - [20/Jan/2026:07:32:24 +0300] "POST /wp-login.php HTTP/1.1" 200 2361 "-" "Mozilla/5.0 (Windows NT 10.0; Win64; x64; rv:52.0) Gecko/20100101 Firefox/52.0"
159.203.166.124 - - [20/Jan/2026:07:41:40 +0300] "POST /wp-login.php HTTP/1.1" 200 6591 "-" "Mozilla/5.0"
18.199.241.34 - - [20/Jan/2026:07:45:34 +0300] "POST / HTTP/1.1" 200 35737 "-" "Python/3.11 aiohttp/3.13.3"
57.128.52.136 - - [20/Jan/2026:07:53:07 +0300] "POST /wp-cron.php?doing_wp_cron=1768884787.6281790733337402343750 HTTP/1.1" 200 0 "-" "WordPress/6.9; https://eliteewallet.com"
216.24.210.111 - - [20/Jan/2026:08:07:42 +0300] "POST /wp-login.php HTTP/1.1" 200 6591 "-" "Mozilla/5.0"
57.128.52.136 - - [20/Jan/2026:08:11:54 +0300] "POST /wp-cron.php?doing_wp_cron=1768885914.2539598941802978515625 HTTP/1.1" 200 0 "-" "WordPress/6.9; https://eliteewallet.com"
198.244.168.39 - - [20/Jan/2026:08:11:53 +0300] "GET /category/uncategorized/feed/ HTTP/2" 200 849 "-" "Mozilla/5.0 (compatible; AhrefsBot/7.0; +http://ahrefs.com/robot/)"
162.120.184.4 - - [20/Jan/2026:08:22:55 +0300] "GET / HTTP/2" 200 31103 "https://www.google.com/" "Mozilla/5.0 (Linux; Android 10; K) AppleWebKit/537.36 (KHTML, like Gecko) Chrome/143.0.0.0 Mobile Safari/537.36"
43.173.181.72 - - [20/Jan/2026:08:32:30 +0300] "GET /services/logbook-loans/ HTTP/1.1" 200 17122 "-" "Mozilla/5.0 (Windows NT 10.0; Win64; x64) AppleWebKit/537.36 (KHTML, like Gecko) Chrome/133.0.0.0 Safari/537.36"
57.128.52.136 - - [20/Jan/2026:08:35:09 +0300] "POST /wp-cron.php?doing_wp_cron=1768887309.9523909091949462890625 HTTP/1.1" 200 0 "-" "WordPress/6.9; https://eliteewallet.com"
148.113.212.65 - - [20/Jan/2026:08:35:07 +0300] "POST /wp-login.php HTTP/1.1" 200 2360 "-" "Mozilla/5.0 (Windows NT 10.0; Win64; x64; rv:92.0) Gecko/20100101 Firefox/92.0"
94.26.106.114 - - [20/Jan/2026:08:35:52 +0300] "GET /wp-login.php HTTP/1.1" 200 1975 "https://duckduckgo.com/" "Mozilla/5.0 (Macintosh; Intel Mac OS X 13_6_1; rv:120.0) Gecko/20100101 Firefox/120.0"
94.26.106.114 - - [20/Jan/2026:08:35:54 +0300] "GET /wp-login.php HTTP/1.1" 200 1975 "https://www.google.com/" "Mozilla/5.0 (X11; Ubuntu; Linux x86_64) AppleWebKit/537.36 (KHTML, like Gecko) Chrome/118.0.0.0 Safari/537.36"
94.26.106.114 - - [20/Jan/2026:08:35:54 +0300] "GET /wp-admin/ HTTP/1.1" 302 0 "https://t.co/" "Mozilla/5.0 (Windows NT 10.0; Win64; x64; rv:118.0) Gecko/20100101 Firefox/118.0"
43.173.177.20 - - [20/Jan/2026:07:19:08 +0300] "GET /wp-content/uploads/elementor/css/post-18.css?ver=1768660812 HTTP/1.1" 200 215 "https://eliteewallet.com/services/education-loans/" "Mozilla/5.0 (Windows NT 10.0; Win64; x64) AppleWebKit/537.36 (KHTML, like Gecko) Chrome/133.0.0.0 Safari/537.36"
216.24.210.96 - - [20/Jan/2026:07:22:04 +0300] "POST /wp-login.php HTTP/1.1" 200 6591 "-" "Mozilla/5.0"
49.47.217.208 - - [20/Jan/2026:07:30:27 +0300] "GET /wp-content/uploads/2024/06/ELITE_WALLET_PNG_LOGO-removebg-preview.png HTTP/2" 200 50664 "https://www.google.com/" "Mozilla/5.0 (iPad; CPU OS 26_2_0 like Mac OS X) AppleWebKit/605.1.15 (KHTML, like Gecko) CriOS/144.0.7559.85 Mobile/15E148 Safari/604.1"
57.128.52.136 - - [20/Jan/2026:07:41:40 +0300] "POST /wp-cron.php?doing_wp_cron=1768884100.7915740013122558593750 HTTP/1.1" 200 0 "-" "WordPress/6.9; https://eliteewallet.com"
57.128.52.136 - - [20/Jan/2026:07:45:36 +0300] "POST /wp-cron.php?doing_wp_cron=1768884336.2133479118347167968750 HTTP/1.1" 200 0 "-" "WordPress/6.9; https://eliteewallet.com"
64.225.13.21 - - [20/Jan/2026:07:53:06 +0300] "POST /wp-login.php HTTP/1.1" 200 6591 "-" "Mozilla/5.0"
57.128.52.136 - - [20/Jan/2026:08:07:45 +0300] "POST /wp-cron.php?doing_wp_cron=1768885664.9348950386047363281250 HTTP/1.1" 200 0 "-" "WordPress/6.9; https://eliteewallet.com"
142.44.233.78 - - [20/Jan/2026:08:11:50 +0300] "GET /robots.txt HTTP/2" 200 96 "-" "Mozilla/5.0 (compatible; AhrefsBot/7.0; +http://ahrefs.com/robot/)"
57.128.52.136 - - [20/Jan/2026:08:22:56 +0300] "POST /wp-cron.php?doing_wp_cron=1768886576.3490779399871826171875 HTTP/1.1" 200 0 "-" "WordPress/6.9; https://eliteewallet.com"
64.233.173.194 - - [20/Jan/2026:08:22:55 +0300] "GET /.well-known/traffic-advice HTTP/1.1" 404 13770 "-" "Chrome Privacy Preserving Prefetch Proxy"
43.173.181.211 - - [20/Jan/2026:08:32:30 +0300] "GET /wp-content/uploads/elementor/css/post-16.css?ver=1768660814 HTTP/1.1" 200 458 "https://eliteewallet.com/services/logbook-loans/" "Mozilla/5.0 (Windows NT 10.0; Win64; x64) AppleWebKit/537.36 (KHTML, like Gecko) Chrome/133.0.0.0 Safari/537.36"
43.173.178.151 - - [20/Jan/2026:08:32:31 +0300] "GET /wp-content/plugins/the-plus-addons-for-elementor-page-builder/includes/user-experience/update-popup/tp-update-plugin-popup.js?ver=6.4.61768660814 HTTP/1.1" 200 898 "https://eliteewallet.com/services/logbook-loans/" "Mozilla/5.0 (Windows NT 10.0; Win64; x64) AppleWebKit/537.36 (KHTML, like Gecko) Chrome/133.0.0.0 Safari/537.36"
57.128.52.136 - - [20/Jan/2026:08:35:55 +0300] "POST /wp-cron.php?doing_wp_cron=1768887355.8409860134124755859375 HTTP/1.1" 200 0 "-" "WordPress/6.9; https://eliteewallet.com"
159.203.166.124 - - [20/Jan/2026:08:54:35 +0300] "POST /wp-login.php HTTP/1.1" 200 6591 "-" "Mozilla/5.0"
47.128.55.93 - - [20/Jan/2026:09:01:55 +0300] "GET /robots.txt HTTP/1.1" 200 111 "-" "Mozilla/5.0 (Linux; Android 5.0) AppleWebKit/537.36 (KHTML, like Gecko) Mobile Safari/537.36 (compatible; Bytespider; spider-feedback@bytedance.com)"
94.26.106.114 - - [20/Jan/2026:08:35:55 +0300] "GET /wp-login.php?redirect_to=https%3A%2F%2Feliteewallet.com%2Fwp-admin%2F&reauth=1 HTTP/1.1" 200 1977 "https://t.co/" "Mozilla/5.0 (Windows NT 10.0; Win64; x64; rv:118.0) Gecko/20100101 Firefox/118.0"
57.128.52.136 - - [20/Jan/2026:08:51:57 +0300] "POST /wp-cron.php?doing_wp_cron=1768888317.4261319637298583984375 HTTP/1.1" 200 0 "-" "WordPress/6.9; https://eliteewallet.com"
173.239.218.232 - - [20/Jan/2026:08:51:53 +0300] "POST /wp-login.php HTTP/1.1" 200 6591 "-" "Mozilla/5.0"
57.128.52.136 - - [20/Jan/2026:08:54:36 +0300] "POST /wp-cron.php?doing_wp_cron=1768888476.8581020832061767578125 HTTP/1.1" 200 0 "-" "WordPress/6.9; https://eliteewallet.com"
44.210.213.220 - - [20/Jan/2026:09:22:13 +0300] "GET /robots.txt HTTP/1.1" 200 111 "-" "Mozilla/5.0 AppleWebKit/537.36 (KHTML, like Gecko; compatible; Amazonbot/0.1; +https://developer.amazon.com/support/amazonbot) Chrome/119.0.6045.214 Safari/537.36"
23.23.213.182 - - [20/Jan/2026:09:22:15 +0300] "GET /ufaq/how-are-you-going-to-pay-me/ HTTP/1.1" 200 16092 "-" "Mozilla/5.0 AppleWebKit/537.36 (KHTML, like Gecko; compatible; Amazonbot/0.1; +https://developer.amazon.com/support/amazonbot) Chrome/119.0.6045.214 Safari/537.36"
57.128.52.136 - - [20/Jan/2026:09:23:27 +0300] "POST /wp-cron.php?doing_wp_cron=1768890206.7602400779724121093750 HTTP/1.1" 200 0 "-" "WordPress/6.9; https://eliteewallet.com"
51.89.25.52 - - [20/Jan/2026:09:24:58 +0300] "GET /?check_plugin HTTP/2" 200 175409 "-" "Mozilla/5.0 (Windows NT 10.0; Win64; x64) AppleWebKit/537.36 (KHTML, like Gecko) Chrome/127.0.0.0 Safari/537.36"
57.128.52.136 - - [20/Jan/2026:09:25:08 +0300] "POST /wp-cron.php?doing_wp_cron=1768890308.2826170921325683593750 HTTP/1.1" 200 0 "-" "WordPress/6.9; https://eliteewallet.com"
51.89.25.52 - - [20/Jan/2026:09:25:05 +0300] "GET /blog-verify HTTP/2" 404 64997 "-" "Mozilla/5.0 (Windows NT 10.0; Win64; x64) AppleWebKit/537.36 (KHTML, like Gecko) Chrome/127.0.0.0 Safari/537.36"
64.225.13.21 - - [20/Jan/2026:09:25:21 +0300] "POST /wp-login.php HTTP/1.1" 200 6591 "-" "Mozilla/5.0"
5.133.192.140 - - [20/Jan/2026:09:16:37 +0300] "GET / HTTP/1.1" 200 35680 "-" "Mozilla/5.0 (Windows NT 10.0; Win64; x64) AppleWebKit/537.36 (KHTML, like Gecko) Chrome/105.0.0.0 Safari/537.36"
5.133.192.140 - - [20/Jan/2026:09:16:38 +0300] "GET /wp-content/uploads/2024/06/cropped-ELITE-WALLET-PNG-LOGO-32x32.png HTTP/1.1" 200 824 "-" "Mozilla/5.0 (Windows NT 10.0; Win64; x64) AppleWebKit/537.36 (KHTML, like Gecko) Chrome/105.0.0.0 Safari/537.36"
116.76.38.100 - - [20/Jan/2026:09:24:28 +0300] "GET /robots.txt HTTP/1.1" 200 111 "-" "Mozilla/5.0 (Windows NT 10.0; Win64; x64) AppleWebKit/537.36 (KHTML, like Gecko) Chrome/86.0.2829.84 Safari/537.36 Edge/18.18362"
57.128.52.136 - - [20/Jan/2026:09:30:58 +0300] "POST /wp-cron.php?doing_wp_cron=1768890658.0666120052337646484375 HTTP/1.1" 200 0 "-" "WordPress/6.9; https://eliteewallet.com"
98.159.37.174 - - [20/Jan/2026:09:30:56 +0300] "POST /wp-login.php HTTP/1.1" 200 6591 "-" "Mozilla/5.0"
198.244.183.88 - - [20/Jan/2026:09:35:13 +0300] "GET /check-off-loans/ HTTP/2" 200 16436 "-" "Mozilla/5.0 (compatible; AhrefsBot/7.0; +http://ahrefs.com/robot/)"
198.244.242.116 - - [20/Jan/2026:09:39:08 +0300] "GET /wp-content/uploads/elementor/css/post-222.css?ver=1768650515 HTTP/2" 200 427 "-" "Mozilla/5.0 (compatible; AhrefsBot/7.0; +http://ahrefs.com/robot/)"
152.69.210.5 - - [20/Jan/2026:09:40:19 +0300] "GET / HTTP/2" 200 35680 "http://eliteewallet.com" "Mozilla/5.0 (X11; Linux x86_64) Gecko/20100101 Firefox/117.0"
152.69.210.5 - - [20/Jan/2026:09:40:20 +0300] "GET / HTTP/2" 200 35680 "http://eliteewallet.com" "Go-http-client/2.0"
152.69.210.5 - - [20/Jan/2026:09:40:21 +0300] "GET /wp-login.php HTTP/2" 200 2197 "http://eliteewallet.com/wp-login.php" "Mozilla/5.0 (Windows NT 10.0; Win64; x64) AppleWebKit/537.36 Chrome/116.0 Safari/537.36"
57.128.52.136 - - [20/Jan/2026:09:40:24 +0300] "POST /wp-cron.php?doing_wp_cron=1768891224.9346630573272705078125 HTTP/1.1" 200 0 "-" "WordPress/6.9; https://eliteewallet.com"
152.69.210.5 - - [20/Jan/2026:09:40:22 +0300] "GET /wp-admin/ HTTP/2" 302 0 "http://eliteewallet.com/wp-admin/" "Mozilla/5.0 (Macintosh; Intel Mac OS X 13_5_1) AppleWebKit/605.1.15 Safari/605.1.15"
152.69.210.5 - - [20/Jan/2026:09:40:25 +0300] "GET /wp-login.php?redirect_to=https%3A%2F%2Feliteewallet.com%2Fwp-admin%2F&reauth=1 HTTP/2" 200 0 "https://eliteewallet.com/wp-admin/" "Mozilla/5.0 (Macintosh; Intel Mac OS X 13_5_1) AppleWebKit/605.1.15 Safari/605.1.15"
152.69.210.5 - - [20/Jan/2026:09:40:27 +0300] "GET /administrator/ HTTP/2" 404 13768 "http://eliteewallet.com/administrator/" "Mozilla/5.0 (Macintosh; Intel Mac OS X 13_5_1) AppleWebKit/605.1.15 Safari/605.1.15"
152.69.210.5 - - [20/Jan/2026:09:40:29 +0300] "GET /user/login HTTP/2" 404 13764 "http://eliteewallet.com/user/login" "Mozilla/5.0 (X11; Linux x86_64) Gecko/20100101 Firefox/117.0"
152.69.210.5 - - [20/Jan/2026:09:40:31 +0300] "GET /admin HTTP/2" 302 0 "http://eliteewallet.com/admin" "Mozilla/5.0 (iPad; CPU OS 17_4 like Mac OS X) AppleWebKit/605.1.15 Mobile/15E148"
152.69.210.5 - - [20/Jan/2026:09:40:33 +0300] "GET /wp-admin/ HTTP/2" 302 0 "https://eliteewallet.com/admin" "Mozilla/5.0 (iPad; CPU OS 17_4 like Mac OS X) AppleWebKit/605.1.15 Mobile/15E148"
152.69.210.5 - - [20/Jan/2026:09:40:34 +0300] "GET /wp-login.php?redirect_to=https%3A%2F%2Feliteewallet.com%2Fwp-admin%2F&reauth=1 HTTP/2" 200 2197 "https://eliteewallet.com/wp-admin/" "Mozilla/5.0 (iPad; CPU OS 17_4 like Mac OS X) AppleWebKit/605.1.15 Mobile/15E148"
57.128.52.136 - - [20/Jan/2026:09:40:23 +0300] "POST /wp-admin/admin-ajax.php?action=as_async_request_queue_runner&nonce=c224adc100 HTTP/1.1" 200 0 "-" "WordPress/6.9; https://eliteewallet.com"
57.128.52.136 - - [20/Jan/2026:09:40:37 +0300] "POST /wp-cron.php?doing_wp_cron=1768891237.6687550544738769531250 HTTP/1.1" 200 0 "-" "WordPress/6.9; https://eliteewallet.com"
152.69.210.5 - - [20/Jan/2026:09:40:36 +0300] "GET /login HTTP/2" 302 0 "http://eliteewallet.com/login" "Mozilla/5.0 (X11; Linux x86_64) Gecko/20100101 Firefox/117.0"
152.69.210.5 - - [20/Jan/2026:09:40:37 +0300] "GET /wp-login.php HTTP/2" 200 2197 "https://eliteewallet.com/login" "Mozilla/5.0 (X11; Linux x86_64) Gecko/20100101 Firefox/117.0"
152.69.210.5 - - [20/Jan/2026:09:40:38 +0300] "GET /register HTTP/2" 404 13764 "http://eliteewallet.com/register" "Mozilla/5.0 (Android 13; Mobile; rv:117.0) Gecko/117.0 Firefox/117.0"
152.69.210.5 - - [20/Jan/2026:09:40:40 +0300] "GET /admin HTTP/2" 302 0 "http://eliteewallet.com/admin" "Mozilla/5.0 (iPad; CPU OS 17_4 like Mac OS X) AppleWebKit/605.1.15 Mobile/15E148"
152.69.210.5 - - [20/Jan/2026:09:40:40 +0300] "GET /wp-admin/ HTTP/2" 302 0 "https://eliteewallet.com/admin" "Mozilla/5.0 (iPad; CPU OS 17_4 like Mac OS X) AppleWebKit/605.1.15 Mobile/15E148"
152.69.210.5 - - [20/Jan/2026:09:40:42 +0300] "GET /wp-login.php?redirect_to=https%3A%2F%2Feliteewallet.com%2Fwp-admin%2F&reauth=1 HTTP/2" 200 2197 "https://eliteewallet.com/wp-admin/" "Mozilla/5.0 (iPad; CPU OS 17_4 like Mac OS X) AppleWebKit/605.1.15 Mobile/15E148"
54.38.147.155 - - [20/Jan/2026:09:39:08 +0300] "GET /wp-content/plugins/the-plus-addons-for-elementor-page-builder/includes/user-experience/update-popup/tp-update-plugin-popup.js?ver=6.4.61768650515 HTTP/2" 200 753 "-" "Mozilla/5.0 (compatible; AhrefsBot/7.0; +http://ahrefs.com/robot/)"
194.35.13.108 - - [20/Jan/2026:09:41:31 +0300] "POST /wp-login.php HTTP/1.1" 200 2362 "-" "Mozilla/5.0 (Windows NT 10.0; Win64; x64; rv:87.0) Gecko/20100101 Firefox/87.0"
57.128.52.136 - - [20/Jan/2026:09:57:21 +0300] "GET / HTTP/1.1" 200 175523 "-" "Mozilla/5.0 (Windows NT 10.0; Win64; x64; rv:122.0) Gecko/20100101 Firefox/122.0"
159.203.166.124 - - [20/Jan/2026:10:06:48 +0300] "POST /wp-login.php HTTP/1.1" 200 6591 "-" "Mozilla/5.0"
98.159.37.173 - - [20/Jan/2026:10:17:04 +0300] "POST /wp-login.php HTTP/1.1" 200 6591 "-" "Mozilla/5.0"
164.92.81.124 - - [20/Jan/2026:10:21:26 +0300] "GET / HTTP/1.1" 200 175523 "-" "Mozilla/5.0 (Windows NT 10.0; Win64; x64) AppleWebKit/537.36 (KHTML, like Gecko) Chrome/80.0.3987.149 Safari/537.36"
57.128.52.136 - - [20/Jan/2026:10:21:28 +0300] "POST /wp-cron.php?doing_wp_cron=1768893688.5948870182037353515625 HTTP/1.1" 200 0 "-" "WordPress/6.9; https://eliteewallet.com"
164.92.81.124 - - [20/Jan/2026:10:21:27 +0300] "GET //wp-includes/wlwmanifest.xml HTTP/1.1" 301 0 "-" "Mozilla/5.0 (Windows NT 10.0; Win64; x64) AppleWebKit/537.36 (KHTML, like Gecko) Chrome/80.0.3987.149 Safari/537.36"
164.92.81.124 - - [20/Jan/2026:10:21:28 +0300] "GET //xmlrpc.php?rsd HTTP/1.1" 403 787 "-" "Mozilla/5.0 (Windows NT 10.0; Win64; x64) AppleWebKit/537.36 (KHTML, like Gecko) Chrome/80.0.3987.149 Safari/537.36"
164.92.81.124 - - [20/Jan/2026:10:21:29 +0300] "GET / HTTP/1.1" 200 175523 "-" "Mozilla/5.0 (Windows NT 10.0; Win64; x64) AppleWebKit/537.36 (KHTML, like Gecko) Chrome/80.0.3987.149 Safari/537.36"
164.92.81.124 - - [20/Jan/2026:10:21:29 +0300] "GET //?author=1 HTTP/1.1" 301 0 "-" "Mozilla/5.0 (Windows NT 10.0; Win64; x64) AppleWebKit/537.36 (KHTML, like Gecko) Chrome/80.0.3987.149 Safari/537.36"
164.92.81.124 - - [20/Jan/2026:10:21:29 +0300] "GET //?author=2 HTTP/1.1" 301 0 "-" "Mozilla/5.0 (Windows NT 10.0; Win64; x64) AppleWebKit/537.36 (KHTML, like Gecko) Chrome/80.0.3987.149 Safari/537.36"
164.92.81.124 - - [20/Jan/2026:10:21:31 +0300] "GET //wp-json/wp/v2/users/ HTTP/1.1" 200 857 "-" "Mozilla/5.0 (Windows NT 10.0; Win64; x64) AppleWebKit/537.36 (KHTML, like Gecko) Chrome/80.0.3987.149 Safari/537.36"
164.92.81.124 - - [20/Jan/2026:10:21:31 +0300] "POST //xmlrpc.php HTTP/1.1" 403 787 "-" "Mozilla/5.0 (Windows NT 10.0; Win64; x64) AppleWebKit/537.36 (KHTML, like Gecko) Chrome/80.0.3987.149 Safari/537.36"
152.69.210.5 - - [20/Jan/2026:09:40:44 +0300] "GET /login HTTP/2" 302 0 "http://eliteewallet.com/login" "Mozilla/5.0 (iPad; CPU OS 17_4 like Mac OS X) AppleWebKit/605.1.15 Mobile/15E148"
152.69.210.5 - - [20/Jan/2026:09:40:44 +0300] "GET /wp-login.php HTTP/2" 200 2197 "https://eliteewallet.com/login" "Mozilla/5.0 (iPad; CPU OS 17_4 like Mac OS X) AppleWebKit/605.1.15 Mobile/15E148"
57.128.52.136 - - [20/Jan/2026:10:06:50 +0300] "POST /wp-cron.php?doing_wp_cron=1768892810.9177529811859130859375 HTTP/1.1" 200 0 "-" "WordPress/6.9; https://eliteewallet.com"
57.128.52.136 - - [20/Jan/2026:10:17:05 +0300] "POST /wp-cron.php?doing_wp_cron=1768893425.1266078948974609375000 HTTP/1.1" 200 0 "-" "WordPress/6.9; https://eliteewallet.com"
51.178.183.70 - - [20/Jan/2026:10:53:25 +0300] "POST /wp-login.php HTTP/1.1" 200 2361 "-" "Mozilla/5.0 (Windows NT 10.0; Win64; x64; rv:94.0) Gecko/20100101 Firefox/94.0"
187.188.9.131 - - [20/Jan/2026:10:54:02 +0300] "GET /products.json HTTP/1.1" 404 12252 "-" "python-httpx/0.28.1"
57.128.52.136 - - [20/Jan/2026:10:57:35 +0300] "POST /wp-cron.php?doing_wp_cron=1768895854.9249510765075683593750 HTTP/1.1" 200 0 "-" "WordPress/6.9; https://eliteewallet.com"
57.128.52.136 - - [20/Jan/2026:11:11:00 +0300] "POST /wp-cron.php?doing_wp_cron=1768896659.8200740814208984375000 HTTP/1.1" 200 0 "-" "WordPress/6.9; https://eliteewallet.com"
173.239.218.230 - - [20/Jan/2026:11:10:58 +0300] "POST /wp-login.php HTTP/1.1" 200 6591 "-" "Mozilla/5.0"
52.204.81.148 - - [20/Jan/2026:10:47:27 +0300] "GET /ufaq/how-long-does-it-take-to-process-and-pay-a-loan/ HTTP/1.1" 200 16093 "-" "Mozilla/5.0 AppleWebKit/537.36 (KHTML, like Gecko; compatible; Amazonbot/0.1; +https://developer.amazon.com/support/amazonbot) Chrome/119.0.6045.214 Safari/537.36"
17.22.237.135 - - [20/Jan/2026:10:51:42 +0300] "GET /robots.txt HTTP/1.1" 200 111 "-" "Mozilla/5.0 (Macintosh; Intel Mac OS X 10_15_7) AppleWebKit/605.1.15 (KHTML, like Gecko) Version/17.4 Safari/605.1.15 (Applebot/0.1; +http://www.apple.com/go/applebot)"
17.22.237.135 - - [20/Jan/2026:10:51:43 +0300] "GET / HTTP/1.1" 200 35680 "-" "Mozilla/5.0 (Macintosh; Intel Mac OS X 10_15_7) AppleWebKit/605.1.15 (KHTML, like Gecko) Version/17.4 Safari/605.1.15 (Applebot/0.1; +http://www.apple.com/go/applebot)"
57.128.52.136 - - [20/Jan/2026:10:53:28 +0300] "POST /wp-cron.php?doing_wp_cron=1768895608.5541698932647705078125 HTTP/1.1" 200 0 "-" "WordPress/6.9; https://eliteewallet.com"
57.128.52.136 - - [20/Jan/2026:10:54:04 +0300] "POST /wp-cron.php?doing_wp_cron=1768895644.6742489337921142578125 HTTP/1.1" 200 0 "-" "WordPress/6.9; https://eliteewallet.com"
40.69.66.178 - - [20/Jan/2026:10:57:33 +0300] "GET /wp-content/plugins/hellopress/wp_filemanager.php HTTP/1.1" 404 64997 "-" "-"
40.69.66.178 - - [20/Jan/2026:10:57:35 +0300] "GET /zz8.php HTTP/1.1" 404 64997 "-" "-"
40.69.66.178 - - [20/Jan/2026:10:57:37 +0300] "GET /ss.php HTTP/1.1" 404 64997 "-" "-"
40.69.66.178 - - [20/Jan/2026:10:57:38 +0300] "GET /ww7.php HTTP/1.1" 404 64997 "-" "-"
40.69.66.178 - - [20/Jan/2026:10:57:40 +0300] "GET /wp-content/upgrade/index.php HTTP/1.1" 301 0 "-" "-"
40.69.66.178 - - [20/Jan/2026:10:57:41 +0300] "GET /wp-content/upgrade/ HTTP/1.1" 403 787 "-" "-"
40.69.66.178 - - [20/Jan/2026:10:57:41 +0300] "GET /includes.php HTTP/1.1" 404 64997 "-" "-"
40.69.66.178 - - [20/Jan/2026:10:57:42 +0300] "GET /000.php HTTP/1.1" 404 64997 "-" "-"
40.69.66.178 - - [20/Jan/2026:10:57:43 +0300] "GET /class-t.api.php HTTP/1.1" 404 64997 "-" "-"
40.69.66.178 - - [20/Jan/2026:10:57:45 +0300] "GET /wp-admin/maint/index.php HTTP/1.1" 301 0 "-" "-"
40.69.66.178 - - [20/Jan/2026:10:57:46 +0300] "GET /wp-admin/maint/ HTTP/1.1" 403 787 "-" "-"
40.69.66.178 - - [20/Jan/2026:10:57:46 +0300] "GET /fs7.php HTTP/1.1" 404 64997 "-" "-"
40.69.66.178 - - [20/Jan/2026:10:57:47 +0300] "GET /llsmps.php HTTP/1.1" 404 64997 "-" "-"
40.69.66.178 - - [20/Jan/2026:10:57:49 +0300] "GET /classwithtostring.php HTTP/1.1" 404 64997 "-" "-"
64.225.13.21 - - [20/Jan/2026:10:58:07 +0300] "POST /wp-login.php HTTP/1.1" 200 6591 "-" "Mozilla/5.0"
45.61.187.77 - - [20/Jan/2026:11:18:33 +0300] "GET /wp-login.php HTTP/1.1" 200 6178 "-" "Mozilla/5.0 (Windows NT 6.2; WOW64; rv:30.0) Gecko/20100101 Firefox/30.0"
57.128.52.136 - - [20/Jan/2026:11:18:38 +0300] "POST /wp-cron.php?doing_wp_cron=1768897118.7472710609436035156250 HTTP/1.1" 200 0 "-" "WordPress/6.9; https://eliteewallet.com"
45.61.187.77 - - [20/Jan/2026:11:18:36 +0300] "POST /wp-login.php HTTP/1.1" 200 6609 "-" "Mozilla/5.0 (Windows NT 6.2; WOW64; rv:30.0) Gecko/20100101 Firefox/30.0"
43.133.253.253 - - [20/Jan/2026:11:27:28 +0300] "GET / HTTP/1.1" 200 35680 "http://eliteewallet.com" "Mozilla/5.0 (iPhone; CPU iPhone OS 13_2_3 like Mac OS X) AppleWebKit/605.1.15 (KHTML, like Gecko) Version/13.0.3 Mobile/15E148 Safari/604.1"
24.199.120.252 - - [20/Jan/2026:11:30:20 +0300] "GET / HTTP/2" 200 35680 "http://eliteewallet.com/" "Go-http-client/2.0"
24.199.120.252 - - [20/Jan/2026:11:30:21 +0300] "GET /wp-includes/css/buttons.css HTTP/2" 200 2489 "http://eliteewallet.com/wp-includes/css/buttons.css" "Go-http-client/2.0"
217.194.215.46 - - [20/Jan/2026:12:00:48 +0300] "GET /wp-content/plugins/fix/up.php HTTP/1.1" 404 12252 "http://eliteewallet.com/wp-content/plugins/fix/up.php" "Mozilla/5.0 (Windows NT 10.0; Win64; x64) AppleWebKit/537.36 (KHTML, like Gecko) Chrome/87.0.4280.141 Safari/537.36"
159.203.166.124 - - [20/Jan/2026:11:18:57 +0300] "POST /wp-login.php HTTP/1.1" 200 6591 "-" "Mozilla/5.0"
51.195.215.234 - - [20/Jan/2026:11:33:38 +0300] "GET /salary-advance-loans/ HTTP/2" 200 15479 "-" "Mozilla/5.0 (compatible; AhrefsBot/7.0; +http://ahrefs.com/robot/)"
13.74.146.113 - - [20/Jan/2026:12:12:59 +0300] "HEAD / HTTP/1.1" 200 0 "-" "Mozilla/5.0 (Windows NT 10.0; Win64; x64) AppleWebKit/537.36 (KHTML, like Gecko) Chrome/120.0.0.0 Safari/537.36"
13.74.146.113 - - [20/Jan/2026:12:12:59 +0300] "GET /style.php HTTP/1.1" 404 13771 "-" "Mozilla/5.0 (Windows NT 10.0; Win64; x64) AppleWebKit/537.36 (KHTML, like Gecko) Chrome/120.0.0.0 Safari/537.36"
57.128.52.136 - - [20/Jan/2026:12:13:02 +0300] "POST /wp-cron.php?doing_wp_cron=1768900382.1034319400787353515625 HTTP/1.1" 200 0 "-" "WordPress/6.9; https://eliteewallet.com"
13.74.146.113 - - [20/Jan/2026:12:13:02 +0300] "GET /style.php HTTP/1.1" 404 13771 "-" "Mozilla/5.0 (Windows NT 10.0; Win64; x64) AppleWebKit/537.36 (KHTML, like Gecko) Chrome/120.0.0.0 Safari/537.36"
173.239.218.218 - - [20/Jan/2026:12:03:38 +0300] "POST /wp-login.php HTTP/1.1" 200 6591 "-" "Mozilla/5.0"
205.198.87.94 - - [20/Jan/2026:12:10:48 +0300] "POST /wp-login.php HTTP/1.1" 200 2299 "-" "Mozilla/5.0 (Windows NT 10.0; Win64; x64; rv:85.0) Gecko/20100101 Firefox/85.0"
57.128.52.136 - - [20/Jan/2026:12:03:39 +0300] "POST /wp-cron.php?doing_wp_cron=1768899819.9413359165191650390625 HTTP/1.1" 200 0 "-" "WordPress/6.9; https://eliteewallet.com"
57.128.52.136 - - [20/Jan/2026:12:10:50 +0300] "POST /wp-cron.php?doing_wp_cron=1768900250.4822549819946289062500 HTTP/1.1" 200 0 "-" "WordPress/6.9; https://eliteewallet.com"
57.128.52.136 - - [20/Jan/2026:12:21:33 +0300] "POST /wp-cron.php?doing_wp_cron=1768900893.2877070903778076171875 HTTP/1.1" 200 0 "-" "WordPress/6.9; https://eliteewallet.com"
101.32.15.141 - - [20/Jan/2026:12:21:30 +0300] "GET / HTTP/1.1" 301 0 "http://www.eliteewallet.com" "Mozilla/5.0 (iPhone; CPU iPhone OS 13_2_3 like Mac OS X) AppleWebKit/605.1.15 (KHTML, like Gecko) Version/13.0.3 Mobile/15E148 Safari/604.1"
101.32.15.141 - - [20/Jan/2026:12:21:34 +0300] "GET / HTTP/1.1" 200 35680 "https://www.eliteewallet.com/" "Mozilla/5.0 (iPhone; CPU iPhone OS 13_2_3 like Mac OS X) AppleWebKit/605.1.15 (KHTML, like Gecko) Version/13.0.3 Mobile/15E148 Safari/604.1"
57.128.52.136 - - [20/Jan/2026:12:31:11 +0300] "POST /wp-cron.php?doing_wp_cron=1768901471.7870409488677978515625 HTTP/1.1" 200 0 "-" "WordPress/6.9; https://eliteewallet.com"
159.203.166.124 - - [20/Jan/2026:12:31:06 +0300] "POST /wp-login.php HTTP/1.1" 200 6591 "-" "Mozilla/5.0"
64.225.13.21 - - [20/Jan/2026:12:31:33 +0300] "POST /wp-login.php HTTP/1.1" 200 6591 "-" "Mozilla/5.0"
123.60.129.121 - - [20/Jan/2026:12:23:11 +0300] "GET /wp-login.php HTTP/1.1" 200 2197 "-" "Mozilla/5.0 (Windows NT 10.0; Win64; x64) AppleWebKit/537.36 (KHTML, like Gecko) Chrome/80.0.3987.149 Safari/537.36"
4.151.241.242 - - [20/Jan/2026:12:24:43 +0300] "GET / HTTP/2" 200 31103 "-" "Mozilla/5.0 AppleWebKit/537.36 (KHTML, like Gecko); compatible; ChatGPT-User/1.0; +https://openai.com/bot"
57.128.52.136 - - [20/Jan/2026:12:58:27 +0300] "POST /wp-cron.php?doing_wp_cron=1768903107.1571099758148193359375 HTTP/1.1" 200 0 "-" "WordPress/6.9; https://eliteewallet.com"
173.239.218.213 - - [20/Jan/2026:12:58:24 +0300] "POST /wp-login.php HTTP/1.1" 200 6591 "-" "Mozilla/5.0"
57.128.52.136 - - [20/Jan/2026:13:04:35 +0300] "POST /wp-cron.php?doing_wp_cron=1768903475.6005580425262451171875 HTTP/1.1" 200 0 "-" "WordPress/6.9; https://eliteewallet.com"
187.188.9.131 - - [20/Jan/2026:13:04:34 +0300] "GET /products.json HTTP/1.1" 404 12253 "-" "python-httpx/0.28.1"
69.171.231.22 - - [20/Jan/2026:13:02:43 +0300] "GET /robots.txt HTTP/2" 200 117 "-" "facebookexternalhit/1.1 (+http://www.facebook.com/externalhit_uatext.php)"
74.7.244.17 - - [20/Jan/2026:14:16:28 +0300] "GET /robots.txt HTTP/2" 200 96 "-" "Mozilla/5.0 (Macintosh; Intel Mac OS X 10_15_7) AppleWebKit/537.36 (KHTML, like Gecko) Chrome/131.0.0.0 Safari/537.36; compatible; OAI-SearchBot/1.3; robots.txt; +https://openai.com/searchbot"
74.7.241.32 - - [20/Jan/2026:14:16:28 +0300] "GET / HTTP/2" 200 31103 "-" "Mozilla/5.0 AppleWebKit/537.36 (KHTML, like Gecko; compatible; GPTBot/1.3; +https://openai.com/gptbot)"
74.7.241.32 - - [20/Jan/2026:14:16:31 +0300] "GET /wp-content/themes/blocksy/static/bundle/elementor-frontend.min.css?ver=2.1.24 HTTP/2" 200 308 "https://eliteewallet.com/" "Mozilla/5.0 AppleWebKit/537.36 (KHTML, like Gecko; compatible; GPTBot/1.3; +https://openai.com/gptbot)"
74.7.241.32 - - [20/Jan/2026:14:16:34 +0300] "GET /wp-content/uploads/theplus-addons/theplus-post-81.min.js?ver=1768616424 HTTP/2" 200 27216 "https://eliteewallet.com/" "Mozilla/5.0 AppleWebKit/537.36 (KHTML, like Gecko; compatible; GPTBot/1.3; +https://openai.com/gptbot)"
74.7.241.32 - - [20/Jan/2026:14:16:36 +0300] "GET /wp-content/themes/blocksy/static/bundle/non-critical-styles.min.css?ver=2.1.24 HTTP/2" 200 1247 "https://eliteewallet.com/" "Mozilla/5.0 AppleWebKit/537.36 (KHTML, like Gecko; compatible; GPTBot/1.3; +https://openai.com/gptbot)"
74.7.241.32 - - [20/Jan/2026:14:16:39 +0300] "GET /wp-content/uploads/elementor/css/post-80.css?ver=1768616402 HTTP/2" 200 449 "https://eliteewallet.com/" "Mozilla/5.0 AppleWebKit/537.36 (KHTML, like Gecko; compatible; GPTBot/1.3; +https://openai.com/gptbot)"
74.7.241.32 - - [20/Jan/2026:14:16:40 +0300] "GET /wp-content/themes/blocksy/static/bundle/forminator.min.css?ver=2.1.24 HTTP/2" 200 1038 "https://eliteewallet.com/" "Mozilla/5.0 AppleWebKit/537.36 (KHTML, like Gecko; compatible; GPTBot/1.3; +https://openai.com/gptbot)"
