57.128.52.136 - - [19/Jan/2026:03:04:50 +0300] "POST /wp-cron.php?doing_wp_cron=1768781090.5572888851165771484375 HTTP/1.1" 200 0 "-" "WordPress/6.9; https://eliteewallet.com"
198.235.24.166 - - [19/Jan/2026:03:04:50 +0300] "GET / HTTP/1.1" 200 175523 "-" "-"
57.128.52.136 - - [19/Jan/2026:02:59:53 +0300] "POST /wp-cron.php?doing_wp_cron=1768780792.7926959991455078125000 HTTP/1.1" 200 0 "-" "WordPress/6.9; https://eliteewallet.com"
159.203.111.237 - - [19/Jan/2026:02:59:51 +0300] "POST /wp-login.php HTTP/1.1" 200 6591 "-" "Mozilla/5.0"
198.235.24.166 - - [19/Jan/2026:03:04:49 +0300] "GET / HTTP/1.1" 301 0 "http://57.128.52.136:80/" "-"
52.3.156.186 - - [19/Jan/2026:03:21:24 +0300] "GET /robots.txt HTTP/1.1" 200 111 "-" "Mozilla/5.0 AppleWebKit/537.36 (KHTML, like Gecko; compatible; Amazonbot/0.1; +https://developer.amazon.com/support/amazonbot) Chrome/119.0.6045.214 Safari/537.36"
57.128.52.136 - - [19/Jan/2026:03:25:39 +0300] "POST /wp-cron.php?doing_wp_cron=1768782339.8867640495300292968750 HTTP/1.1" 200 0 "-" "WordPress/6.9; https://eliteewallet.com"
57.128.52.136 - - [19/Jan/2026:03:21:29 +0300] "POST /wp-cron.php?doing_wp_cron=1768782089.7768859863281250000000 HTTP/1.1" 200 0 "-" "WordPress/6.9; https://eliteewallet.com"
18.235.81.246 - - [19/Jan/2026:03:21:28 +0300] "GET /wp-json/oembed/1.0/embed?format=xml&url=https://eliteewallet.com/check-off-loans/ HTTP/1.1" 200 1130 "-" "Mozilla/5.0 AppleWebKit/537.36 (KHTML, like Gecko; compatible; Amazonbot/0.1; +https://developer.amazon.com/support/amazonbot) Chrome/119.0.6045.214 Safari/537.36"
64.225.13.21 - - [19/Jan/2026:03:25:38 +0300] "POST /wp-login.php HTTP/1.1" 200 6591 "-" "Mozilla/5.0"
159.203.166.124 - - [19/Jan/2026:03:57:20 +0300] "POST /wp-login.php HTTP/1.1" 200 6591 "-" "Mozilla/5.0"
98.83.10.183 - - [19/Jan/2026:04:08:43 +0300] "GET /wp-json/wp/v2/pages/222 HTTP/1.1" 200 4448 "-" "Mozilla/5.0 AppleWebKit/537.36 (KHTML, like Gecko; compatible; Amazonbot/0.1; +https://developer.amazon.com/support/amazonbot) Chrome/119.0.6045.214 Safari/537.36"
52.45.194.165 - - [19/Jan/2026:04:08:46 +0300] "GET /wp-json/wp/v2/pages/%22https:/eliteewallet.com/wp-content/uploads/2025/09/Financial-Relief-from-Credit-Issues-with-Perfect-Loan-Offer.jpeg/%22 HTTP/1.1" 404 119 "-" "Mozilla/5.0 AppleWebKit/537.36 (KHTML, like Gecko; compatible; Amazonbot/0.1; +https://developer.amazon.com/support/amazonbot) Chrome/119.0.6045.214 Safari/537.36"
54.39.203.26 - - [19/Jan/2026:04:12:38 +0300] "GET /robots.txt HTTP/2" 200 96 "-" "Mozilla/5.0 (compatible; AhrefsBot/7.0; +http://ahrefs.com/robot/)"
5.39.1.229 - - [19/Jan/2026:04:12:44 +0300] "GET /wp-sitemap.xml HTTP/2" 200 203 "-" "Mozilla/5.0 (compatible; AhrefsBot/7.0; +http://ahrefs.com/robot/)"
57.128.52.136 - - [19/Jan/2026:04:12:49 +0300] "POST /wp-cron.php?doing_wp_cron=1768785169.9380600452423095703125 HTTP/1.1" 200 0 "-" "WordPress/6.9; https://eliteewallet.com"
5.39.1.255 - - [19/Jan/2026:04:12:49 +0300] "GET /wp-sitemap-posts-post-1.xml HTTP/2" 200 194 "-" "Mozilla/5.0 (compatible; AhrefsBot/7.0; +http://ahrefs.com/robot/)"
51.68.247.219 - - [19/Jan/2026:04:12:55 +0300] "GET /wp-sitemap-posts-page-1.xml HTTP/2" 200 388 "-" "Mozilla/5.0 (compatible; AhrefsBot/7.0; +http://ahrefs.com/robot/)"
92.222.108.123 - - [19/Jan/2026:04:13:03 +0300] "GET /wp-sitemap-taxonomies-category-1.xml HTTP/2" 200 160 "-" "Mozilla/5.0 (compatible; AhrefsBot/7.0; +http://ahrefs.com/robot/)"
54.37.118.71 - - [19/Jan/2026:04:13:09 +0300] "GET /wp-sitemap-taxonomies-ufaq-category-1.xml HTTP/2" 200 162 "-" "Mozilla/5.0 (compatible; AhrefsBot/7.0; +http://ahrefs.com/robot/)"
5.39.109.161 - - [19/Jan/2026:04:13:15 +0300] "GET /wp-sitemap-users-1.xml HTTP/2" 200 159 "-" "Mozilla/5.0 (compatible; AhrefsBot/7.0; +http://ahrefs.com/robot/)"
57.128.52.136 - - [19/Jan/2026:03:57:22 +0300] "POST /wp-cron.php?doing_wp_cron=1768784242.0527210235595703125000 HTTP/1.1" 200 0 "-" "WordPress/6.9; https://eliteewallet.com"
57.128.52.136 - - [19/Jan/2026:04:08:44 +0300] "POST /wp-cron.php?doing_wp_cron=1768784924.6805629730224609375000 HTTP/1.1" 200 0 "-" "WordPress/6.9; https://eliteewallet.com"
92.222.104.208 - - [19/Jan/2026:04:12:59 +0300] "GET /wp-sitemap-posts-ufaq-1.xml HTTP/2" 200 425 "-" "Mozilla/5.0 (compatible; AhrefsBot/7.0; +http://ahrefs.com/robot/)"
57.128.52.136 - - [19/Jan/2026:04:33:54 +0300] "POST /wp-cron.php?doing_wp_cron=1768786434.6616840362548828125000 HTTP/1.1" 200 0 "-" "WordPress/6.9; https://eliteewallet.com"
91.92.242.178 - - [19/Jan/2026:04:33:52 +0300] "GET /txets.php HTTP/1.1" 404 13770 "www.google.com" "Mozlila/5.0 (Linux; Android 7.0; SM-G892A Bulid/NRD90M; wv) AppleWebKit/537.36 (KHTML, like Gecko) Version/4.0 Chrome/60.0.3112.107 Moblie Safari/537.36"
159.203.111.237 - - [19/Jan/2026:04:43:26 +0300] "POST /wp-login.php HTTP/1.1" 200 6591 "-" "Mozilla/5.0"
57.128.52.136 - - [19/Jan/2026:04:44:33 +0300] "POST /wp-cron.php?doing_wp_cron=1768787073.2886860370635986328125 HTTP/1.1" 200 0 "-" "WordPress/6.9; https://eliteewallet.com"
216.244.66.194 - - [19/Jan/2026:05:05:38 +0300] "GET /robots.txt HTTP/1.1" 200 117 "-" "Mozilla/5.0 (compatible; DotBot/1.2; +https://opensiteexplorer.org/dotbot; help@moz.com)"
57.128.52.136 - - [19/Jan/2026:04:43:28 +0300] "POST /wp-cron.php?doing_wp_cron=1768787008.8721520900726318359375 HTTP/1.1" 200 0 "-" "WordPress/6.9; https://eliteewallet.com"
64.225.13.21 - - [19/Jan/2026:04:44:32 +0300] "POST /wp-login.php HTTP/1.1" 200 6591 "-" "Mozilla/5.0"
147.124.222.213 - - [19/Jan/2026:04:44:35 +0300] "POST /wp-login.php HTTP/1.1" 200 2359 "-" "Mozilla/5.0 (Windows NT 10.0; Win64; x64; rv:88.0) Gecko/20100101 Firefox/88.0"
34.177.100.148 - - [19/Jan/2026:04:49:41 +0300] "GET / HTTP/1.1" 200 35680 "-" "Mozilla/5.0 (Windows NT 10.0; Win64; x64) AppleWebKit/537.36 (KHTML, like Gecko) Chrome/58.0.3029.110 Safari/537.3"
115.45.41.169 - - [19/Jan/2026:05:07:21 +0300] "GET /robots.txt HTTP/1.1" 200 111 "-" "Mozilla/5.0 (Windows NT 10.0; WOW64) AppleWebKit/537.36 (KHTML, like Gecko) Chrome/88.0.3109.129 Safari/537.36 SE 2.X MetaSr 1.0"
216.244.66.194 - - [19/Jan/2026:05:11:35 +0300] "GET /check-off-loans/ HTTP/1.1" 200 76650 "-" "Mozilla/5.0 (compatible; DotBot/1.2; +https://opensiteexplorer.org/dotbot; help@moz.com)"
57.128.52.136 - - [19/Jan/2026:05:12:56 +0300] "POST /wp-cron.php?doing_wp_cron=1768788776.4393329620361328125000 HTTP/1.1" 200 0 "-" "WordPress/6.9; https://eliteewallet.com"
43.130.16.212 - - [19/Jan/2026:05:13:22 +0300] "GET / HTTP/1.1" 200 35680 "http://eliteewallet.com" "Mozilla/5.0 (iPhone; CPU iPhone OS 13_2_3 like Mac OS X) AppleWebKit/605.1.15 (KHTML, like Gecko) Version/13.0.3 Mobile/15E148 Safari/604.1"
14.191.61.107 - - [19/Jan/2026:05:42:27 +0300] "GET /wp-content/plugins/the-plus-addons-for-elementor-page-builder/includes/user-experience/update-popup/tp-update-plugin-popup.js?ver=6.4.61768679201 HTTP/1.1" 200 898 "https://eliteewallet.com/ufaq/can-one-use-logbooks-title-deeds-to-secure-loans/" "Mozilla/5.0 (Windows NT 10.0; Win64; x64) AppleWebKit/537.36 (KHTML, like Gecko) Chrome/120.0.0.0 Safari/537.36"
154.126.200.114 - - [19/Jan/2026:05:42:27 +0300] "GET /wp-content/uploads/2024/06/ELITE_WALLET_PNG_LOGO-removebg-preview.png HTTP/1.1" 200 50664 "https://eliteewallet.com/ufaq/can-one-use-logbooks-title-deeds-to-secure-loans/" "Mozilla/5.0 (Windows NT 10.0; Win64; x64) AppleWebKit/537.36 (KHTML, like Gecko) Chrome/120.0.0.0 Safari/537.36"
179.217.156.157 - - [19/Jan/2026:05:42:29 +0300] "GET /wp-content/plugins/ultimate-faqs/assets/js/ewd-ufaq.js?ver=2.4.5 HTTP/1.1" 200 4466 "https://eliteewallet.com/ufaq/can-one-use-logbooks-title-deeds-to-secure-loans/" "Mozilla/5.0 (Windows NT 10.0; Win64; x64) AppleWebKit/537.36 (KHTML, like Gecko) Chrome/120.0.0.0 Safari/537.36"
186.128.165.48 - - [19/Jan/2026:05:42:31 +0300] "GET /wp-includes/js/dist/a11y.min.js?ver=cb460b4676c94bd228ed HTTP/1.1" 200 925 "https://eliteewallet.com/ufaq/can-one-use-logbooks-title-deeds-to-secure-loans/" "Mozilla/5.0 (Windows NT 10.0; Win64; x64) AppleWebKit/537.36 (KHTML, like Gecko) Chrome/120.0.0.0 Safari/537.36"
177.223.10.50 - - [19/Jan/2026:05:42:32 +0300] "GET /wp-includes/js/dist/dom-ready.min.js?ver=f77871ff7694fffea381 HTTP/1.1" 200 321 "https://eliteewallet.com/ufaq/can-one-use-logbooks-title-deeds-to-secure-loans/" "Mozilla/5.0 (Windows NT 10.0; Win64; x64) AppleWebKit/537.36 (KHTML, like Gecko) Chrome/120.0.0.0 Safari/537.36"
49.43.88.222 - - [19/Jan/2026:05:42:34 +0300] "GET /wp-includes/js/jquery/ui/autocomplete.min.js?ver=1.13.3 HTTP/1.1" 200 2905 "https://eliteewallet.com/ufaq/can-one-use-logbooks-title-deeds-to-secure-loans/" "Mozilla/5.0 (Windows NT 10.0; Win64; x64) AppleWebKit/537.36 (KHTML, like Gecko) Chrome/120.0.0.0 Safari/537.36"
57.128.52.136 - - [19/Jan/2026:06:00:19 +0300] "POST /wp-cron.php?doing_wp_cron=1768791619.2112898826599121093750 HTTP/1.1" 200 0 "-" "WordPress/6.9; https://eliteewallet.com"
51.89.19.88 - - [19/Jan/2026:06:00:16 +0300] "POST /wp-login.php HTTP/1.1" 200 2359 "-" "Mozilla/5.0 (Windows NT 10.0; Win64; x64; rv:86.0) Gecko/20100101 Firefox/86.0"
95.85.238.20 - - [19/Jan/2026:06:01:46 +0300] "GET /wp-login.php HTTP/1.1" 200 6178 "-" "Mozilla/5.0 (Windows NT 6.1; WOW64) AppleWebKit/537.36 (KHTML, like Gecko) Chrome/36.0.1985.125 Safari/537.36"
57.128.52.136 - - [19/Jan/2026:06:01:49 +0300] "POST /wp-cron.php?doing_wp_cron=1768791709.1728808879852294921875 HTTP/1.1" 200 0 "-" "WordPress/6.9; https://eliteewallet.com"
95.85.238.20 - - [19/Jan/2026:06:01:47 +0300] "POST /wp-login.php HTTP/1.1" 200 6591 "-" "Mozilla/5.0 (Windows NT 6.1; WOW64) AppleWebKit/537.36 (KHTML, like Gecko) Chrome/36.0.1985.125 Safari/537.36"
57.128.52.136 - - [19/Jan/2026:06:06:48 +0300] "POST /wp-cron.php?doing_wp_cron=1768792008.2067520618438720703125 HTTP/1.1" 200 0 "-" "WordPress/6.9; https://eliteewallet.com"
64.225.13.21 - - [19/Jan/2026:06:06:47 +0300] "POST /wp-login.php HTTP/1.1" 200 6591 "-" "Mozilla/5.0"
43.157.148.38 - - [19/Jan/2026:06:08:23 +0300] "GET / HTTP/1.1" 200 35680 "https://www.eliteewallet.com/" "Mozilla/5.0 (iPhone; CPU iPhone OS 13_2_3 like Mac OS X) AppleWebKit/605.1.15 (KHTML, like Gecko) Version/13.0.3 Mobile/15E148 Safari/604.1"
154.47.27.80 - - [19/Jan/2026:06:22:21 +0300] "GET /contact/ HTTP/1.0" 200 79275 "https://eliteewallet.com/contact/" "Mozilla/5.0 (Windows NT 10.0; Win64; x64) AppleWebKit/537.36 (KHTML, like Gecko) Chrome/103.0.5060.66 Safari/537.36"
40.77.167.3 - - [19/Jan/2026:05:40:18 +0300] "GET /wp-sitemap-posts-page-1.xml HTTP/2" 200 388 "-" "Mozilla/5.0 AppleWebKit/537.36 (KHTML, like Gecko; compatible; bingbot/2.0; +http://www.bing.com/bingbot.htm) Chrome/116.0.1938.76 Safari/537.36"
91.186.248.61 - - [19/Jan/2026:05:42:25 +0300] "GET /ufaq/can-one-use-logbooks-title-deeds-to-secure-loans/ HTTP/1.1" 200 16179 "-" "Mozilla/5.0 (Windows NT 10.0; Win64; x64) AppleWebKit/537.36 (KHTML, like Gecko) Chrome/120.0.0.0 Safari/537.36"
200.5.58.166 - - [19/Jan/2026:05:42:28 +0300] "GET /wp-content/themes/blocksy/static/bundle/comments.min.css?ver=2.1.25 HTTP/1.1" 200 1263 "https://eliteewallet.com/ufaq/can-one-use-logbooks-title-deeds-to-secure-loans/" "Mozilla/5.0 (Windows NT 10.0; Win64; x64) AppleWebKit/537.36 (KHTML, like Gecko) Chrome/120.0.0.0 Safari/537.36"
160.187.108.9 - - [19/Jan/2026:05:42:29 +0300] "GET /wp-includes/js/jquery/ui/effect.min.js?ver=1.13.3 HTTP/1.1" 200 3884 "https://eliteewallet.com/ufaq/can-one-use-logbooks-title-deeds-to-secure-loans/" "Mozilla/5.0 (Windows NT 10.0; Win64; x64) AppleWebKit/537.36 (KHTML, like Gecko) Chrome/120.0.0.0 Safari/537.36"
213.149.62.55 - - [19/Jan/2026:05:42:29 +0300] "GET /wp-includes/js/dist/hooks.min.js?ver=dd5603f07f9220ed27f1 HTTP/1.1" 200 1939 "https://eliteewallet.com/ufaq/can-one-use-logbooks-title-deeds-to-secure-loans/" "Mozilla/5.0 (Windows NT 10.0; Win64; x64) AppleWebKit/537.36 (KHTML, like Gecko) Chrome/120.0.0.0 Safari/537.36"
27.147.174.55 - - [19/Jan/2026:05:42:30 +0300] "GET /wp-includes/js/jquery/ui/menu.min.js?ver=1.13.3 HTTP/1.1" 200 3068 "https://eliteewallet.com/ufaq/can-one-use-logbooks-title-deeds-to-secure-loans/" "Mozilla/5.0 (Windows NT 10.0; Win64; x64) AppleWebKit/537.36 (KHTML, like Gecko) Chrome/120.0.0.0 Safari/537.36"
103.172.167.211 - - [19/Jan/2026:05:42:30 +0300] "GET /wp-includes/js/dist/i18n.min.js?ver=c26c3dc7bed366793375 HTTP/1.1" 200 2229 "https://eliteewallet.com/ufaq/can-one-use-logbooks-title-deeds-to-secure-loans/" "Mozilla/5.0 (Windows NT 10.0; Win64; x64) AppleWebKit/537.36 (KHTML, like Gecko) Chrome/120.0.0.0 Safari/537.36"
187.246.2.29 - - [19/Jan/2026:05:42:30 +0300] "GET /wp-includes/js/comment-reply.min.js?ver=6.9 HTTP/1.1" 200 1374 "https://eliteewallet.com/ufaq/can-one-use-logbooks-title-deeds-to-secure-loans/" "Mozilla/5.0 (Windows NT 10.0; Win64; x64) AppleWebKit/537.36 (KHTML, like Gecko) Chrome/120.0.0.0 Safari/537.36"
57.128.52.136 - - [19/Jan/2026:06:08:22 +0300] "POST /wp-cron.php?doing_wp_cron=1768792102.3175721168518066406250 HTTP/1.1" 200 0 "-" "WordPress/6.9; https://eliteewallet.com"
43.157.148.38 - - [19/Jan/2026:06:08:21 +0300] "GET / HTTP/1.1" 301 0 "http://www.eliteewallet.com" "Mozilla/5.0 (iPhone; CPU iPhone OS 13_2_3 like Mac OS X) AppleWebKit/605.1.15 (KHTML, like Gecko) Version/13.0.3 Mobile/15E148 Safari/604.1"
57.128.52.136 - - [19/Jan/2026:06:22:23 +0300] "POST /wp-cron.php?doing_wp_cron=1768792943.1908888816833496093750 HTTP/1.1" 200 0 "-" "WordPress/6.9; https://eliteewallet.com"
154.47.27.80 - - [19/Jan/2026:06:22:22 +0300] "POST /contact/ HTTP/1.0" 200 79767 "https://eliteewallet.com/contact/" "Mozilla/5.0 (Windows NT 10.0; Win64; x64) AppleWebKit/537.36 (KHTML, like Gecko) Chrome/103.0.5060.66 Safari/537.36"
57.128.52.136 - - [19/Jan/2026:06:28:36 +0300] "POST /wp-cron.php?doing_wp_cron=1768793316.7895529270172119140625 HTTP/1.1" 200 0 "-" "WordPress/6.9; https://eliteewallet.com"
159.203.111.237 - - [19/Jan/2026:06:28:35 +0300] "POST /wp-login.php HTTP/1.1" 200 6591 "-" "Mozilla/5.0"
57.128.52.136 - - [19/Jan/2026:06:35:59 +0300] "POST /wp-cron.php?doing_wp_cron=1768793759.0264670848846435546875 HTTP/1.1" 200 0 "-" "WordPress/6.9; https://eliteewallet.com"
43.173.179.5 - - [19/Jan/2026:06:37:12 +0300] "GET /?p=13 HTTP/1.1" 301 0 "-" "Mozilla/5.0 (Windows NT 10.0; Win64; x64) AppleWebKit/537.36 (KHTML, like Gecko) Chrome/117.0.0.0 Safari/537.36"
43.173.179.5 - - [19/Jan/2026:06:37:14 +0300] "GET /about/ HTTP/1.1" 200 16895 "https://eliteewallet.com/?p=13" "Mozilla/5.0 (Windows NT 10.0; Win64; x64) AppleWebKit/537.36 (KHTML, like Gecko) Chrome/117.0.0.0 Safari/537.36"
43.173.181.226 - - [19/Jan/2026:06:37:15 +0300] "GET /wp-content/uploads/elementor/css/post-13.css?ver=1768637926 HTTP/1.1" 200 273 "https://eliteewallet.com/?p=13" "Mozilla/5.0 (Windows NT 10.0; Win64; x64) AppleWebKit/537.36 (KHTML, like Gecko) Chrome/117.0.0.0 Safari/537.36"
57.128.52.136 - - [19/Jan/2026:07:10:09 +0300] "POST /wp-cron.php?doing_wp_cron=1768795809.5064880847930908203125 HTTP/1.1" 200 0 "-" "WordPress/6.9; https://eliteewallet.com"
141.98.11.44 - - [19/Jan/2026:07:13:30 +0300] "GET /wp-login.php HTTP/1.1" 200 1975 "https://www.bing.com/" "Mozilla/5.0 (X11; Ubuntu; Linux x86_64; rv:120.0.1) Gecko/20100101 Firefox/120.0.1"
141.98.11.44 - - [19/Jan/2026:07:13:30 +0300] "GET /wp-login.php HTTP/1.1" 200 1975 "https://www.google.com/" "Mozilla/5.0 (Macintosh; Intel Mac OS X 13_6_1) AppleWebKit/605.1.15 (KHTML, like Gecko) Version/17.2.1 Safari/605.1.15"
141.98.11.44 - - [19/Jan/2026:07:13:30 +0300] "GET /wp-admin/ HTTP/1.1" 302 0 "-" "Mozilla/5.0 (Macintosh; Intel Mac OS X 10.15) Gecko/20100101 Firefox/121.0"
141.98.11.44 - - [19/Jan/2026:07:13:34 +0300] "GET /wp-login.php?redirect_to=https%3A%2F%2Feliteewallet.com%2Fwp-admin%2F&reauth=1 HTTP/1.1" 200 1977 "-" "Mozilla/5.0 (Macintosh; Intel Mac OS X 10.15) Gecko/20100101 Firefox/121.0"
57.128.52.136 - - [19/Jan/2026:07:13:32 +0300] "POST /wp-admin/admin-ajax.php?action=as_async_request_queue_runner&nonce=983425e691 HTTP/1.1" 200 0 "-" "WordPress/6.9; https://eliteewallet.com"
159.203.166.124 - - [19/Jan/2026:06:35:58 +0300] "POST /wp-login.php HTTP/1.1" 200 6591 "-" "Mozilla/5.0"
57.128.52.136 - - [19/Jan/2026:06:37:14 +0300] "POST /wp-cron.php?doing_wp_cron=1768793834.0918450355529785156250 HTTP/1.1" 200 0 "-" "WordPress/6.9; https://eliteewallet.com"
43.173.181.45 - - [19/Jan/2026:06:37:15 +0300] "GET /wp-content/plugins/the-plus-addons-for-elementor-page-builder/includes/user-experience/update-popup/tp-update-plugin-popup.js?ver=6.4.61768637926 HTTP/1.1" 200 898 "https://eliteewallet.com/?p=13" "Mozilla/5.0 (Windows NT 10.0; Win64; x64) AppleWebKit/537.36 (KHTML, like Gecko) Chrome/117.0.0.0 Safari/537.36"
185.199.223.27 - - [19/Jan/2026:07:10:04 +0300] "POST /wp-login.php HTTP/1.1" 200 2360 "-" "Mozilla/5.0 (Windows NT 10.0; Win64; x64; rv:89.0) Gecko/20100101 Firefox/89.0"
18.208.11.93 - - [19/Jan/2026:07:10:24 +0300] "GET /wp-json/wp/v2/pages/14 HTTP/1.1" 200 2150 "-" "Mozilla/5.0 AppleWebKit/537.36 (KHTML, like Gecko; compatible; Amazonbot/0.1; +https://developer.amazon.com/support/amazonbot) Chrome/119.0.6045.214 Safari/537.36"
57.128.52.136 - - [19/Jan/2026:07:13:34 +0300] "POST /wp-cron.php?doing_wp_cron=1768796013.9079461097717285156250 HTTP/1.1" 200 0 "-" "WordPress/6.9; https://eliteewallet.com"
92.222.104.211 - - [19/Jan/2026:07:16:06 +0300] "GET /category/uncategorized/ HTTP/2" 200 12415 "-" "Mozilla/5.0 (compatible; AhrefsBot/7.0; +http://ahrefs.com/robot/)"
172.96.85.65 - - [19/Jan/2026:07:20:57 +0300] "GET / HTTP/1.1" 200 35680 "-" "Mozilla/5.0 (X11; Linux x86_64) AppleWebKit/537.36 (KHTML, like Gecko) Chrome/141.0.0.0 Safari/537.36"
57.128.52.136 - - [19/Jan/2026:07:13:41 +0300] "POST /wp-cron.php?doing_wp_cron=1768796021.7000749111175537109375 HTTP/1.1" 200 0 "-" "WordPress/6.9; https://eliteewallet.com"
92.222.104.220 - - [19/Jan/2026:07:17:08 +0300] "GET /wp-content/plugins/the-plus-addons-for-elementor-page-builder/includes/user-experience/update-popup/tp-update-plugin-popup.js?ver=6.4.61768733964 HTTP/2" 200 753 "-" "Mozilla/5.0 (compatible; AhrefsBot/7.0; +http://ahrefs.com/robot/)"
57.128.52.136 - - [19/Jan/2026:07:35:08 +0300] "POST /wp-cron.php?doing_wp_cron=1768797308.5725610256195068359375 HTTP/1.1" 200 0 "-" "WordPress/6.9; https://eliteewallet.com"
4.194.107.19 - - [19/Jan/2026:07:35:07 +0300] "GET /wp-content/plugins/hellopress/wp_filemanager.php HTTP/1.1" 404 64997 "-" "-"
4.194.107.19 - - [19/Jan/2026:07:35:09 +0300] "GET /var/www/tagtek/good.php HTTP/1.1" 404 64997 "-" "-"
4.194.107.19 - - [19/Jan/2026:07:35:11 +0300] "GET /f35.php HTTP/1.1" 404 64997 "-" "-"
4.194.107.19 - - [19/Jan/2026:07:35:13 +0300] "GET /nae.php HTTP/1.1" 404 64997 "-" "-"
4.194.107.19 - - [19/Jan/2026:07:35:14 +0300] "GET /tx38.php HTTP/1.1" 404 64997 "-" "-"
4.194.107.19 - - [19/Jan/2026:07:35:16 +0300] "GET /b.php HTTP/1.1" 404 64997 "-" "-"
4.194.107.19 - - [19/Jan/2026:07:35:18 +0300] "GET /cw.php HTTP/1.1" 404 64997 "-" "-"
4.194.107.19 - - [19/Jan/2026:07:35:19 +0300] "GET /h.php HTTP/1.1" 404 64997 "-" "-"
4.194.107.19 - - [19/Jan/2026:07:35:21 +0300] "GET /wp-2020.php HTTP/1.1" 404 64997 "-" "-"
4.194.107.19 - - [19/Jan/2026:07:35:22 +0300] "GET /f2f.php HTTP/1.1" 404 64997 "-" "-"
4.194.107.19 - - [19/Jan/2026:07:35:24 +0300] "GET /eru.php HTTP/1.1" 404 64997 "-" "-"
4.194.107.19 - - [19/Jan/2026:07:35:26 +0300] "GET /uploader.php HTTP/1.1" 404 64997 "-" "-"
4.194.107.19 - - [19/Jan/2026:07:35:29 +0300] "GET /.env.php HTTP/1.1" 404 64997 "-" "-"
4.194.107.19 - - [19/Jan/2026:07:35:31 +0300] "GET /udd.php HTTP/1.1" 404 64997 "-" "-"
4.194.107.19 - - [19/Jan/2026:07:35:33 +0300] "GET /xae.php HTTP/1.1" 404 64997 "-" "-"
4.194.107.19 - - [19/Jan/2026:07:35:35 +0300] "GET /pi.php HTTP/1.1" 404 64997 "-" "-"
4.194.107.19 - - [19/Jan/2026:07:35:36 +0300] "GET /wp-db.php HTTP/1.1" 404 64997 "-" "-"
4.194.107.19 - - [19/Jan/2026:07:35:38 +0300] "GET /lx.php HTTP/1.1" 404 64997 "-" "-"
4.194.107.19 - - [19/Jan/2026:07:35:41 +0300] "GET /batm.php HTTP/1.1" 404 64997 "-" "-"
4.194.107.19 - - [19/Jan/2026:07:35:44 +0300] "GET /wp-add.php HTTP/1.1" 404 64997 "-" "-"
4.194.107.19 - - [19/Jan/2026:07:35:45 +0300] "GET /lm13.php HTTP/1.1" 404 64997 "-" "-"
4.194.107.19 - - [19/Jan/2026:07:35:47 +0300] "GET /wan.php HTTP/1.1" 404 64997 "-" "-"
4.194.107.19 - - [19/Jan/2026:07:35:49 +0300] "GET /bypass403.php HTTP/1.1" 404 64997 "-" "-"
4.194.107.19 - - [19/Jan/2026:07:35:50 +0300] "GET /444.php HTTP/1.1" 404 64997 "-" "-"
4.194.107.19 - - [19/Jan/2026:07:35:53 +0300] "GET /fosil.php HTTP/1.1" 404 64997 "-" "-"
4.194.107.19 - - [19/Jan/2026:07:35:55 +0300] "GET /xzs.php HTTP/1.1" 404 64997 "-" "-"
4.194.107.19 - - [19/Jan/2026:07:35:56 +0300] "GET /led.php HTTP/1.1" 404 64997 "-" "-"
4.194.107.19 - - [19/Jan/2026:07:35:58 +0300] "GET /LA.php HTTP/1.1" 404 64997 "-" "-"
4.194.107.19 - - [19/Jan/2026:07:36:00 +0300] "GET /wsz.php HTTP/1.1" 404 64997 "-" "-"
4.194.107.19 - - [19/Jan/2026:07:36:03 +0300] "GET /edit.php HTTP/1.1" 404 64997 "-" "-"
4.194.107.19 - - [19/Jan/2026:07:36:05 +0300] "GET /flower2.php HTTP/1.1" 404 64997 "-" "-"
4.194.107.19 - - [19/Jan/2026:07:36:08 +0300] "GET /ans.php HTTP/1.1" 404 64997 "-" "-"
4.194.107.19 - - [19/Jan/2026:07:36:09 +0300] "GET /bs1.php HTTP/1.1" 404 64997 "-" "-"
4.194.107.19 - - [19/Jan/2026:07:36:11 +0300] "GET /o2.php HTTP/1.1" 404 64997 "-" "-"
4.194.107.19 - - [19/Jan/2026:07:36:13 +0300] "GET /ova.php HTTP/1.1" 404 64997 "-" "-"
4.194.107.19 - - [19/Jan/2026:07:36:14 +0300] "GET /past.php HTTP/1.1" 404 64997 "-" "-"
4.194.107.19 - - [19/Jan/2026:07:36:16 +0300] "GET /ws37.php HTTP/1.1" 404 64997 "-" "-"
4.194.107.19 - - [19/Jan/2026:07:36:18 +0300] "GET /wpup.php HTTP/1.1" 404 64997 "-" "-"
4.194.107.19 - - [19/Jan/2026:07:36:20 +0300] "GET /defaul.php HTTP/1.1" 404 64997 "-" "-"
4.194.107.19 - - [19/Jan/2026:07:36:22 +0300] "GET /mc.php HTTP/1.1" 404 64997 "-" "-"
4.194.107.19 - - [19/Jan/2026:07:36:23 +0300] "GET /woh.php HTTP/1.1" 404 64997 "-" "-"
4.194.107.19 - - [19/Jan/2026:07:36:25 +0300] "GET /lok.php HTTP/1.1" 404 64997 "-" "-"
4.194.107.19 - - [19/Jan/2026:07:36:27 +0300] "GET /991176.php HTTP/1.1" 404 64997 "-" "-"
4.194.107.19 - - [19/Jan/2026:07:36:29 +0300] "GET /ws45.php HTTP/1.1" 404 64997 "-" "-"
4.194.107.19 - - [19/Jan/2026:07:36:31 +0300] "GET /ws33.php HTTP/1.1" 404 64997 "-" "-"
4.194.107.19 - - [19/Jan/2026:07:36:33 +0300] "GET /tiny.php HTTP/1.1" 404 64997 "-" "-"
4.194.107.19 - - [19/Jan/2026:07:36:34 +0300] "GET /goat1.php HTTP/1.1" 404 64997 "-" "-"
4.194.107.19 - - [19/Jan/2026:07:36:36 +0300] "GET /xeqdlun.php HTTP/1.1" 404 64997 "-" "-"
4.194.107.19 - - [19/Jan/2026:07:36:38 +0300] "GET /wen.php HTTP/1.1" 404 64997 "-" "-"
4.194.107.19 - - [19/Jan/2026:07:36:40 +0300] "GET /ws34.php HTTP/1.1" 404 64997 "-" "-"
4.194.107.19 - - [19/Jan/2026:07:36:41 +0300] "GET /b0.php HTTP/1.1" 404 64997 "-" "-"
4.194.107.19 - - [19/Jan/2026:07:36:43 +0300] "GET /var/www/tagtek/bless.php HTTP/1.1" 404 64997 "-" "-"
4.194.107.19 - - [19/Jan/2026:07:36:45 +0300] "GET /rcc.php HTTP/1.1" 404 64997 "-" "-"
4.194.107.19 - - [19/Jan/2026:07:36:46 +0300] "GET /xp.php HTTP/1.1" 404 64997 "-" "-"
4.194.107.19 - - [19/Jan/2026:07:36:48 +0300] "GET /cux.php HTTP/1.1" 404 64997 "-" "-"
4.194.107.19 - - [19/Jan/2026:07:36:50 +0300] "GET /family.php HTTP/1.1" 404 64997 "-" "-"
4.194.107.19 - - [19/Jan/2026:07:36:52 +0300] "GET /ss.php HTTP/1.1" 404 64997 "-" "-"
4.194.107.19 - - [19/Jan/2026:07:36:53 +0300] "GET /Njima.php HTTP/1.1" 404 64997 "-" "-"
4.194.107.19 - - [19/Jan/2026:07:36:56 +0300] "GET /wp-2018.php HTTP/1.1" 404 64997 "-" "-"
4.194.107.19 - - [19/Jan/2026:07:36:58 +0300] "GET /asf.php HTTP/1.1" 404 64997 "-" "-"
4.194.107.19 - - [19/Jan/2026:07:37:00 +0300] "GET /ulc2.ph HTTP/1.1" 404 64997 "-" "-"
4.194.107.19 - - [19/Jan/2026:07:37:02 +0300] "GET /berm.php HTTP/1.1" 404 64997 "-" "-"
4.194.107.19 - - [19/Jan/2026:07:37:04 +0300] "GET /indosec.php HTTP/1.1" 404 64997 "-" "-"
4.194.107.19 - - [19/Jan/2026:07:37:06 +0300] "GET /hshs.php HTTP/1.1" 404 64997 "-" "-"
4.194.107.19 - - [19/Jan/2026:07:37:09 +0300] "GET /new4.php HTTP/1.1" 404 64997 "-" "-"
4.194.107.19 - - [19/Jan/2026:07:37:11 +0300] "GET /fck.php HTTP/1.1" 404 64997 "-" "-"
4.194.107.19 - - [19/Jan/2026:07:37:14 +0300] "GET /87.php HTTP/1.1" 404 64997 "-" "-"
4.194.107.19 - - [19/Jan/2026:07:37:16 +0300] "GET /tons.php HTTP/1.1" 404 64997 "-" "-"
4.194.107.19 - - [19/Jan/2026:07:37:17 +0300] "GET /Cache.php HTTP/1.1" 404 64997 "-" "-"
4.194.107.19 - - [19/Jan/2026:07:37:19 +0300] "GET /504.php HTTP/1.1" 404 64997 "-" "-"
4.194.107.19 - - [19/Jan/2026:07:37:21 +0300] "GET /nox.php HTTP/1.1" 404 64997 "-" "-"
4.194.107.19 - - [19/Jan/2026:07:37:23 +0300] "GET /xinder.php HTTP/1.1" 404 64997 "-" "-"
4.194.107.19 - - [19/Jan/2026:07:37:25 +0300] "GET /sxx.php HTTP/1.1" 404 64997 "-" "-"
4.194.107.19 - - [19/Jan/2026:07:37:26 +0300] "GET /gif.php HTTP/1.1" 404 64997 "-" "-"
4.194.107.19 - - [19/Jan/2026:07:37:28 +0300] "GET /ws38.php HTTP/1.1" 404 64997 "-" "-"
4.194.107.19 - - [19/Jan/2026:07:37:30 +0300] "GET /an8.php HTTP/1.1" 404 64997 "-" "-"
4.194.107.19 - - [19/Jan/2026:07:37:32 +0300] "GET /z57.php HTTP/1.1" 404 64997 "-" "-"
4.194.107.19 - - [19/Jan/2026:07:37:34 +0300] "GET /cp.php HTTP/1.1" 404 64997 "-" "-"
4.194.107.19 - - [19/Jan/2026:07:37:36 +0300] "GET /lisa.php HTTP/1.1" 404 64997 "-" "-"
4.194.107.19 - - [19/Jan/2026:07:37:38 +0300] "GET /oo.php HTTP/1.1" 404 64997 "-" "-"
4.194.107.19 - - [19/Jan/2026:07:37:41 +0300] "GET /vxrl.php HTTP/1.1" 404 64997 "-" "-"
4.194.107.19 - - [19/Jan/2026:07:37:43 +0300] "GET /ws28.php HTTP/1.1" 404 64997 "-" "-"
4.194.107.19 - - [19/Jan/2026:07:37:45 +0300] "GET /mariju.php HTTP/1.1" 404 64997 "-" "-"
4.194.107.19 - - [19/Jan/2026:07:37:47 +0300] "GET /api.php HTTP/1.1" 404 64997 "-" "-"
4.194.107.19 - - [19/Jan/2026:07:37:49 +0300] "GET /s.php HTTP/1.1" 404 64997 "-" "-"
4.194.107.19 - - [19/Jan/2026:07:37:51 +0300] "GET /ws35.php HTTP/1.1" 404 64997 "-" "-"
4.194.107.19 - - [19/Jan/2026:07:37:53 +0300] "GET /h8h9.php HTTP/1.1" 404 64997 "-" "-"
4.194.107.19 - - [19/Jan/2026:07:37:55 +0300] "GET /w0.php HTTP/1.1" 404 64997 "-" "-"
4.194.107.19 - - [19/Jan/2026:07:37:57 +0300] "GET /indo.php HTTP/1.1" 404 64997 "-" "-"
4.194.107.19 - - [19/Jan/2026:07:37:59 +0300] "GET /lanz.php HTTP/1.1" 404 64997 "-" "-"
4.194.107.19 - - [19/Jan/2026:07:38:01 +0300] "GET /amax.php HTTP/1.1" 404 64997 "-" "-"
4.194.107.19 - - [19/Jan/2026:07:38:03 +0300] "GET /zy.php HTTP/1.1" 404 64997 "-" "-"
4.194.107.19 - - [19/Jan/2026:07:38:06 +0300] "GET /mini.php HTTP/1.1" 404 64997 "-" "-"
4.194.107.19 - - [19/Jan/2026:07:38:08 +0300] "GET /f0x.php HTTP/1.1" 404 64997 "-" "-"
4.194.107.19 - - [19/Jan/2026:07:38:10 +0300] "GET /yyy.php HTTP/1.1" 404 64997 "-" "-"
4.194.107.19 - - [19/Jan/2026:07:38:11 +0300] "GET /hehehehe.php HTTP/1.1" 404 64997 "-" "-"
4.194.107.19 - - [19/Jan/2026:07:38:14 +0300] "GET /ki1k.php HTTP/1.1" 404 64997 "-" "-"
4.194.107.19 - - [19/Jan/2026:07:38:15 +0300] "GET /jp.php HTTP/1.1" 404 64997 "-" "-"
4.194.107.19 - - [19/Jan/2026:07:38:17 +0300] "GET /21x.php HTTP/1.1" 404 64997 "-" "-"
4.194.107.19 - - [19/Jan/2026:07:38:19 +0300] "GET /ws36.php HTTP/1.1" 404 64997 "-" "-"
4.194.107.19 - - [19/Jan/2026:07:38:20 +0300] "GET /new.php HTTP/1.1" 404 64997 "-" "-"
4.194.107.19 - - [19/Jan/2026:07:38:22 +0300] "GET /sellSEX.php HTTP/1.1" 404 64997 "-" "-"
4.194.107.19 - - [19/Jan/2026:07:38:23 +0300] "GET /ths.php HTTP/1.1" 404 64997 "-" "-"
4.194.107.19 - - [19/Jan/2026:07:38:25 +0300] "GET /xxw.php HTTP/1.1" 404 64997 "-" "-"
4.194.107.19 - - [19/Jan/2026:07:38:26 +0300] "GET /xeeex.php HTTP/1.1" 404 64997 "-" "-"
4.194.107.19 - - [19/Jan/2026:07:38:28 +0300] "GET /alfa1.php HTTP/1.1" 404 64997 "-" "-"
4.194.107.19 - - [19/Jan/2026:07:38:30 +0300] "GET /bras.php HTTP/1.1" 404 64997 "-" "-"
4.194.107.19 - - [19/Jan/2026:07:38:32 +0300] "GET /public/new2.php HTTP/1.1" 404 64997 "-" "-"
4.194.107.19 - - [19/Jan/2026:07:38:34 +0300] "GET /goat.php HTTP/1.1" 404 64997 "-" "-"
4.194.107.19 - - [19/Jan/2026:07:38:35 +0300] "GET /wp-good.php HTTP/1.1" 404 64997 "-" "-"
4.194.107.19 - - [19/Jan/2026:07:38:37 +0300] "GET /aks.php HTTP/1.1" 404 64997 "-" "-"
4.194.107.19 - - [19/Jan/2026:07:38:38 +0300] "GET /dirs.php HTTP/1.1" 404 64997 "-" "-"
4.194.107.19 - - [19/Jan/2026:07:38:40 +0300] "GET /000.php HTTP/1.1" 404 64997 "-" "-"
4.194.107.19 - - [19/Jan/2026:07:38:42 +0300] "GET /00.php HTTP/1.1" 404 64997 "-" "-"
4.194.107.19 - - [19/Jan/2026:07:38:43 +0300] "GET /w.php HTTP/1.1" 404 64997 "-" "-"
4.194.107.19 - - [19/Jan/2026:07:38:45 +0300] "GET /f8.php HTTP/1.1" 404 64997 "-" "-"
4.194.107.19 - - [19/Jan/2026:07:38:47 +0300] "GET /dds.php HTTP/1.1" 404 64997 "-" "-"
4.194.107.19 - - [19/Jan/2026:07:38:49 +0300] "GET /sck.php HTTP/1.1" 404 64997 "-" "-"
4.194.107.19 - - [19/Jan/2026:07:38:50 +0300] "GET /bless14.php HTTP/1.1" 404 64997 "-" "-"
4.194.107.19 - - [19/Jan/2026:07:38:52 +0300] "GET /as.php HTTP/1.1" 404 64997 "-" "-"
4.194.107.19 - - [19/Jan/2026:07:38:54 +0300] "GET /file17.php HTTP/1.1" 404 64997 "-" "-"
4.194.107.19 - - [19/Jan/2026:07:38:56 +0300] "GET /b374k.php HTTP/1.1" 404 64997 "-" "-"
4.194.107.19 - - [19/Jan/2026:07:38:57 +0300] "GET /old-index.php HTTP/1.1" 404 64997 "-" "-"
4.194.107.19 - - [19/Jan/2026:07:38:59 +0300] "GET /acwfihfh.php HTTP/1.1" 404 64997 "-" "-"
4.194.107.19 - - [19/Jan/2026:07:39:00 +0300] "GET /vv.php HTTP/1.1" 404 64997 "-" "-"
4.194.107.19 - - [19/Jan/2026:07:39:02 +0300] "GET /JPG.php HTTP/1.1" 404 64997 "-" "-"
4.194.107.19 - - [19/Jan/2026:07:39:04 +0300] "GET /ma.php HTTP/1.1" 404 64997 "-" "-"
4.194.107.19 - - [19/Jan/2026:07:39:06 +0300] "GET /pn.php HTTP/1.1" 404 64997 "-" "-"
4.194.107.19 - - [19/Jan/2026:07:39:08 +0300] "GET /alfa3.php HTTP/1.1" 404 64997 "-" "-"
4.194.107.19 - - [19/Jan/2026:07:39:10 +0300] "GET /rendi59.php HTTP/1.1" 404 64997 "-" "-"
4.194.107.19 - - [19/Jan/2026:07:39:11 +0300] "GET /2index.php HTTP/1.1" 404 64997 "-" "-"
4.194.107.19 - - [19/Jan/2026:07:39:13 +0300] "GET /1p.php HTTP/1.1" 404 64997 "-" "-"
4.194.107.19 - - [19/Jan/2026:07:39:15 +0300] "GET /.rxr.php HTTP/1.1" 404 64997 "-" "-"
4.194.107.19 - - [19/Jan/2026:07:39:16 +0300] "GET /13.php HTTP/1.1" 404 64997 "-" "-"
4.194.107.19 - - [19/Jan/2026:07:39:18 +0300] "GET /xxxx.php HTTP/1.1" 404 64997 "-" "-"
4.194.107.19 - - [19/Jan/2026:07:39:20 +0300] "GET /out.php HTTP/1.1" 404 64997 "-" "-"
4.194.107.19 - - [19/Jan/2026:07:39:21 +0300] "GET /xa.php HTTP/1.1" 404 64997 "-" "-"
4.194.107.19 - - [19/Jan/2026:07:39:23 +0300] "GET /var/www/tagtek/ans.php HTTP/1.1" 404 64997 "-" "-"
4.194.107.19 - - [19/Jan/2026:07:39:24 +0300] "GET /back.php HTTP/1.1" 404 64997 "-" "-"
4.194.107.19 - - [19/Jan/2026:07:39:26 +0300] "GET /elp.php HTTP/1.1" 404 64997 "-" "-"
4.194.107.19 - - [19/Jan/2026:07:39:27 +0300] "GET /se.php HTTP/1.1" 404 64997 "-" "-"
4.194.107.19 - - [19/Jan/2026:07:39:29 +0300] "GET /esp.php HTTP/1.1" 404 64997 "-" "-"
4.194.107.19 - - [19/Jan/2026:07:39:31 +0300] "GET /rc.php HTTP/1.1" 404 64997 "-" "-"
159.203.111.237 - - [19/Jan/2026:08:14:56 +0300] "POST /wp-login.php HTTP/1.1" 200 6591 "-" "Mozilla/5.0"
57.128.52.136 - - [19/Jan/2026:08:22:55 +0300] "POST /wp-cron.php?doing_wp_cron=1768800175.7460939884185791015625 HTTP/1.1" 200 0 "-" "WordPress/6.9; https://eliteewallet.com"
57.128.52.136 - - [19/Jan/2026:08:24:13 +0300] "POST /wp-cron.php?doing_wp_cron=1768800253.2515690326690673828125 HTTP/1.1" 200 0 "-" "WordPress/6.9; https://eliteewallet.com"
57.128.52.136 - - [19/Jan/2026:07:31:59 +0300] "POST /wp-cron.php?doing_wp_cron=1768797119.5471758842468261718750 HTTP/1.1" 200 0 "-" "WordPress/6.9; https://eliteewallet.com"
64.225.13.21 - - [19/Jan/2026:07:31:58 +0300] "POST /wp-login.php HTTP/1.1" 200 6591 "-" "Mozilla/5.0"
57.128.52.136 - - [19/Jan/2026:07:35:38 +0300] "POST /wp-cron.php?doing_wp_cron=1768797338.2523269653320312500000 HTTP/1.1" 200 0 "-" "WordPress/6.9; https://eliteewallet.com"
57.128.52.136 - - [19/Jan/2026:07:36:37 +0300] "POST /wp-cron.php?doing_wp_cron=1768797397.6902220249176025390625 HTTP/1.1" 200 0 "-" "WordPress/6.9; https://eliteewallet.com"
57.128.52.136 - - [19/Jan/2026:07:37:38 +0300] "POST /wp-cron.php?doing_wp_cron=1768797458.3271670341491699218750 HTTP/1.1" 200 0 "-" "WordPress/6.9; https://eliteewallet.com"
57.128.52.136 - - [19/Jan/2026:07:38:38 +0300] "POST /wp-cron.php?doing_wp_cron=1768797518.3618109226226806640625 HTTP/1.1" 200 0 "-" "WordPress/6.9; https://eliteewallet.com"
35.225.81.143 - - [19/Jan/2026:08:22:54 +0300] "POST / HTTP/1.1" 200 175876 "-" "Mozilla/5.0 (Windows NT 10.0; Win64; x64) AppleWebKit/537.36 (KHTML, like Gecko) Chrome/143.0.0.0 Safari/537.36"
206.189.98.194 - - [19/Jan/2026:08:24:12 +0300] "POST /wp-login.php HTTP/1.1" 200 2299 "-" "Mozilla/5.0 (Windows NT 10.0; Win64; x64; rv:96.0) Gecko/20100101 Firefox/96.0"
51.68.111.212 - - [19/Jan/2026:08:41:11 +0300] "GET /robots.txt HTTP/1.1" 200 96 "-" "Mozilla/5.0 (compatible; MJ12bot/v2.0.4; http://mj12bot.com/)"
51.68.111.212 - - [19/Jan/2026:08:41:11 +0300] "GET / HTTP/1.1" 200 31103 "-" "Mozilla/5.0 (compatible; MJ12bot/v2.0.4; http://mj12bot.com/)"
57.128.52.136 - - [19/Jan/2026:08:58:31 +0300] "POST /wp-cron.php?doing_wp_cron=1768802311.3850491046905517578125 HTTP/1.1" 200 0 "-" "WordPress/6.9; https://eliteewallet.com"
57.128.52.136 - - [19/Jan/2026:09:15:57 +0300] "POST /wp-cron.php?doing_wp_cron=1768803357.8079519271850585937500 HTTP/1.1" 200 0 "-" "WordPress/6.9; https://eliteewallet.com"
64.225.13.21 - - [19/Jan/2026:08:58:28 +0300] "POST /wp-login.php HTTP/1.1" 200 6591 "-" "Mozilla/5.0"
57.128.52.136 - - [19/Jan/2026:09:02:12 +0300] "POST /wp-cron.php?doing_wp_cron=1768802532.0290029048919677734375 HTTP/1.1" 200 0 "-" "WordPress/6.9; https://eliteewallet.com"
216.24.210.179 - - [19/Jan/2026:09:05:44 +0300] "GET /wp-login.php HTTP/1.1" 200 2197 "-" "Mozilla/5.0"
57.128.52.136 - - [19/Jan/2026:09:05:49 +0300] "POST /wp-cron.php?doing_wp_cron=1768802749.8426589965820312500000 HTTP/1.1" 200 0 "-" "WordPress/6.9; https://eliteewallet.com"
216.24.210.179 - - [19/Jan/2026:09:05:48 +0300] "GET /?author=1 HTTP/1.1" 301 0 "-" "Mozilla/5.0"
216.24.210.179 - - [19/Jan/2026:09:05:50 +0300] "GET /?rest_route=/wp/v2/users HTTP/1.1" 200 379 "-" "Mozilla/5.0"
38.248.89.227 - - [19/Jan/2026:09:10:36 +0300] "GET /wp-login.php HTTP/1.1" 200 2197 "-" "Mozilla/5.0"
57.128.52.136 - - [19/Jan/2026:09:10:38 +0300] "POST /wp-cron.php?doing_wp_cron=1768803038.4411439895629882812500 HTTP/1.1" 200 0 "-" "WordPress/6.9; https://eliteewallet.com"
38.248.89.227 - - [19/Jan/2026:09:10:37 +0300] "GET /?author=1 HTTP/1.1" 301 0 "-" "Mozilla/5.0"
38.248.89.227 - - [19/Jan/2026:09:10:38 +0300] "GET /?author=2 HTTP/1.1" 404 13770 "-" "Mozilla/5.0"
159.203.166.124 - - [19/Jan/2026:09:15:56 +0300] "POST /wp-login.php HTTP/1.1" 200 6591 "-" "Mozilla/5.0"
204.76.203.25 - - [19/Jan/2026:09:23:33 +0300] "GET / HTTP/1.1" 200 175523 "-" "Mozilla/5.0 (Windows NT 10.0; Win64; x64) AppleWebKit/537.36 (KHTML, like Gecko) Chrome/134.0.0.0 Safari/537.3"
57.128.52.136 - - [19/Jan/2026:09:28:15 +0300] "POST /wp-cron.php?doing_wp_cron=1768804095.6454329490661621093750 HTTP/1.1" 200 0 "-" "WordPress/6.9; https://eliteewallet.com"
51.89.25.52 - - [19/Jan/2026:09:28:14 +0300] "GET /assets/images/accesson.php HTTP/2" 404 64997 "-" "Mozilla/5.0 (Windows NT 10.0; Win64; x64) AppleWebKit/537.36 (KHTML, like Gecko) Chrome/127.0.0.0 Safari/537.36"
216.81.248.168 - - [19/Jan/2026:09:29:14 +0300] "GET /.git/config HTTP/1.1" 403 787 "-" "Mozilla/5.0 (Windows NT 6.2; rv:20.0) Gecko/20121202 Firefox/20.0"
57.128.52.136 - - [19/Jan/2026:09:36:44 +0300] "POST /wp-cron.php?doing_wp_cron=1768804604.2776548862457275390625 HTTP/1.1" 200 0 "-" "WordPress/6.9; https://eliteewallet.com"
57.128.52.136 - - [19/Jan/2026:09:49:59 +0300] "POST /wp-cron.php?doing_wp_cron=1768805399.0279300212860107421875 HTTP/1.1" 200 0 "-" "WordPress/6.9; https://eliteewallet.com"
173.239.218.43 - - [19/Jan/2026:09:49:58 +0300] "POST /wp-login.php HTTP/1.1" 200 6591 "-" "Mozilla/5.0"
149.57.191.47 - - [19/Jan/2026:10:01:57 +0300] "GET /faqs HTTP/2" 404 12253 "-" "Mozilla/5.0 (X11; Linux x86_64) AppleWebKit/537.36 (KHTML, like Gecko) Chrome/141.0.0.0 Safari/537.36"
149.57.191.47 - - [19/Jan/2026:10:01:59 +0300] "GET /wp-content/uploads/blocksy/css/global.css?ver=33467 HTTP/2" 200 2588 "https://eliteewallet.com/faqs" "Mozilla/5.0 (X11; Linux x86_64) AppleWebKit/537.36 (KHTML, like Gecko) Chrome/141.0.0.0 Safari/537.36"
149.57.191.47 - - [19/Jan/2026:10:01:59 +0300] "GET /wp-content/plugins/header-footer-elementor/inc/widgets-css/frontend.css?ver=2.8.1 HTTP/2" 200 8756 "https://eliteewallet.com/faqs" "Mozilla/5.0 (X11; Linux x86_64) AppleWebKit/537.36 (KHTML, like Gecko) Chrome/141.0.0.0 Safari/537.36"
149.57.191.47 - - [19/Jan/2026:10:01:59 +0300] "GET /wp-includes/css/dist/block-library/style.min.css?ver=6.9 HTTP/2" 200 14921 "https://eliteewallet.com/faqs" "Mozilla/5.0 (X11; Linux x86_64) AppleWebKit/537.36 (KHTML, like Gecko) Chrome/141.0.0.0 Safari/537.36"
149.57.191.47 - - [19/Jan/2026:10:01:59 +0300] "GET /wp-content/plugins/header-footer-elementor/assets/css/header-footer-elementor.css?ver=2.8.1 HTTP/2" 200 259 "https://eliteewallet.com/faqs" "Mozilla/5.0 (X11; Linux x86_64) AppleWebKit/537.36 (KHTML, like Gecko) Chrome/141.0.0.0 Safari/537.36"
149.57.191.47 - - [19/Jan/2026:10:01:59 +0300] "GET /wp-content/plugins/elementor/assets/css/frontend.min.css?ver=3.34.1 HTTP/2" 200 6584 "https://eliteewallet.com/faqs" "Mozilla/5.0 (X11; Linux x86_64) AppleWebKit/537.36 (KHTML, like Gecko) Chrome/141.0.0.0 Safari/537.36"
149.57.191.47 - - [19/Jan/2026:10:01:59 +0300] "GET /wp-content/uploads/elementor/css/post-80.css?ver=1768616402 HTTP/2" 200 449 "https://eliteewallet.com/faqs" "Mozilla/5.0 (X11; Linux x86_64) AppleWebKit/537.36 (KHTML, like Gecko) Chrome/141.0.0.0 Safari/537.36"
149.57.191.47 - - [19/Jan/2026:10:01:59 +0300] "GET /wp-content/uploads/theplus-addons/theplus-term-404.min.css?ver=1758748987 HTTP/2" 200 8096 "https://eliteewallet.com/faqs" "Mozilla/5.0 (X11; Linux x86_64) AppleWebKit/537.36 (KHTML, like Gecko) Chrome/141.0.0.0 Safari/537.36"
149.57.191.47 - - [19/Jan/2026:10:01:59 +0300] "GET /wp-content/themes/blocksy/static/bundle/main.min.css?ver=2.1.25 HTTP/2" 200 17613 "https://eliteewallet.com/faqs" "Mozilla/5.0 (X11; Linux x86_64) AppleWebKit/537.36 (KHTML, like Gecko) Chrome/141.0.0.0 Safari/537.36"
149.57.191.47 - - [19/Jan/2026:10:01:59 +0300] "GET /wp-content/themes/blocksy/static/bundle/page-title.min.css?ver=2.1.25 HTTP/2" 200 415 "https://eliteewallet.com/faqs" "Mozilla/5.0 (X11; Linux x86_64) AppleWebKit/537.36 (KHTML, like Gecko) Chrome/141.0.0.0 Safari/537.36"
149.57.191.47 - - [19/Jan/2026:10:01:59 +0300] "GET /wp-content/themes/blocksy/static/bundle/forminator.min.css?ver=2.1.25 HTTP/2" 200 1038 "https://eliteewallet.com/faqs" "Mozilla/5.0 (X11; Linux x86_64) AppleWebKit/537.36 (KHTML, like Gecko) Chrome/141.0.0.0 Safari/537.36"
149.57.191.47 - - [19/Jan/2026:10:01:59 +0300] "GET /wp-content/themes/blocksy/static/bundle/elementor-frontend.min.css?ver=2.1.25 HTTP/2" 200 308 "https://eliteewallet.com/faqs" "Mozilla/5.0 (X11; Linux x86_64) AppleWebKit/537.36 (KHTML, like Gecko) Chrome/141.0.0.0 Safari/537.36"
149.57.191.47 - - [19/Jan/2026:10:01:59 +0300] "GET /wp-content/plugins/elementor/assets/lib/eicons/css/elementor-icons.min.css?ver=5.34.0 HTTP/2" 200 4025 "https://eliteewallet.com/faqs" "Mozilla/5.0 (X11; Linux x86_64) AppleWebKit/537.36 (KHTML, like Gecko) Chrome/141.0.0.0 Safari/537.36"
149.57.191.47 - - [19/Jan/2026:10:01:59 +0300] "GET /wp-content/plugins/elementor/assets/css/widget-icon-list.min.css?ver=3.24.3 HTTP/2" 200 928 "https://eliteewallet.com/faqs" "Mozilla/5.0 (X11; Linux x86_64) AppleWebKit/537.36 (KHTML, like Gecko) Chrome/141.0.0.0 Safari/537.36"
149.57.191.47 - - [19/Jan/2026:10:01:59 +0300] "GET /wp-content/plugins/elementor/assets/css/widget-social-icons.min.css?ver=3.24.0 HTTP/2" 200 1039 "https://eliteewallet.com/faqs" "Mozilla/5.0 (X11; Linux x86_64) AppleWebKit/537.36 (KHTML, like Gecko) Chrome/141.0.0.0 Safari/537.36"
149.57.191.47 - - [19/Jan/2026:10:01:59 +0300] "GET /wp-content/plugins/elementor/assets/lib/font-awesome/css/brands.css?ver=5.15.3 HTTP/2" 200 296 "https://eliteewallet.com/faqs" "Mozilla/5.0 (X11; Linux x86_64) AppleWebKit/537.36 (KHTML, like Gecko) Chrome/141.0.0.0 Safari/537.36"
149.57.191.47 - - [19/Jan/2026:10:01:59 +0300] "GET /wp-content/plugins/elementor/assets/lib/font-awesome/css/fontawesome.css?ver=5.15.3 HTTP/2" 200 12526 "https://eliteewallet.com/faqs" "Mozilla/5.0 (X11; Linux x86_64) AppleWebKit/537.36 (KHTML, like Gecko) Chrome/141.0.0.0 Safari/537.36"
149.57.191.47 - - [19/Jan/2026:10:01:59 +0300] "GET /wp-content/plugins/elementor/assets/lib/font-awesome/css/solid.css?ver=5.15.3 HTTP/2" 200 296 "https://eliteewallet.com/faqs" "Mozilla/5.0 (X11; Linux x86_64) AppleWebKit/537.36 (KHTML, like Gecko) Chrome/141.0.0.0 Safari/537.36"
149.57.191.47 - - [19/Jan/2026:10:01:59 +0300] "GET /wp-content/uploads/elementor/google-fonts/css/tenorsans.css?ver=1742272663 HTTP/2" 200 408 "https://eliteewallet.com/faqs" "Mozilla/5.0 (X11; Linux x86_64) AppleWebKit/537.36 (KHTML, like Gecko) Chrome/141.0.0.0 Safari/537.36"
149.57.191.47 - - [19/Jan/2026:10:01:59 +0300] "GET /wp-content/uploads/elementor/google-fonts/css/roboto.css?ver=1742272704 HTTP/2" 200 1875 "https://eliteewallet.com/faqs" "Mozilla/5.0 (X11; Linux x86_64) AppleWebKit/537.36 (KHTML, like Gecko) Chrome/141.0.0.0 Safari/537.36"
149.57.191.47 - - [19/Jan/2026:10:01:59 +0300] "GET /wp-includes/js/jquery/jquery-migrate.min.js?ver=3.4.1 HTTP/2" 200 4678 "https://eliteewallet.com/faqs" "Mozilla/5.0 (X11; Linux x86_64) AppleWebKit/537.36 (KHTML, like Gecko) Chrome/141.0.0.0 Safari/537.36"
149.57.191.47 - - [19/Jan/2026:10:01:59 +0300] "GET /wp-content/plugins/the-plus-addons-for-elementor-page-builder/includes/user-experience/update-popup/tp-update-plugin-popup.js?ver=6.4.61768806119 HTTP/2" 200 753 "https://eliteewallet.com/faqs" "Mozilla/5.0 (X11; Linux x86_64) AppleWebKit/537.36 (KHTML, like Gecko) Chrome/141.0.0.0 Safari/537.36"
149.57.191.47 - - [19/Jan/2026:10:01:59 +0300] "GET /wp-includes/js/jquery/ui/core.min.js?ver=1.13.3 HTTP/2" 200 6812 "https://eliteewallet.com/faqs" "Mozilla/5.0 (X11; Linux x86_64) AppleWebKit/537.36 (KHTML, like Gecko) Chrome/141.0.0.0 Safari/537.36"
149.57.191.47 - - [19/Jan/2026:10:01:59 +0300] "GET /wp-includes/js/jquery/jquery.min.js?ver=3.7.1 HTTP/2" 200 29744 "https://eliteewallet.com/faqs" "Mozilla/5.0 (X11; Linux x86_64) AppleWebKit/537.36 (KHTML, like Gecko) Chrome/141.0.0.0 Safari/537.36"
149.57.191.47 - - [19/Jan/2026:10:01:59 +0300] "GET /wp-includes/js/jquery/ui/mouse.min.js?ver=1.13.3 HTTP/2" 200 1012 "https://eliteewallet.com/faqs" "Mozilla/5.0 (X11; Linux x86_64) AppleWebKit/537.36 (KHTML, like Gecko) Chrome/141.0.0.0 Safari/537.36"
149.57.191.47 - - [19/Jan/2026:10:01:59 +0300] "GET /wp-includes/js/jquery/ui/slider.min.js?ver=1.13.3 HTTP/2" 200 3010 "https://eliteewallet.com/faqs" "Mozilla/5.0 (X11; Linux x86_64) AppleWebKit/537.36 (KHTML, like Gecko) Chrome/141.0.0.0 Safari/537.36"
149.57.191.47 - - [19/Jan/2026:10:01:59 +0300] "GET /wp-content/uploads/theplus-addons/theplus-term-404.min.js?ver=1758748987 HTTP/2" 200 27216 "https://eliteewallet.com/faqs" "Mozilla/5.0 (X11; Linux x86_64) AppleWebKit/537.36 (KHTML, like Gecko) Chrome/141.0.0.0 Safari/537.36"
195.26.251.124 - - [19/Jan/2026:09:36:43 +0300] "POST /wp-login.php HTTP/1.1" 200 2360 "-" "Mozilla/5.0 (Windows NT 10.0; Win64; x64; rv:77.0) Gecko/20100101 Firefox/77.0"
57.128.52.136 - - [19/Jan/2026:09:57:15 +0300] "GET / HTTP/1.1" 200 175523 "-" "Mozilla/5.0 (Windows NT 10.0; Win64; x64; rv:122.0) Gecko/20100101 Firefox/122.0"
57.128.52.136 - - [19/Jan/2026:10:00:08 +0300] "POST /wp-cron.php?doing_wp_cron=1768806008.2164618968963623046875 HTTP/1.1" 200 0 "-" "WordPress/6.9; https://eliteewallet.com"
51.38.109.223 - - [19/Jan/2026:10:00:06 +0300] "GET /wp-content/plugins/modular-connector/vendor/symfony/var-dumper/Resources/js/htmlDescriptor.js HTTP/2" 404 64997 "-" "Mozilla/5.0 (Windows NT 10.0; Win64; x64) AppleWebKit/537.36 (KHTML, like Gecko) Chrome/127.0.0.0 Safari/537.36"
57.128.52.136 - - [19/Jan/2026:10:01:59 +0300] "POST /wp-cron.php?doing_wp_cron=1768806119.0940310955047607421875 HTTP/1.1" 200 0 "-" "WordPress/6.9; https://eliteewallet.com"
149.57.191.47 - - [19/Jan/2026:10:01:59 +0300] "GET /wp-content/themes/blocksy/static/bundle/main.js?ver=2.1.25 HTTP/2" 200 9640 "https://eliteewallet.com/faqs" "Mozilla/5.0 (X11; Linux x86_64) AppleWebKit/537.36 (KHTML, like Gecko) Chrome/141.0.0.0 Safari/537.36"
149.57.191.47 - - [19/Jan/2026:10:01:59 +0300] "GET /wp-content/uploads/elementor/google-fonts/fonts/tenorsans-bx6anxqunekx06ukixisn3v4cg.woff2 HTTP/2" 200 18588 "https://eliteewallet.com/wp-content/uploads/elementor/google-fonts/css/tenorsans.css?ver=1742272663" "Mozilla/5.0 (X11; Linux x86_64) AppleWebKit/537.36 (KHTML, like Gecko) Chrome/141.0.0.0 Safari/537.36"
149.57.191.47 - - [19/Jan/2026:10:02:00 +0300] "GET /wp-content/themes/blocksy/static/bundle/907.1390f43c75fed76e2bb4.js HTTP/2" 200 1927 "https://eliteewallet.com/faqs" "Mozilla/5.0 (X11; Linux x86_64) AppleWebKit/537.36 (KHTML, like Gecko) Chrome/141.0.0.0 Safari/537.36"
149.57.191.47 - - [19/Jan/2026:10:02:00 +0300] "GET /wp-content/themes/blocksy/static/bundle/641.656abb12c469e8c7581a.js HTTP/2" 200 156 "https://eliteewallet.com/faqs" "Mozilla/5.0 (X11; Linux x86_64) AppleWebKit/537.36 (KHTML, like Gecko) Chrome/141.0.0.0 Safari/537.36"
57.128.52.136 - - [19/Jan/2026:10:02:59 +0300] "POST /wp-cron.php?doing_wp_cron=1768806179.7571239471435546875000 HTTP/1.1" 200 0 "-" "WordPress/6.9; https://eliteewallet.com"
159.203.111.237 - - [19/Jan/2026:10:02:58 +0300] "POST /wp-login.php HTTP/1.1" 200 6591 "-" "Mozilla/5.0"
57.128.52.136 - - [19/Jan/2026:10:27:19 +0300] "POST /wp-cron.php?doing_wp_cron=1768807639.0739269256591796875000 HTTP/1.1" 200 0 "-" "WordPress/6.9; https://eliteewallet.com"
64.225.13.21 - - [19/Jan/2026:10:27:16 +0300] "POST /wp-login.php HTTP/1.1" 200 6591 "-" "Mozilla/5.0"
107.189.29.20 - - [19/Jan/2026:10:29:03 +0300] "GET /wp-login.php HTTP/1.1" 200 6178 "-" "Mozilla/5.0 (iPad; CPU OS 7_1_1 like Mac OS X) AppleWebKit/537.51.2 (KHTML, like Gecko) Version/7.0 Mobile/11D201 Safari/9537.53"
107.189.29.20 - - [19/Jan/2026:10:29:03 +0300] "POST /wp-login.php HTTP/1.1" 200 6591 "-" "Mozilla/5.0 (iPad; CPU OS 7_1_1 like Mac OS X) AppleWebKit/537.51.2 (KHTML, like Gecko) Version/7.0 Mobile/11D201 Safari/9537.53"
51.89.25.52 - - [19/Jan/2026:10:29:16 +0300] "GET /?check_plugin HTTP/2" 200 175409 "-" "Mozilla/5.0 (Windows NT 10.0; Win64; x64) AppleWebKit/537.36 (KHTML, like Gecko) Chrome/127.0.0.0 Safari/537.36"
57.128.52.136 - - [19/Jan/2026:10:35:19 +0300] "POST /wp-cron.php?doing_wp_cron=1768808119.9262480735778808593750 HTTP/1.1" 200 0 "-" "WordPress/6.9; https://eliteewallet.com"
104.28.82.48 - - [19/Jan/2026:10:35:18 +0300] "GET /.well-known/passkey-endpoints HTTP/2" 404 12253 "-" "com.apple.AuthenticationServicesCore.AuthenticationServicesAgent/8623.1.14.10.9 CFNetwork/3860.300.31 Darwin/25.2.0"
57.128.52.136 - - [19/Jan/2026:10:29:05 +0300] "POST /wp-cron.php?doing_wp_cron=1768807745.7667460441589355468750 HTTP/1.1" 200 0 "-" "WordPress/6.9; https://eliteewallet.com"
57.128.52.136 - - [19/Jan/2026:10:46:16 +0300] "POST /wp-cron.php?doing_wp_cron=1768808776.1139979362487792968750 HTTP/1.1" 200 0 "-" "WordPress/6.9; https://eliteewallet.com"
1.15.52.154 - - [19/Jan/2026:10:48:49 +0300] "GET / HTTP/1.1" 301 0 "http://www.eliteewallet.com" "Mozilla/5.0 (iPhone; CPU iPhone OS 13_2_3 like Mac OS X) AppleWebKit/605.1.15 (KHTML, like Gecko) Version/13.0.3 Mobile/15E148 Safari/604.1"
1.15.52.154 - - [19/Jan/2026:10:48:56 +0300] "GET / HTTP/1.1" 200 35680 "https://www.eliteewallet.com/" "Mozilla/5.0 (iPhone; CPU iPhone OS 13_2_3 like Mac OS X) AppleWebKit/605.1.15 (KHTML, like Gecko) Version/13.0.3 Mobile/15E148 Safari/604.1"
57.128.52.136 - - [19/Jan/2026:10:52:52 +0300] "POST /wp-cron.php?doing_wp_cron=1768809172.8500840663909912109375 HTTP/1.1" 200 0 "-" "WordPress/6.9; https://eliteewallet.com"
43.130.34.74 - - [19/Jan/2026:11:20:01 +0300] "GET / HTTP/1.1" 200 35680 "http://eliteewallet.com" "Mozilla/5.0 (iPhone; CPU iPhone OS 13_2_3 like Mac OS X) AppleWebKit/605.1.15 (KHTML, like Gecko) Version/13.0.3 Mobile/15E148 Safari/604.1"
57.128.52.136 - - [19/Jan/2026:11:29:14 +0300] "POST /wp-cron.php?doing_wp_cron=1768811354.6265289783477783203125 HTTP/1.1" 200 0 "-" "WordPress/6.9; https://eliteewallet.com"
34.210.182.35 - - [19/Jan/2026:11:29:11 +0300] "HEAD / HTTP/2" 301 0 "-" "Opera/9.80 (Windows NT 6.1; U; ja) Presto/2.5.22 Version/10.50"
57.128.52.136 - - [19/Jan/2026:11:31:24 +0300] "POST /wp-cron.php?doing_wp_cron=1768811484.4888010025024414062500 HTTP/1.1" 200 0 "-" "WordPress/6.9; https://eliteewallet.com"
52.54.157.23 - - [19/Jan/2026:11:31:23 +0300] "GET /wp-json/oembed/1.0/embed?url=https://eliteewallet.com/check-off-loans/ HTTP/1.1" 200 1107 "-" "Mozilla/5.0 AppleWebKit/537.36 (KHTML, like Gecko; compatible; Amazonbot/0.1; +https://developer.amazon.com/support/amazonbot) Chrome/119.0.6045.214 Safari/537.36"
193.186.4.85 - - [19/Jan/2026:11:31:50 +0300] "GET / HTTP/2" 200 31103 "https://www.google.com/" "Mozilla/5.0 (Windows NT 10.0; Win64; x64) AppleWebKit/537.36 (KHTML, like Gecko) Chrome/143.0.0.0 Safari/537.36"
57.128.52.136 - - [19/Jan/2026:11:31:51 +0300] "POST /wp-cron.php?doing_wp_cron=1768811511.5448889732360839843750 HTTP/1.1" 200 0 "-" "WordPress/6.9; https://eliteewallet.com"
66.249.93.163 - - [19/Jan/2026:11:31:51 +0300] "GET /.well-known/traffic-advice HTTP/1.1" 404 13770 "-" "Chrome Privacy Preserving Prefetch Proxy"
